000
CDUS43 KUNR 150833
CLIUNR


CLIMATE REPORT
NATIONAL WEATHER SERVICE RAPID CITY SD
232 AM MDT TUE APR 15 2014


...................................

...THE EAST RAPID CITY SD CLIMATE SUMMARY FOR APRIL 14 2014...

CLIMATE NORMAL PERIOD 1981 TO 2010
CLIMATE RECORD PERIOD 1888 TO 2014


WEATHER ITEM   OBSERVED RECORD YEAR NORMAL DEPARTURE LAST
                VALUE   VALUE       VALUE  FROM      YEAR
                                           NORMAL
...........................................................
TEMPERATURE (F)
 YESTERDAY
  MAXIMUM         41     85    1942  55    -14       38
  MINIMUM         22     14    1928  33    -11       22
  AVERAGE         32                 44    -12       30

PRECIPITATION (IN)
  YESTERDAY        0.00   0.99 1927   0.06  -0.06      T
  MONTH TO DATE    0.65               0.77  -0.12     1.58
  SINCE MAR 1      1.78               1.76   0.02     2.27
  SINCE JAN 1      2.29               2.53  -0.24     2.95

SNOWFALL (IN)
  YESTERDAY        0.0                0.4   -0.4       T
  MONTH TO DATE    7.8                5.0    2.8     22.4
  SINCE MAR 1     22.2               16.8    5.4     34.2
  SINCE JUL 1     72.3               43.5   28.8     55.9
  SNOW DEPTH       0

DEGREE DAYS
 HEATING
  YESTERDAY       33                 21     12       35
  MONTH TO DATE  337                322     15      404
  SINCE MAR 1   1357               1230    127     1348
  SINCE JUL 1   6705               6184    521     5976

 COOLING
  YESTERDAY        0                  0      0        0
  MONTH TO DATE    0                  0      0        0
  SINCE MAR 1      0                  0      0        0
  SINCE JAN 1      0                  0      0        0
...........................................................


WIND (MPH)
  HIGHEST GUST SPEED    37   HIGHEST GUST DIRECTION     N (350)



WEATHER CONDITIONS
 THE FOLLOWING WEATHER WAS RECORDED YESTERDAY.
  NO SIGNIFICANT WEATHER WAS OBSERVED.


..........................................................


THE EAST RAPID CITY SD CLIMATE NORMALS FOR TODAY
                         NORMAL    RECORD    YEAR
 MAXIMUM TEMPERATURE (F)   56        84      2008
                                             1913
 MINIMUM TEMPERATURE (F)   34        17      2000


SUNRISE AND SUNSET
APRIL 15 2014.........SUNRISE   609 AM MDT   SUNSET   737 PM MDT
APRIL 16 2014.........SUNRISE   608 AM MDT   SUNSET   738 PM MDT


-  INDICATES NEGATIVE NUMBERS.
R  INDICATES RECORD WAS SET OR TIED.
MM INDICATES DATA IS MISSING.
T  INDICATES TRACE AMOUNT.




$$
