000
CDUS43 KUNR 220833
CLIUNR


CLIMATE REPORT
NATIONAL WEATHER SERVICE RAPID CITY SD
232 AM MDT THU JUN 22 2017


...................................

...THE EAST RAPID CITY SD CLIMATE SUMMARY FOR JUNE 21 2017...

CLIMATE NORMAL PERIOD 1981 TO 2010
CLIMATE RECORD PERIOD 1888 TO 2017


WEATHER ITEM   OBSERVED RECORD YEAR NORMAL DEPARTURE LAST
                VALUE   VALUE       VALUE  FROM      YEAR
                                           NORMAL
...........................................................
TEMPERATURE (F)
 YESTERDAY
  MAXIMUM         89     98    2016  78     11       98
  MINIMUM         61     35    1902  56      5       59
  AVERAGE         75                 67      8       79

PRECIPITATION (IN)
  YESTERDAY        0.00   2.80 1947   0.08  -0.08     0.00
  MONTH TO DATE    0.93               2.49  -1.56     0.52
  SINCE JUN 1      0.93               2.49  -1.56     0.52
  SINCE JAN 1      5.56              10.54  -4.98     5.06

SNOWFALL (IN)
  YESTERDAY        0.0    0.0  2002   0.0    0.0      0.0
                               2001
                               2000
  MONTH TO DATE    0.0                0.0    0.0      0.0
  SINCE JUN 1      0.0                0.0    0.0      0.0
  SINCE JUL 1     39.2               49.3  -10.1     41.6
  SNOW DEPTH       0

DEGREE DAYS
 HEATING
  YESTERDAY        0                  2     -2        0
  MONTH TO DATE    3                 76    -73        5
  SINCE JUN 1      3                 76    -73        5
  SINCE JUL 1   6179               6848   -669     5719

 COOLING
  YESTERDAY       10                  4      6       14
  MONTH TO DATE  121                 46     75      169
  SINCE JUN 1    121                 46     75      169
  SINCE JAN 1    134                 64     70      175
...........................................................


WIND (MPH)
  HIGHEST GUST SPEED    35   HIGHEST GUST DIRECTION     N (350)



WEATHER CONDITIONS
 THE FOLLOWING WEATHER WAS RECORDED YESTERDAY.
  NO SIGNIFICANT WEATHER WAS OBSERVED.


..........................................................


THE EAST RAPID CITY SD CLIMATE NORMALS FOR TODAY
                         NORMAL    RECORD    YEAR
 MAXIMUM TEMPERATURE (F)   78       101      1937
 MINIMUM TEMPERATURE (F)   56        45      1947


SUNRISE AND SUNSET
JUNE 22 2017..........SUNRISE   510 AM MDT   SUNSET   840 PM MDT
JUNE 23 2017..........SUNRISE   510 AM MDT   SUNSET   840 PM MDT


-  INDICATES NEGATIVE NUMBERS.
R  INDICATES RECORD WAS SET OR TIED.
MM INDICATES DATA IS MISSING.
T  INDICATES TRACE AMOUNT.




$$
