299
CDUS43 KUNR 160836
CLIUNR


CLIMATE REPORT
NATIONAL WEATHER SERVICE RAPID CITY SD
232 AM MDT SAT MAY 16 2015


...................................

...THE EAST RAPID CITY SD CLIMATE SUMMARY FOR MAY 15 2015...

CLIMATE NORMAL PERIOD 1981 TO 2010
CLIMATE RECORD PERIOD 1888 TO 2015


WEATHER ITEM   OBSERVED RECORD YEAR NORMAL DEPARTURE LAST
                VALUE   VALUE       VALUE  FROM      YEAR
                                           NORMAL
...........................................................
TEMPERATURE (F)
 YESTERDAY
  MAXIMUM         52     95    1936  66    -14       61
  MINIMUM         46     29    1945  45      1       38
  AVERAGE         49                 56     -7       50

PRECIPITATION (IN)
  YESTERDAY        1.44   2.10 1925   0.14   1.30     0.00
  MONTH TO DATE    4.04               1.81   2.23     0.83
  SINCE MAR 1      5.09               4.90   0.19     3.64
  SINCE JAN 1      5.64               5.67  -0.03     4.15

SNOWFALL (IN)
  YESTERDAY        0.0    0.0  2002   0.0    0.0      0.0
                               2001
                               1945
  MONTH TO DATE   13.6                1.6   12.0      0.6
  SINCE MAR 1     15.0               22.2   -7.2     23.4
  SINCE JUL 1     50.7               48.9    1.8     73.5
  SNOW DEPTH       0

DEGREE DAYS
 HEATING
  YESTERDAY       16                 10      6       15
  MONTH TO DATE  211                183     28      259
  SINCE MAR 1   1350               1695   -345     1884
  SINCE JUL 1   6046               6649   -603     7232

 COOLING
  YESTERDAY        0                  0      0        0
  MONTH TO DATE    2                  0      2        0
  SINCE MAR 1      8                  1      7        0
  SINCE JAN 1      8                  1      7        0
...........................................................


WIND (MPH)
  HIGHEST GUST SPEED    29   HIGHEST GUST DIRECTION     N (20)



WEATHER CONDITIONS
 THE FOLLOWING WEATHER WAS RECORDED YESTERDAY.
  THUNDERSTORM
  HEAVY RAIN
  RAIN
  LIGHT RAIN
  FOG
  FOG W/VISIBILITY <= 1/4 MILE


..........................................................


THE EAST RAPID CITY SD CLIMATE NORMALS FOR TODAY
                         NORMAL    RECORD    YEAR
 MAXIMUM TEMPERATURE (F)   66        90      2012
                                             1934
 MINIMUM TEMPERATURE (F)   45        32      2009
                                             1942


SUNRISE AND SUNSET
MAY 16 2015...........SUNRISE   526 AM MDT   SUNSET   813 PM MDT
MAY 17 2015...........SUNRISE   525 AM MDT   SUNSET   814 PM MDT


-  INDICATES NEGATIVE NUMBERS.
R  INDICATES RECORD WAS SET OR TIED.
MM INDICATES DATA IS MISSING.
T  INDICATES TRACE AMOUNT.




$$
