000
CDUS43 KUNR 111837
CLIUNR


CLIMATE REPORT
NATIONAL WEATHER SERVICE RAPID CITY SD
1236 PM MDT WED OCT 11 2017


...................................

...THE EAST RAPID CITY SD CLIMATE SUMMARY FOR OCTOBER 11 2017...
VALID AS OF 1100 AM LOCAL TIME.

CLIMATE NORMAL PERIOD 1981 TO 2010
CLIMATE RECORD PERIOD 1888 TO 2017


WEATHER ITEM   OBSERVED RECORD YEAR NORMAL DEPARTURE LAST
                VALUE   VALUE       VALUE  FROM      YEAR
                                           NORMAL
...........................................................
TEMPERATURE (F)
 TODAY
  MAXIMUM         66     88    1910  61      5       41
  MINIMUM         38     17    2009  39     -1       30
  AVERAGE         52                 50      2       36

PRECIPITATION (IN)
  TODAY            0.00   0.87 1899   0.05  -0.05      T
  MONTH TO DATE    0.67               0.59   0.08     0.27
  SINCE SEP 1      2.29               2.13   0.16     1.14
  SINCE JAN 1     12.26              17.81  -5.55    12.44

SNOWFALL (IN)
  TODAY            0.0    1.4  2009   0.0    0.0       T
  MONTH TO DATE    0.0                0.3   -0.3       T
  SINCE SEP 1      0.0                0.4   -0.4       T
  SINCE JUL 1      0.0                0.4   -0.4       T
  SNOW DEPTH       0

DEGREE DAYS
 HEATING
  TODAY           13                 15     -2       29
  MONTH TO DATE  170                147     23      137
  SINCE SEP 1    352                326     26      236
  SINCE JUL 1    357                356      1      261

 COOLING
  TODAY            0                  0      0        0
  MONTH TO DATE    0                  0      0        2
  SINCE SEP 1    113                 66     47       49
  SINCE JAN 1    850                661    189      809
...........................................................





WEATHER CONDITIONS
 THE FOLLOWING WEATHER WAS RECORDED TODAY.
  NO SIGNIFICANT WEATHER WAS OBSERVED.


..........................................................


THE EAST RAPID CITY SD CLIMATE NORMALS FOR TOMORROW
                         NORMAL    RECORD    YEAR
 MAXIMUM TEMPERATURE (F)   61        88      1956
 MINIMUM TEMPERATURE (F)   39        14      1909


SUNRISE AND SUNSET
OCTOBER 11 2017.......SUNRISE   703 AM MDT   SUNSET   615 PM MDT
OCTOBER 12 2017.......SUNRISE   704 AM MDT   SUNSET   614 PM MDT


-  INDICATES NEGATIVE NUMBERS.
R  INDICATES RECORD WAS SET OR TIED.
MM INDICATES DATA IS MISSING.
T  INDICATES TRACE AMOUNT.




$$
