000
CDUS43 KUNR 150051
CLIUNR


CLIMATE REPORT
NATIONAL WEATHER SERVICE RAPID CITY SD
550 PM MST TUE NOV 14 2017


...................................

...THE EAST RAPID CITY SD CLIMATE SUMMARY FOR NOVEMBER 14 2017...
VALID TODAY AS OF 0500 PM LOCAL TIME.

CLIMATE NORMAL PERIOD 1981 TO 2010
CLIMATE RECORD PERIOD 1888 TO 2017


WEATHER ITEM   OBSERVED RECORD YEAR NORMAL DEPARTURE LAST
                VALUE   VALUE       VALUE  FROM      YEAR
                                           NORMAL
...........................................................
TEMPERATURE (F)
 TODAY
  MAXIMUM         57     79    1894  47     10       66
  MINIMUM         44    -15    1959  28     16       43
  AVERAGE         51                 37     14       55

PRECIPITATION (IN)
  TODAY            T      0.67 1956   0.02  -0.02     0.00
  MONTH TO DATE    0.08               0.42  -0.34     0.00
  SINCE SEP 1      2.45               3.61  -1.16     1.43
  SINCE JAN 1     12.42              19.29  -6.87    12.73

SNOWFALL (IN)
  TODAY            0.0    7.1  1927   0.3   -0.3      0.0
  MONTH TO DATE    0.9                3.1   -2.2      0.0
  SINCE SEP 1      0.9                5.5   -4.6       T
  SINCE JUL 1      0.9                5.5   -4.6       T
  SNOW DEPTH       0

DEGREE DAYS
 HEATING
  TODAY           14                 28    -14       10
  MONTH TO DATE  421                348     73      125
  SINCE SEP 1   1048               1047      1      566
  SINCE JUL 1   1053               1077    -24      591

 COOLING
  TODAY            0                  0      0        0
  MONTH TO DATE    0                  0      0        0
  SINCE SEP 1    117                 70     47       53
  SINCE JAN 1    854                665    189      813
...........................................................





WEATHER CONDITIONS
 THE FOLLOWING WEATHER WAS RECORDED TODAY.
  NO SIGNIFICANT WEATHER WAS OBSERVED.


..........................................................


THE EAST RAPID CITY SD CLIMATE NORMALS FOR TOMORROW
                         NORMAL    RECORD    YEAR
 MAXIMUM TEMPERATURE (F)   46        73      1953
 MINIMUM TEMPERATURE (F)   28        -7      1955


SUNRISE AND SUNSET
NOVEMBER 14 2017......SUNRISE   647 AM MST   SUNSET   427 PM MST
NOVEMBER 15 2017......SUNRISE   648 AM MST   SUNSET   426 PM MST


-  INDICATES NEGATIVE NUMBERS.
R  INDICATES RECORD WAS SET OR TIED.
MM INDICATES DATA IS MISSING.
T  INDICATES TRACE AMOUNT.




$$
