590
CDUS43 KUNR 271952
CLIUNR


CLIMATE REPORT
NATIONAL WEATHER SERVICE RAPID CITY SD
152 PM MDT WED APR 27 2016


...................................

...THE EAST RAPID CITY SD CLIMATE SUMMARY FOR APRIL 27 2016...
VALID AS OF 1100 AM LOCAL TIME.

CLIMATE NORMAL PERIOD 1981 TO 2010
CLIMATE RECORD PERIOD 1888 TO 2016


WEATHER ITEM   OBSERVED RECORD YEAR NORMAL DEPARTURE LAST
                VALUE   VALUE       VALUE  FROM      YEAR
                                           NORMAL
...........................................................
TEMPERATURE (F)
 TODAY
  MAXIMUM         36     89    1910  60    -24       47
  MINIMUM         32     18    1956  38     -6       40
  AVERAGE         34                 49    -15       44

PRECIPITATION (IN)
  TODAY            0.09   1.87 1963   0.10  -0.01     0.12
  MONTH TO DATE    1.05               1.81  -0.76     0.95
  SINCE MAR 1      2.10               2.80  -0.70     1.05
  SINCE JAN 1      2.91               3.57  -0.66     1.60

SNOWFALL (IN)
  TODAY            T      5.0  1969   0.2   -0.2      0.0
  MONTH TO DATE    3.0                8.2   -5.2       T
  SINCE MAR 1     10.9               20.0   -9.1      1.4
  SINCE JUL 1     40.8               46.7   -5.9     37.1
  SNOW DEPTH       0

DEGREE DAYS
 HEATING
  TODAY           31                 16     15       21
  MONTH TO DATE  433                558   -125      481
  SINCE MAR 1   1118               1466   -348     1106
  SINCE JUL 1   5367               6420  -1053     5802

 COOLING
  TODAY            0                  0      0        0
  MONTH TO DATE    2                  0      2        0
  SINCE MAR 1      2                  0      2        6
  SINCE JAN 1      2                  0      2        6
...........................................................





WEATHER CONDITIONS
 THE FOLLOWING WEATHER WAS RECORDED TODAY.
  LIGHT RAIN
  LIGHT SNOW
  FOG


..........................................................


THE EAST RAPID CITY SD CLIMATE NORMALS FOR TOMORROW
                         NORMAL    RECORD    YEAR
 MAXIMUM TEMPERATURE (F)   60        90      1910
 MINIMUM TEMPERATURE (F)   39        20      1956


SUNRISE AND SUNSET
APRIL 27 2016.........SUNRISE   549 AM MDT   SUNSET   752 PM MDT
APRIL 28 2016.........SUNRISE   548 AM MDT   SUNSET   753 PM MDT


-  INDICATES NEGATIVE NUMBERS.
R  INDICATES RECORD WAS SET OR TIED.
MM INDICATES DATA IS MISSING.
T  INDICATES TRACE AMOUNT.




$$
