000
CDUS43 KUNR 120834
CLIUNR


CLIMATE REPORT
NATIONAL WEATHER SERVICE RAPID CITY SD
232 AM MDT SAT APR 12 2014


...................................

...THE EAST RAPID CITY SD CLIMATE SUMMARY FOR APRIL 11 2014...

CLIMATE NORMAL PERIOD 1981 TO 2010
CLIMATE RECORD PERIOD 1888 TO 2014


WEATHER ITEM   OBSERVED RECORD YEAR NORMAL DEPARTURE LAST
                VALUE   VALUE       VALUE  FROM      YEAR
                                           NORMAL
...........................................................
TEMPERATURE (F)
 YESTERDAY
  MAXIMUM         72     80    1968  54     18       32
  MINIMUM         43      7    1940  32     11       17
  AVERAGE         58                 43     15       25

PRECIPITATION (IN)
  YESTERDAY        0.00   0.87 1889   0.07  -0.07      T
  MONTH TO DATE    0.61               0.57   0.04     1.58
  SINCE MAR 1      1.74               1.56   0.18     2.27
  SINCE JAN 1      2.25               2.33  -0.08     2.95

SNOWFALL (IN)
  YESTERDAY        0.0                0.4   -0.4       T
  MONTH TO DATE    7.6                3.9    3.7     22.4
  SINCE MAR 1     22.0               15.7    6.3     34.2
  SINCE JUL 1     72.1               42.4   29.7     55.9
  SNOW DEPTH       0

DEGREE DAYS
 HEATING
  YESTERDAY        7                 22    -15       40
  MONTH TO DATE  247                258    -11      301
  SINCE MAR 1   1267               1166    101     1245
  SINCE JUL 1   6615               6120    495     5873

 COOLING
  YESTERDAY        0                  0      0        0
  MONTH TO DATE    0                  0      0        0
  SINCE MAR 1      0                  0      0        0
  SINCE JAN 1      0                  0      0        0
...........................................................


WIND (MPH)
  HIGHEST GUST SPEED    44   HIGHEST GUST DIRECTION     S (180)



WEATHER CONDITIONS
 THE FOLLOWING WEATHER WAS RECORDED YESTERDAY.
  NO SIGNIFICANT WEATHER WAS OBSERVED.


..........................................................


THE EAST RAPID CITY SD CLIMATE NORMALS FOR TODAY
                         NORMAL    RECORD    YEAR
 MAXIMUM TEMPERATURE (F)   54        83      2003
 MINIMUM TEMPERATURE (F)   33         7      1940


SUNRISE AND SUNSET
APRIL 12 2014.........SUNRISE   615 AM MDT   SUNSET   733 PM MDT
APRIL 13 2014.........SUNRISE   613 AM MDT   SUNSET   735 PM MDT


-  INDICATES NEGATIVE NUMBERS.
R  INDICATES RECORD WAS SET OR TIED.
MM INDICATES DATA IS MISSING.
T  INDICATES TRACE AMOUNT.




$$
