146
CDUS43 KUNR 200047
CLIUNR


CLIMATE REPORT
NATIONAL WEATHER SERVICE RAPID CITY SD
647 PM MDT FRI AUG 19 2016


...................................

...THE EAST RAPID CITY SD CLIMATE SUMMARY FOR AUGUST 19 2016...
VALID TODAY AS OF 0500 PM LOCAL TIME.

CLIMATE NORMAL PERIOD 1981 TO 2010
CLIMATE RECORD PERIOD 1888 TO 2016


WEATHER ITEM   OBSERVED RECORD YEAR NORMAL DEPARTURE LAST
                VALUE   VALUE       VALUE  FROM      YEAR
                                           NORMAL
...........................................................
TEMPERATURE (F)
 TODAY
  MAXIMUM         61    100    1948  84    -23       70
  MINIMUM         51     46    1908  60     -9       52
  AVERAGE         56                 72    -16       61

PRECIPITATION (IN)
  TODAY            0.23   1.30 1915   0.05   0.18     0.00
  MONTH TO DATE    2.14               1.36   0.78     1.51
  SINCE JUN 1      5.58               7.02  -1.44    12.00
  SINCE JAN 1     10.12              15.07  -4.95    21.36

SNOWFALL (IN)
  TODAY            0.0    0.0  2002   0.0    0.0      0.0
                               2001
                               2000
  MONTH TO DATE    0.0                0.0    0.0      0.0
  SINCE JUN 1      0.0                0.0    0.0      0.0
  SINCE JUL 1      0.0                0.0    0.0      0.0
  SNOW DEPTH       0

DEGREE DAYS
 HEATING
  TODAY            9                  0      9        4
  MONTH TO DATE    9                  0      9       20
  SINCE JUN 1     15                100    -85       54
  SINCE JUL 1     10                 12     -2       21

 COOLING
  TODAY            0                  7     -7        0
  MONTH TO DATE  165                156      9      163
  SINCE JUN 1    695                507    188      493
  SINCE JAN 1    701                525    176      501
...........................................................





WEATHER CONDITIONS
 THE FOLLOWING WEATHER WAS RECORDED TODAY.
  LIGHT RAIN


..........................................................


THE EAST RAPID CITY SD CLIMATE NORMALS FOR TOMORROW
                         NORMAL    RECORD    YEAR
 MAXIMUM TEMPERATURE (F)   83       102      1898
 MINIMUM TEMPERATURE (F)   59        43      1964


SUNRISE AND SUNSET
AUGUST 19 2016........SUNRISE   602 AM MDT   SUNSET   750 PM MDT
AUGUST 20 2016........SUNRISE   603 AM MDT   SUNSET   748 PM MDT


-  INDICATES NEGATIVE NUMBERS.
R  INDICATES RECORD WAS SET OR TIED.
MM INDICATES DATA IS MISSING.
T  INDICATES TRACE AMOUNT.




$$
