000
CDUS43 KUNR 220036
CLIUNR


CLIMATE REPORT
NATIONAL WEATHER SERVICE RAPID CITY SD
636 PM MDT SUN AUG 21 2016


...................................

...THE EAST RAPID CITY SD CLIMATE SUMMARY FOR AUGUST 21 2016...
VALID TODAY AS OF 0500 PM LOCAL TIME.

CLIMATE NORMAL PERIOD 1981 TO 2010
CLIMATE RECORD PERIOD 1888 TO 2016


WEATHER ITEM   OBSERVED RECORD YEAR NORMAL DEPARTURE LAST
                VALUE   VALUE       VALUE  FROM      YEAR
                                           NORMAL
...........................................................
TEMPERATURE (F)
 TODAY
  MAXIMUM         85     99    1898  83      2       86
  MINIMUM         56     45    1964  59     -3       60
  AVERAGE         71                 71      0       73

PRECIPITATION (IN)
  TODAY            0.00   0.60 1964   0.05  -0.05     0.00
  MONTH TO DATE    2.15               1.47   0.68     1.51
  SINCE JUN 1      5.59               7.13  -1.54    12.00
  SINCE JAN 1     10.13              15.18  -5.05    21.36

SNOWFALL (IN)
  TODAY            0.0    0.0  2002   0.0    0.0      0.0
                               2001
                               2000
  MONTH TO DATE    0.0                0.0    0.0      0.0
  SINCE JUN 1      0.0                0.0    0.0      0.0
  SINCE JUL 1      0.0                0.0    0.0      0.0
  SNOW DEPTH       0

DEGREE DAYS
 HEATING
  TODAY            0                  1     -1        0
  MONTH TO DATE   14                  1     13       20
  SINCE JUN 1     20                101    -81       54
  SINCE JUL 1     15                 13      2       21

 COOLING
  TODAY            6                  7     -1        8
  MONTH TO DATE  171                170      1      174
  SINCE JUN 1    701                521    180      504
  SINCE JAN 1    707                539    168      512
...........................................................





WEATHER CONDITIONS
 THE FOLLOWING WEATHER WAS RECORDED TODAY.
  NO SIGNIFICANT WEATHER WAS OBSERVED.


..........................................................


THE EAST RAPID CITY SD CLIMATE NORMALS FOR TOMORROW
                         NORMAL    RECORD    YEAR
 MAXIMUM TEMPERATURE (F)   83       102      1960
 MINIMUM TEMPERATURE (F)   59        41      1966


SUNRISE AND SUNSET
AUGUST 21 2016........SUNRISE   604 AM MDT   SUNSET   747 PM MDT
AUGUST 22 2016........SUNRISE   605 AM MDT   SUNSET   745 PM MDT


-  INDICATES NEGATIVE NUMBERS.
R  INDICATES RECORD WAS SET OR TIED.
MM INDICATES DATA IS MISSING.
T  INDICATES TRACE AMOUNT.




$$
