000
CDUS43 KUNR 130832
CLIUNR


CLIMATE REPORT
NATIONAL WEATHER SERVICE RAPID CITY SD
131 AM MST WED DEC 13 2017


...................................

...THE EAST RAPID CITY SD CLIMATE SUMMARY FOR DECEMBER 12 2017...

CLIMATE NORMAL PERIOD 1981 TO 2010
CLIMATE RECORD PERIOD 1888 TO 2017


WEATHER ITEM   OBSERVED RECORD YEAR NORMAL DEPARTURE LAST
                VALUE   VALUE       VALUE  FROM      YEAR
                                           NORMAL
...........................................................
TEMPERATURE (F)
 YESTERDAY
  MAXIMUM         60     69    1924  36     24       30
  MINIMUM         23    -21    1917  18      5        2
  AVERAGE         42                 27     15       16

PRECIPITATION (IN)
  YESTERDAY        0.00   0.49 1937   0.01  -0.01      T
  MONTH TO DATE    0.08               0.11  -0.03     0.01
  SINCE DEC 1      0.08               0.11  -0.03     0.01
  SINCE JAN 1     12.65              19.58  -6.93    12.96

SNOWFALL (IN)
  YESTERDAY        0.0    3.6  1899   0.1   -0.1       T
  MONTH TO DATE    1.9                2.0   -0.1      0.4
  SINCE DEC 1      1.9                2.0   -0.1      0.4
  SINCE JUL 1      3.0               10.6   -7.6      4.1
  SNOW DEPTH       0

DEGREE DAYS
 HEATING
  YESTERDAY       23                 38    -15       49
  MONTH TO DATE  304                439   -135      566
  SINCE DEC 1    304                439   -135      566
  SINCE JUL 1   1684               2019   -335     1597

 COOLING
  YESTERDAY        0                  0      0        0
  MONTH TO DATE    0                  0      0        0
  SINCE DEC 1      0                  0      0        0
  SINCE JAN 1    854                665    189      813
...........................................................


WIND (MPH)
  HIGHEST GUST SPEED    53   HIGHEST GUST DIRECTION    NW (310)



WEATHER CONDITIONS
 THE FOLLOWING WEATHER WAS RECORDED YESTERDAY.
  NO SIGNIFICANT WEATHER WAS OBSERVED.


..........................................................


THE EAST RAPID CITY SD CLIMATE NORMALS FOR TODAY
                         NORMAL    RECORD    YEAR
 MAXIMUM TEMPERATURE (F)   36        63      1921
 MINIMUM TEMPERATURE (F)   18       -19      1916


SUNRISE AND SUNSET
DECEMBER 13 2017......SUNRISE   720 AM MST   SUNSET   415 PM MST
DECEMBER 14 2017......SUNRISE   720 AM MST   SUNSET   415 PM MST


-  INDICATES NEGATIVE NUMBERS.
R  INDICATES RECORD WAS SET OR TIED.
MM INDICATES DATA IS MISSING.
T  INDICATES TRACE AMOUNT.




$$
