000
CDUS43 KUNR 130833
CLIUNR


CLIMATE REPORT
NATIONAL WEATHER SERVICE RAPID CITY SD
233 AM MDT FRI OCT 13 2017


...................................

...THE EAST RAPID CITY SD CLIMATE SUMMARY FOR OCTOBER 12 2017...

CLIMATE NORMAL PERIOD 1981 TO 2010
CLIMATE RECORD PERIOD 1888 TO 2017


WEATHER ITEM   OBSERVED RECORD YEAR NORMAL DEPARTURE LAST
                VALUE   VALUE       VALUE  FROM      YEAR
                                           NORMAL
...........................................................
TEMPERATURE (F)
 YESTERDAY
  MAXIMUM         58     88    1956  61     -3       51
  MINIMUM         39     14    1909  39      0       24
  AVERAGE         49                 50     -1       38

PRECIPITATION (IN)
  YESTERDAY        0.00   0.51 1892   0.05  -0.05     0.00
  MONTH TO DATE    0.67               0.64   0.03     0.27
  SINCE SEP 1      2.29               2.18   0.11     1.14
  SINCE JAN 1     12.26              17.86  -5.60    12.44

SNOWFALL (IN)
  YESTERDAY        0.0    5.0  1969   0.0    0.0      0.0
  MONTH TO DATE    0.0                0.3   -0.3       T
  SINCE SEP 1      0.0                0.4   -0.4       T
  SINCE JUL 1      0.0                0.4   -0.4       T
  SNOW DEPTH       0

DEGREE DAYS
 HEATING
  YESTERDAY       16                 16      0       27
  MONTH TO DATE  182                163     19      164
  SINCE SEP 1    364                342     22      263
  SINCE JUL 1    369                372     -3      288

 COOLING
  YESTERDAY        0                  0      0        0
  MONTH TO DATE    0                  0      0        2
  SINCE SEP 1    113                 66     47       49
  SINCE JAN 1    850                661    189      809
...........................................................


WIND (MPH)
  HIGHEST GUST SPEED    39   HIGHEST GUST DIRECTION     N (360)



WEATHER CONDITIONS
 THE FOLLOWING WEATHER WAS RECORDED YESTERDAY.
  NO SIGNIFICANT WEATHER WAS OBSERVED.


..........................................................


THE EAST RAPID CITY SD CLIMATE NORMALS FOR TODAY
                         NORMAL    RECORD    YEAR
 MAXIMUM TEMPERATURE (F)   60        87      1958
 MINIMUM TEMPERATURE (F)   38        20      1969


SUNRISE AND SUNSET
OCTOBER 13 2017.......SUNRISE   705 AM MDT   SUNSET   612 PM MDT
OCTOBER 14 2017.......SUNRISE   707 AM MDT   SUNSET   610 PM MDT


-  INDICATES NEGATIVE NUMBERS.
R  INDICATES RECORD WAS SET OR TIED.
MM INDICATES DATA IS MISSING.
T  INDICATES TRACE AMOUNT.




$$
