000
CDUS43 KUNR 270832
CLIUNR


CLIMATE REPORT
NATIONAL WEATHER SERVICE RAPID CITY SD
231 AM MDT WED AUG 27 2014


...................................

...THE EAST RAPID CITY SD CLIMATE SUMMARY FOR AUGUST 26 2014...

CLIMATE NORMAL PERIOD 1981 TO 2010
CLIMATE RECORD PERIOD 1888 TO 2014


WEATHER ITEM   OBSERVED RECORD YEAR NORMAL DEPARTURE LAST
                VALUE   VALUE       VALUE  FROM      YEAR
                                           NORMAL
...........................................................
TEMPERATURE (F)
 YESTERDAY
  MAXIMUM         74    103    1926  82     -8       97
  MINIMUM         52     39    1910  58     -6       74
  AVERAGE         63                 70     -7       86

PRECIPITATION (IN)
  YESTERDAY        T      1.37 1933   0.05  -0.05     0.00
  MONTH TO DATE    3.41               1.72   1.69     1.88
  SINCE JUN 1     10.88               7.38   3.50     5.87
  SINCE JAN 1     16.06              15.43   0.63    14.59

SNOWFALL (IN)
  YESTERDAY        0.0                0.0    0.0      0.0
  MONTH TO DATE    0.0                0.0    0.0      0.0
  SINCE JUN 1      0.0                0.0    0.0      0.0
  SINCE JUL 1      0.0                0.0    0.0      0.0
  SNOW DEPTH       0

DEGREE DAYS
 HEATING
  YESTERDAY        2                  1      1        0
  MONTH TO DATE   10                  6      4        0
  SINCE JUN 1    129                106     23       64
  SINCE JUL 1     21                 18      3        6

 COOLING
  YESTERDAY        0                  6     -6       21
  MONTH TO DATE  159                200    -41      211
  SINCE JUN 1    396                551   -155      584
  SINCE JAN 1    424                569   -145      608
...........................................................


WIND (MPH)
  HIGHEST GUST SPEED    26   HIGHEST GUST DIRECTION    SE (140)



WEATHER CONDITIONS
 THE FOLLOWING WEATHER WAS RECORDED YESTERDAY.
  LIGHT RAIN


..........................................................


THE EAST RAPID CITY SD CLIMATE NORMALS FOR TODAY
                         NORMAL    RECORD    YEAR
 MAXIMUM TEMPERATURE (F)   81       102      1937
 MINIMUM TEMPERATURE (F)   58        39      1911


SUNRISE AND SUNSET
AUGUST 27 2014........SUNRISE   610 AM MDT   SUNSET   737 PM MDT
AUGUST 28 2014........SUNRISE   611 AM MDT   SUNSET   736 PM MDT


-  INDICATES NEGATIVE NUMBERS.
R  INDICATES RECORD WAS SET OR TIED.
MM INDICATES DATA IS MISSING.
T  INDICATES TRACE AMOUNT.




$$
