000
CDUS43 KUNR 161832
CLIUNR


CLIMATE REPORT
NATIONAL WEATHER SERVICE RAPID CITY SD
1232 PM MDT SAT JUL 16 2016


...................................

...THE EAST RAPID CITY SD CLIMATE SUMMARY FOR JULY 16 2016...
VALID AS OF 1100 AM LOCAL TIME.

CLIMATE NORMAL PERIOD 1981 TO 2010
CLIMATE RECORD PERIOD 1888 TO 2016


WEATHER ITEM   OBSERVED RECORD YEAR NORMAL DEPARTURE LAST
                VALUE   VALUE       VALUE  FROM      YEAR
                                           NORMAL
...........................................................
TEMPERATURE (F)
 TODAY
  MAXIMUM         79    105    2005  85     -6       82
  MINIMUM         58     48    1950  62     -4       63
  AVERAGE         69                 74     -5       73

PRECIPITATION (IN)
  TODAY            0.00   1.19 1915   0.08  -0.08     0.00
  MONTH TO DATE    1.69               1.17   0.52     2.09
  SINCE JUN 1      2.27               4.33  -2.06     8.96
  SINCE JAN 1      6.81              12.38  -5.57    18.32

SNOWFALL (IN)
  TODAY            0.0    0.0  2002   0.0    0.0      0.0
                               2001
                               2000
  MONTH TO DATE    0.0                0.0    0.0      0.0
  SINCE JUN 1      0.0                0.0    0.0      0.0
  SINCE JUL 1      0.0                0.0    0.0      0.0
  SNOW DEPTH       0

DEGREE DAYS
 HEATING
  TODAY            0                  0      0        0
  MONTH TO DATE    1                  6     -5        1
  SINCE JUN 1      6                 94    -88       34
  SINCE JUL 1      1                  6     -5        1

 COOLING
  TODAY            4                  9     -5        8
  MONTH TO DATE  111                122    -11      107
  SINCE JUN 1    356                213    143      214
  SINCE JAN 1    362                231    131      222
...........................................................





WEATHER CONDITIONS
 THE FOLLOWING WEATHER WAS RECORDED TODAY.
  THUNDERSTORM


..........................................................


THE EAST RAPID CITY SD CLIMATE NORMALS FOR TOMORROW
                         NORMAL    RECORD    YEAR
 MAXIMUM TEMPERATURE (F)   85       101      1966
 MINIMUM TEMPERATURE (F)   62        48      1906


SUNRISE AND SUNSET
JULY 16 2016..........SUNRISE   525 AM MDT   SUNSET   832 PM MDT
JULY 17 2016..........SUNRISE   526 AM MDT   SUNSET   832 PM MDT


-  INDICATES NEGATIVE NUMBERS.
R  INDICATES RECORD WAS SET OR TIED.
MM INDICATES DATA IS MISSING.
T  INDICATES TRACE AMOUNT.




$$
