000
CDUS43 KUNR 110834
CLIUNR


CLIMATE REPORT
NATIONAL WEATHER SERVICE RAPID CITY SD
234 AM MDT FRI APR 11 2014


...................................

...THE EAST RAPID CITY SD CLIMATE SUMMARY FOR APRIL 10 2014...

CLIMATE NORMAL PERIOD 1981 TO 2010
CLIMATE RECORD PERIOD 1888 TO 2014


WEATHER ITEM   OBSERVED RECORD YEAR NORMAL DEPARTURE LAST
                VALUE   VALUE       VALUE  FROM      YEAR
                                           NORMAL
...........................................................
TEMPERATURE (F)
 YESTERDAY
  MAXIMUM         60     85    1996  54      6       25
  MINIMUM         43     10    1997  32     11       15
  AVERAGE         52                 43      9       20

PRECIPITATION (IN)
  YESTERDAY        T      1.26 1963   0.06  -0.06     0.22
  MONTH TO DATE    0.61               0.50   0.11     1.58
  SINCE MAR 1      1.74               1.49   0.25     2.27
  SINCE JAN 1      2.25               2.26  -0.01     2.95

SNOWFALL (IN)
  YESTERDAY        0.0                0.3   -0.3      3.8
  MONTH TO DATE    7.6                3.5    4.1     22.4
  SINCE MAR 1     22.0               15.3    6.7     34.2
  SINCE JUL 1     72.1               42.0   30.1     55.9
  SNOW DEPTH       0

DEGREE DAYS
 HEATING
  YESTERDAY       13                 22     -9       45
  MONTH TO DATE  240                236      4      261
  SINCE MAR 1   1260               1144    116     1205
  SINCE JUL 1   6608               6098    510     5833

 COOLING
  YESTERDAY        0                  0      0        0
  MONTH TO DATE    0                  0      0        0
  SINCE MAR 1      0                  0      0        0
  SINCE JAN 1      0                  0      0        0
...........................................................


WIND (MPH)
  HIGHEST GUST SPEED    22   HIGHEST GUST DIRECTION    SE (120)



WEATHER CONDITIONS
 THE FOLLOWING WEATHER WAS RECORDED YESTERDAY.
  LIGHT RAIN


..........................................................


THE EAST RAPID CITY SD CLIMATE NORMALS FOR TODAY
                         NORMAL    RECORD    YEAR
 MAXIMUM TEMPERATURE (F)   54        80      1968
 MINIMUM TEMPERATURE (F)   32         7      1940


SUNRISE AND SUNSET
APRIL 11 2014.........SUNRISE   616 AM MDT   SUNSET   732 PM MDT
APRIL 12 2014.........SUNRISE   615 AM MDT   SUNSET   733 PM MDT


-  INDICATES NEGATIVE NUMBERS.
R  INDICATES RECORD WAS SET OR TIED.
MM INDICATES DATA IS MISSING.
T  INDICATES TRACE AMOUNT.




$$
