000
CDUS43 KUNR 160036
CLIUNR


CLIMATE REPORT
NATIONAL WEATHER SERVICE RAPID CITY SD
636 PM MDT TUE AUG 15 2017


...................................

...THE EAST RAPID CITY SD CLIMATE SUMMARY FOR AUGUST 15 2017...
VALID TODAY AS OF 0500 PM LOCAL TIME.

CLIMATE NORMAL PERIOD 1981 TO 2010
CLIMATE RECORD PERIOD 1888 TO 2017


WEATHER ITEM   OBSERVED RECORD YEAR NORMAL DEPARTURE LAST
                VALUE   VALUE       VALUE  FROM      YEAR
                                           NORMAL
...........................................................
TEMPERATURE (F)
 TODAY
  MAXIMUM         73    103    1929  84    -11       84
  MINIMUM         60     47    1959  60      0       61
  AVERAGE         67                 72     -5       73

PRECIPITATION (IN)
  TODAY            0.07   1.63 1888   0.07   0.00     0.01
  MONTH TO DATE    2.39               1.13   1.26     1.78
  SINCE JUN 1      5.16               6.79  -1.63     5.22
  SINCE JAN 1      9.79              14.84  -5.05     9.76

SNOWFALL (IN)
  TODAY            0.0    0.0  2002   0.0    0.0      0.0
                               2001
                               1949
  MONTH TO DATE    0.0                0.0    0.0      0.0
  SINCE JUN 1      0.0                0.0    0.0      0.0
  SINCE JUL 1      0.0                0.0    0.0      0.0
  SNOW DEPTH       0

DEGREE DAYS
 HEATING
  TODAY            0                  0      0        0
  MONTH TO DATE    5                  0      5        0
  SINCE JUN 1     17                100    -83        6
  SINCE JUL 1      5                 12     -7        1

 COOLING
  TODAY            2                  8     -6        8
  MONTH TO DATE   41                128    -87      136
  SINCE JUN 1    607                479    128      666
  SINCE JAN 1    620                497    123      672
...........................................................





WEATHER CONDITIONS
 THE FOLLOWING WEATHER WAS RECORDED TODAY.
  LIGHT RAIN


..........................................................


THE EAST RAPID CITY SD CLIMATE NORMALS FOR TOMORROW
                         NORMAL    RECORD    YEAR
 MAXIMUM TEMPERATURE (F)   84        98      1955
 MINIMUM TEMPERATURE (F)   60        47      2002


SUNRISE AND SUNSET
AUGUST 15 2017........SUNRISE   557 AM MDT   SUNSET   757 PM MDT
AUGUST 16 2017........SUNRISE   558 AM MDT   SUNSET   755 PM MDT


-  INDICATES NEGATIVE NUMBERS.
R  INDICATES RECORD WAS SET OR TIED.
MM INDICATES DATA IS MISSING.
T  INDICATES TRACE AMOUNT.




$$
