000
CDUS43 KUNR 250040
CLIUNR


CLIMATE REPORT
NATIONAL WEATHER SERVICE RAPID CITY SD
639 PM MDT TUE MAR 24 2015


...................................

...THE EAST RAPID CITY SD CLIMATE SUMMARY FOR MARCH 24 2015...
VALID TODAY AS OF 0500 PM LOCAL TIME.

CLIMATE NORMAL PERIOD 1981 TO 2010
CLIMATE RECORD PERIOD 1888 TO 2015


WEATHER ITEM   OBSERVED RECORD YEAR NORMAL DEPARTURE LAST
                VALUE   VALUE       VALUE  FROM      YEAR
                                           NORMAL
...........................................................
TEMPERATURE (F)
 TODAY
  MAXIMUM         57     77    1939  49      8       30
  MINIMUM         42     -3    1965  27     15       19
  AVERAGE         50                 38     12       25

PRECIPITATION (IN)
  TODAY            0.00   0.46 1902   0.05  -0.05     0.02
  MONTH TO DATE    0.10               0.69  -0.59     0.92
  SINCE MAR 1      0.10               0.69  -0.59     0.92
  SINCE JAN 1      0.65               1.46  -0.81     1.43

SNOWFALL (IN)
  TODAY            0.0   10.2  1937   0.4   -0.4      0.4
  MONTH TO DATE    1.4                9.0   -7.6     12.0
  SINCE MAR 1      1.4                9.0   -7.6     12.0
  SINCE JUL 1     37.1               35.7    1.4     62.1
  SNOW DEPTH       0

DEGREE DAYS
 HEATING
  TODAY           15                 27    -12       40
  MONTH TO DATE  524                726   -202      814
  SINCE MAR 1    524                726   -202      814
  SINCE JUL 1   5220               5680   -460     6162

 COOLING
  TODAY            0                  0      0        0
  MONTH TO DATE    6                  0      6        0
  SINCE MAR 1      6                  0      6        0
  SINCE JAN 1      6                  0      6        0
...........................................................





WEATHER CONDITIONS
 THE FOLLOWING WEATHER WAS RECORDED TODAY.
  NO SIGNIFICANT WEATHER WAS OBSERVED.


..........................................................


THE EAST RAPID CITY SD CLIMATE NORMALS FOR TOMORROW
                         NORMAL    RECORD    YEAR
 MAXIMUM TEMPERATURE (F)   49        75      2007
 MINIMUM TEMPERATURE (F)   27        -6      1955


SUNRISE AND SUNSET
MARCH 24 2015.........SUNRISE   649 AM MDT   SUNSET   710 PM MDT
MARCH 25 2015.........SUNRISE   647 AM MDT   SUNSET   711 PM MDT


-  INDICATES NEGATIVE NUMBERS.
R  INDICATES RECORD WAS SET OR TIED.
MM INDICATES DATA IS MISSING.
T  INDICATES TRACE AMOUNT.




$$
