070
CDUS43 KUNR 190843
CLIUNR


CLIMATE REPORT
NATIONAL WEATHER SERVICE RAPID CITY SD
141 AM MST FRI JAN 19 2018


...................................

...THE EAST RAPID CITY SD CLIMATE SUMMARY FOR JANUARY 18 2018...

CLIMATE NORMAL PERIOD 1981 TO 2010
CLIMATE RECORD PERIOD 1888 TO 2018


WEATHER ITEM   OBSERVED RECORD YEAR NORMAL DEPARTURE LAST
                VALUE   VALUE       VALUE  FROM      YEAR
                                           NORMAL
...........................................................
TEMPERATURE (F)
 YESTERDAY
  MAXIMUM         58     63    1914  38     20       51
  MINIMUM         32    -25    1892  16     16       32
  AVERAGE         45                 27     18       42

PRECIPITATION (IN)
  YESTERDAY        0.00   0.15 1926   0.01  -0.01     0.00
  MONTH TO DATE    0.21               0.15   0.06     0.12
  SINCE DEC 1      0.51               0.47   0.04     0.94
  SINCE JAN 1      0.21               0.15   0.06     0.12

SNOWFALL (IN)
  YESTERDAY        0.0    1.7  1922   0.1   -0.1      0.0
  MONTH TO DATE    2.9                2.8    0.1      3.6
  SINCE DEC 1     10.2                8.0    2.2     15.7
  SINCE JUL 1     11.3               16.6   -5.3     19.4
  SNOW DEPTH        T

DEGREE DAYS
 HEATING
  YESTERDAY       20                 38    -18       23
  MONTH TO DATE  759                684     75      882
  SINCE DEC 1   1950               1851     99     2275
  SINCE JUL 1   3330               3431   -101     3306

 COOLING
  YESTERDAY        0                  0      0        0
  MONTH TO DATE    0                  0      0        0
  SINCE DEC 1      0                  0      0        0
  SINCE JAN 1      0                  0      0        0
...........................................................


WIND (MPH)
  HIGHEST GUST SPEED    25   HIGHEST GUST DIRECTION     W (270)



WEATHER CONDITIONS
 THE FOLLOWING WEATHER WAS RECORDED YESTERDAY.
  NO SIGNIFICANT WEATHER WAS OBSERVED.


..........................................................


THE EAST RAPID CITY SD CLIMATE NORMALS FOR TODAY
                         NORMAL    RECORD    YEAR
 MAXIMUM TEMPERATURE (F)   38        66      1900
 MINIMUM TEMPERATURE (F)   16       -24      1943


SUNRISE AND SUNSET
JANUARY 19 2018.......SUNRISE   722 AM MST   SUNSET   446 PM MST
JANUARY 20 2018.......SUNRISE   721 AM MST   SUNSET   447 PM MST


-  INDICATES NEGATIVE NUMBERS.
R  INDICATES RECORD WAS SET OR TIED.
MM INDICATES DATA IS MISSING.
T  INDICATES TRACE AMOUNT.




$$
