000
CDUS43 KUNR 221839
CLIUNR


CLIMATE REPORT
NATIONAL WEATHER SERVICE RAPID CITY SD
1239 PM MDT MON AUG 22 2016


...................................

...THE EAST RAPID CITY SD CLIMATE SUMMARY FOR AUGUST 22 2016...
VALID AS OF 1100 AM LOCAL TIME.

CLIMATE NORMAL PERIOD 1981 TO 2010
CLIMATE RECORD PERIOD 1888 TO 2016


WEATHER ITEM   OBSERVED RECORD YEAR NORMAL DEPARTURE LAST
                VALUE   VALUE       VALUE  FROM      YEAR
                                           NORMAL
...........................................................
TEMPERATURE (F)
 TODAY
  MAXIMUM         98    102    1960  83     15       74
  MINIMUM         64     41    1966  59      5       51
  AVERAGE         81                 71     10       63

PRECIPITATION (IN)
  TODAY            0.00   1.02 1927   0.05  -0.05     0.00
  MONTH TO DATE    2.15               1.52   0.63     1.51
  SINCE JUN 1      5.59               7.18  -1.59    12.00
  SINCE JAN 1     10.13              15.23  -5.10    21.36

SNOWFALL (IN)
  TODAY            0.0    0.0  2002   0.0    0.0      0.0
                               2001
                               2000
  MONTH TO DATE    0.0                0.0    0.0      0.0
  SINCE JUN 1      0.0                0.0    0.0      0.0
  SINCE JUL 1      0.0                0.0    0.0      0.0
  SNOW DEPTH       0

DEGREE DAYS
 HEATING
  TODAY            0                  1     -1        2
  MONTH TO DATE   14                  2     12       22
  SINCE JUN 1     20                102    -82       56
  SINCE JUL 1     15                 14      1       23

 COOLING
  TODAY           16                  6     10        0
  MONTH TO DATE  187                176     11      174
  SINCE JUN 1    717                527    190      504
  SINCE JAN 1    723                545    178      512
...........................................................





WEATHER CONDITIONS
 THE FOLLOWING WEATHER WAS RECORDED TODAY.
  NO SIGNIFICANT WEATHER WAS OBSERVED.


..........................................................


THE EAST RAPID CITY SD CLIMATE NORMALS FOR TOMORROW
                         NORMAL    RECORD    YEAR
 MAXIMUM TEMPERATURE (F)   83       102      1949
 MINIMUM TEMPERATURE (F)   59        42      1934


SUNRISE AND SUNSET
AUGUST 22 2016........SUNRISE   605 AM MDT   SUNSET   745 PM MDT
AUGUST 23 2016........SUNRISE   606 AM MDT   SUNSET   743 PM MDT


-  INDICATES NEGATIVE NUMBERS.
R  INDICATES RECORD WAS SET OR TIED.
MM INDICATES DATA IS MISSING.
T  INDICATES TRACE AMOUNT.




$$
