000
CDUS43 KUNR 290833
CLIUNR


CLIMATE REPORT
NATIONAL WEATHER SERVICE RAPID CITY SD
231 AM MDT TUE JUL 29 2014


...................................

...THE EAST RAPID CITY SD CLIMATE SUMMARY FOR JULY 28 2014...

CLIMATE NORMAL PERIOD 1981 TO 2010
CLIMATE RECORD PERIOD 1888 TO 2014


WEATHER ITEM   OBSERVED RECORD YEAR NORMAL DEPARTURE LAST
                VALUE   VALUE       VALUE  FROM      YEAR
                                           NORMAL
...........................................................
TEMPERATURE (F)
 YESTERDAY
  MAXIMUM         80    104    2006  86     -6       77
  MINIMUM         55     47    1971  63     -8       51
  AVERAGE         68                 74     -6       64

PRECIPITATION (IN)
  YESTERDAY        0.00   0.88 1922   0.09  -0.09      T
  MONTH TO DATE    1.42               2.20  -0.78     2.32
  SINCE JUN 1      7.47               5.36   2.11     3.99
  SINCE JAN 1     12.65              13.41  -0.76    12.71

SNOWFALL (IN)
  YESTERDAY        0.0                0.0    0.0      0.0
  MONTH TO DATE    0.0                0.0    0.0      0.0
  SINCE JUN 1      0.0                0.0    0.0      0.0
  SINCE JUL 1      0.0                0.0    0.0      0.0
  SNOW DEPTH       0

DEGREE DAYS
 HEATING
  YESTERDAY        0                  0      0        1
  MONTH TO DATE   11                  6      5        6
  SINCE JUN 1    119                 94     25       64
  SINCE JUL 1     11                  6      5        6

 COOLING
  YESTERDAY        3                  9     -6        0
  MONTH TO DATE  190                230    -40      256
  SINCE JUN 1    218                321   -103      351
  SINCE JAN 1    246                339    -93      375
...........................................................


WIND (MPH)
  HIGHEST GUST SPEED    23   HIGHEST GUST DIRECTION    SE (150)



WEATHER CONDITIONS
 THE FOLLOWING WEATHER WAS RECORDED YESTERDAY.
  NO SIGNIFICANT WEATHER WAS OBSERVED.


..........................................................


THE EAST RAPID CITY SD CLIMATE NORMALS FOR TODAY
                         NORMAL    RECORD    YEAR
 MAXIMUM TEMPERATURE (F)   86       103      2006
 MINIMUM TEMPERATURE (F)   63        48      1899


SUNRISE AND SUNSET
JULY 29 2014..........SUNRISE   538 AM MDT   SUNSET   820 PM MDT
JULY 30 2014..........SUNRISE   539 AM MDT   SUNSET   819 PM MDT


-  INDICATES NEGATIVE NUMBERS.
R  INDICATES RECORD WAS SET OR TIED.
MM INDICATES DATA IS MISSING.
T  INDICATES TRACE AMOUNT.




$$
