000
CDUS43 KUNR 260850
CLIUNR


CLIMATE REPORT
NATIONAL WEATHER SERVICE RAPID CITY SD
150 AM MST THU FEB 26 2015


...................................

...THE EAST RAPID CITY SD CLIMATE SUMMARY FOR FEBRUARY 25 2015...

CLIMATE NORMAL PERIOD 1981 TO 2010
CLIMATE RECORD PERIOD 1888 TO 2015


WEATHER ITEM   OBSERVED RECORD YEAR NORMAL DEPARTURE LAST
                VALUE   VALUE       VALUE  FROM      YEAR
                                           NORMAL
...........................................................
TEMPERATURE (F)
 YESTERDAY
  MAXIMUM         46     70    1999  41      5       12
  MINIMUM          7    -18    1934  20    -13       -1
  AVERAGE         27                 30     -3        6

PRECIPITATION (IN)
  YESTERDAY        0.14   0.37 1963   0.02   0.12      T
  MONTH TO DATE    0.39               0.42  -0.03     0.22
  SINCE DEC 1      0.92               1.03  -0.11     1.02
  SINCE JAN 1      0.54               0.71  -0.17     0.48

SNOWFALL (IN)
  YESTERDAY        2.7    5.0  1963   0.3    2.4      0.1
  MONTH TO DATE    8.5                6.5    2.0      6.2
  SINCE DEC 1     20.3               17.2    3.1     19.5
  SINCE JUL 1     35.6               25.8    9.8     49.3
  SNOW DEPTH       2

DEGREE DAYS
 HEATING
  YESTERDAY       38                 35      3       59
  MONTH TO DATE  824                924   -100     1128
  SINCE DEC 1   2914               3272   -358     3616
  SINCE JUL 1   4528               4852   -324     5205

 COOLING
  YESTERDAY        0                  0      0        0
  MONTH TO DATE    0                  0      0        0
  SINCE DEC 1      0                  0      0        0
  SINCE JAN 1      0                  0      0        0
...........................................................


WIND (MPH)
  HIGHEST GUST SPEED    49   HIGHEST GUST DIRECTION     N (360)



WEATHER CONDITIONS
 THE FOLLOWING WEATHER WAS RECORDED YESTERDAY.
  NO SIGNIFICANT WEATHER WAS OBSERVED.


..........................................................


THE EAST RAPID CITY SD CLIMATE NORMALS FOR TODAY
                         NORMAL    RECORD    YEAR
 MAXIMUM TEMPERATURE (F)   41        68      1932
 MINIMUM TEMPERATURE (F)   20       -19      1934


SUNRISE AND SUNSET
FEBRUARY 26 2015......SUNRISE   635 AM MST   SUNSET   537 PM MST
FEBRUARY 27 2015......SUNRISE   633 AM MST   SUNSET   538 PM MST


-  INDICATES NEGATIVE NUMBERS.
R  INDICATES RECORD WAS SET OR TIED.
MM INDICATES DATA IS MISSING.
T  INDICATES TRACE AMOUNT.




$$
