000
CDUS43 KUNR 270831
CLIUNR


CLIMATE REPORT
NATIONAL WEATHER SERVICE RAPID CITY SD
231 AM MDT SAT SEP 27 2014


...................................

...THE EAST RAPID CITY SD CLIMATE SUMMARY FOR SEPTEMBER 26 2014...

CLIMATE NORMAL PERIOD 1981 TO 2010
CLIMATE RECORD PERIOD 1888 TO 2014


WEATHER ITEM   OBSERVED RECORD YEAR NORMAL DEPARTURE LAST
                VALUE   VALUE       VALUE  FROM      YEAR
                                           NORMAL
...........................................................
TEMPERATURE (F)
 YESTERDAY
  MAXIMUM         93R    92    1963  67     26       64
  MINIMUM         58     19    1934  45     13       46
  AVERAGE         76                 56     20       55

PRECIPITATION (IN)
  YESTERDAY        0.00   0.87 1915   0.05  -0.05     0.00
  MONTH TO DATE    1.01               1.36  -0.35     0.89
  SINCE SEP 1      1.01               1.36  -0.35     0.89
  SINCE JAN 1     18.41              17.04   1.37    16.64

SNOWFALL (IN)
  YESTERDAY        0.0                0.1   -0.1      0.0
  MONTH TO DATE    1.6                0.1    1.5      0.0
  SINCE SEP 1      1.6                0.1    1.5      0.0
  SINCE JUL 1      1.6                0.1    1.5      0.0
  SNOW DEPTH       0

DEGREE DAYS
 HEATING
  YESTERDAY        0                 10    -10       10
  MONTH TO DATE  153                136     17       52
  SINCE SEP 1    153                136     17       52
  SINCE JUL 1    177                166     11       58

 COOLING
  YESTERDAY       11                  1     10        0
  MONTH TO DATE   74                 65      9      141
  SINCE SEP 1     74                 65      9      141
  SINCE JAN 1    510                660   -150      826
...........................................................


WIND (MPH)
  HIGHEST GUST SPEED    31   HIGHEST GUST DIRECTION     S (160)



WEATHER CONDITIONS
 THE FOLLOWING WEATHER WAS RECORDED YESTERDAY.
  NO SIGNIFICANT WEATHER WAS OBSERVED.


..........................................................


THE EAST RAPID CITY SD CLIMATE NORMALS FOR TODAY
                         NORMAL    RECORD    YEAR
 MAXIMUM TEMPERATURE (F)   67        94      1898
 MINIMUM TEMPERATURE (F)   45        24      1927


SUNRISE AND SUNSET
SEPTEMBER 27 2014.....SUNRISE   646 AM MDT   SUNSET   641 PM MDT
SEPTEMBER 28 2014.....SUNRISE   647 AM MDT   SUNSET   639 PM MDT


-  INDICATES NEGATIVE NUMBERS.
R  INDICATES RECORD WAS SET OR TIED.
MM INDICATES DATA IS MISSING.
T  INDICATES TRACE AMOUNT.




$$
