000
CDUS43 KUNR 150841
CLIUNR


CLIMATE REPORT
NATIONAL WEATHER SERVICE RAPID CITY SD
238 AM MDT MON SEP 15 2014


...................................

...THE EAST RAPID CITY SD CLIMATE SUMMARY FOR SEPTEMBER 14 2014...

CLIMATE NORMAL PERIOD 1981 TO 2010
CLIMATE RECORD PERIOD 1888 TO 2014


WEATHER ITEM   OBSERVED RECORD YEAR NORMAL DEPARTURE LAST
                VALUE   VALUE       VALUE  FROM      YEAR
                                           NORMAL
...........................................................
TEMPERATURE (F)
 YESTERDAY
  MAXIMUM         54     99    1948  73    -19       78
  MINIMUM         39     23    1904  51    -12       57
  AVERAGE         47                 62    -15       68

PRECIPITATION (IN)
  YESTERDAY        0.00   0.36 1900   0.05  -0.05      T
  MONTH TO DATE    0.99               0.73   0.26     0.57
  SINCE SEP 1      0.99               0.73   0.26     0.57
  SINCE JAN 1     18.39              16.41   1.98    16.32

SNOWFALL (IN)
  YESTERDAY        0.0                0.0    0.0      0.0
  MONTH TO DATE    1.6                0.0    1.6      0.0
  SINCE SEP 1      1.6                0.0    1.6      0.0
  SINCE JUL 1      1.6                0.0    1.6      0.0
  SNOW DEPTH       0

DEGREE DAYS
 HEATING
  YESTERDAY       18                  5     13        0
  MONTH TO DATE  135                 47     88        4
  SINCE SEP 1    135                 47     88        4
  SINCE JUL 1    159                 77     82       10

 COOLING
  YESTERDAY        0                  2     -2        3
  MONTH TO DATE   26                 49    -23      114
  SINCE SEP 1     26                 49    -23      114
  SINCE JAN 1    462                644   -182      799
...........................................................


WIND (MPH)
  HIGHEST GUST SPEED    14   HIGHEST GUST DIRECTION     E (100)



WEATHER CONDITIONS
 THE FOLLOWING WEATHER WAS RECORDED YESTERDAY.
  NO SIGNIFICANT WEATHER WAS OBSERVED.


..........................................................


THE EAST RAPID CITY SD CLIMATE NORMALS FOR TODAY
                         NORMAL    RECORD    YEAR
 MAXIMUM TEMPERATURE (F)   73       101      1948
 MINIMUM TEMPERATURE (F)   50        30      1934


SUNRISE AND SUNSET
SEPTEMBER 15 2014.....SUNRISE   632 AM MDT   SUNSET   703 PM MDT
SEPTEMBER 16 2014.....SUNRISE   633 AM MDT   SUNSET   701 PM MDT


-  INDICATES NEGATIVE NUMBERS.
R  INDICATES RECORD WAS SET OR TIED.
MM INDICATES DATA IS MISSING.
T  INDICATES TRACE AMOUNT.




$$
