000
CDUS43 KUNR 060832
CLIUNR


CLIMATE REPORT
NATIONAL WEATHER SERVICE RAPID CITY SD
232 AM MDT SUN JUL 6 2014


...................................

...THE EAST RAPID CITY SD CLIMATE SUMMARY FOR JULY 5 2014...

CLIMATE NORMAL PERIOD 1981 TO 2010
CLIMATE RECORD PERIOD 1888 TO 2014


WEATHER ITEM   OBSERVED RECORD YEAR NORMAL DEPARTURE LAST
                VALUE   VALUE       VALUE  FROM      YEAR
                                           NORMAL
...........................................................
TEMPERATURE (F)
 YESTERDAY
  MAXIMUM         90    106    1936  83      7       86
  MINIMUM         69     41    1915  60      9       66
  AVERAGE         80                 71      9       76

PRECIPITATION (IN)
  YESTERDAY        0.00   1.33 1891   0.07  -0.07     0.09
  MONTH TO DATE    T                  0.34  -0.34     0.28
  SINCE JUN 1      6.05               3.50   2.55     1.95
  SINCE JAN 1     11.23              11.55  -0.32    10.67

SNOWFALL (IN)
  YESTERDAY        0.0                0.0    0.0      0.0
  MONTH TO DATE    0.0                0.0    0.0      0.0
  SINCE JUN 1      0.0                0.0    0.0      0.0
  SINCE JUL 1      0.0                0.0    0.0      0.0
  SNOW DEPTH       0

DEGREE DAYS
 HEATING
  YESTERDAY        0                  1     -1        0
  MONTH TO DATE    4                  5     -1        0
  SINCE JUN 1    112                 93     19       58
  SINCE JUL 1      4                  5     -1        0

 COOLING
  YESTERDAY       15                  7      8       11
  MONTH TO DATE   30                 33     -3       42
  SINCE JUN 1     58                124    -66      137
  SINCE JAN 1     86                142    -56      161
...........................................................


WIND (MPH)
  HIGHEST GUST SPEED    22   HIGHEST GUST DIRECTION    SE (140)



WEATHER CONDITIONS
 THE FOLLOWING WEATHER WAS RECORDED YESTERDAY.
  NO SIGNIFICANT WEATHER WAS OBSERVED.


..........................................................


THE EAST RAPID CITY SD CLIMATE NORMALS FOR TODAY
                         NORMAL    RECORD    YEAR
 MAXIMUM TEMPERATURE (F)   83       104      1936
 MINIMUM TEMPERATURE (F)   61        46      1934


SUNRISE AND SUNSET
JULY  6 2014..........SUNRISE   517 AM MDT   SUNSET   838 PM MDT
JULY  7 2014..........SUNRISE   517 AM MDT   SUNSET   838 PM MDT


-  INDICATES NEGATIVE NUMBERS.
R  INDICATES RECORD WAS SET OR TIED.
MM INDICATES DATA IS MISSING.
T  INDICATES TRACE AMOUNT.




$$
