000
CDUS43 KUNR 250833
CLIUNR


CLIMATE REPORT
NATIONAL WEATHER SERVICE RAPID CITY SD
132 AM MST SUN JAN 25 2015


...................................

...THE EAST RAPID CITY SD CLIMATE SUMMARY FOR JANUARY 24 2015...

CLIMATE NORMAL PERIOD 1981 TO 2010
CLIMATE RECORD PERIOD 1888 TO 2015


WEATHER ITEM   OBSERVED RECORD YEAR NORMAL DEPARTURE LAST
                VALUE   VALUE       VALUE  FROM      YEAR
                                           NORMAL
...........................................................
TEMPERATURE (F)
 YESTERDAY
  MAXIMUM         55     69    2005  37     18       55
                               1968
  MINIMUM         38    -26    1894  16     22       40
  AVERAGE         47                 27     20       48

PRECIPITATION (IN)
  YESTERDAY        0.01   0.62 1921   0.01   0.00     0.00
  MONTH TO DATE    0.11               0.21  -0.10     0.17
  SINCE DEC 1      0.49               0.53  -0.04     0.71
  SINCE JAN 1      0.11               0.21  -0.10     0.17

SNOWFALL (IN)
  YESTERDAY        0.0    6.4  1921   0.2   -0.2      0.0
  MONTH TO DATE    2.1                3.9   -1.8      3.3
  SINCE DEC 1      9.6                9.1    0.5     12.5
  SINCE JUL 1     24.9               17.7    7.2     42.3
  SNOW DEPTH       0

DEGREE DAYS
 HEATING
  YESTERDAY       18                 38    -20       17
  MONTH TO DATE  878                912    -34      855
  SINCE DEC 1   1942               2079   -137     2202
  SINCE JUL 1   3556               3659   -103     3791

 COOLING
  YESTERDAY        0                  0      0        0
  MONTH TO DATE    0                  0      0        0
  SINCE DEC 1      0                  0      0        0
  SINCE JAN 1      0                  0      0        0
...........................................................


WIND (MPH)
  HIGHEST GUST SPEED    62   HIGHEST GUST DIRECTION    NW (320)



WEATHER CONDITIONS
 THE FOLLOWING WEATHER WAS RECORDED YESTERDAY.
  NO SIGNIFICANT WEATHER WAS OBSERVED.


..........................................................


THE EAST RAPID CITY SD CLIMATE NORMALS FOR TODAY
                         NORMAL    RECORD    YEAR
 MAXIMUM TEMPERATURE (F)   37        64      2006
 MINIMUM TEMPERATURE (F)   16       -22      1957


SUNRISE AND SUNSET
JANUARY 25 2015.......SUNRISE   718 AM MST   SUNSET   453 PM MST
JANUARY 26 2015.......SUNRISE   717 AM MST   SUNSET   455 PM MST


-  INDICATES NEGATIVE NUMBERS.
R  INDICATES RECORD WAS SET OR TIED.
MM INDICATES DATA IS MISSING.
T  INDICATES TRACE AMOUNT.




$$
