000
CDUS43 KUNR 180832
CLIUNR


CLIMATE REPORT
NATIONAL WEATHER SERVICE RAPID CITY SD
231 AM MDT WED MAY 18 2016


...................................

...THE EAST RAPID CITY SD CLIMATE SUMMARY FOR MAY 17 2016...

CLIMATE NORMAL PERIOD 1981 TO 2010
CLIMATE RECORD PERIOD 1888 TO 2016


WEATHER ITEM   OBSERVED RECORD YEAR NORMAL DEPARTURE LAST
                VALUE   VALUE       VALUE  FROM      YEAR
                                           NORMAL
...........................................................
TEMPERATURE (F)
 YESTERDAY
  MAXIMUM         67     91    1964  67      0       60
  MINIMUM         42     31    1888  46     -4       39
  AVERAGE         55                 56     -1       50

PRECIPITATION (IN)
  YESTERDAY        0.00   1.31 1951   0.14  -0.14     0.01
  MONTH TO DATE    0.27               2.08  -1.81     4.07
  SINCE MAR 1      2.50               5.17  -2.67     5.12
  SINCE JAN 1      3.31               5.94  -2.63     5.67

SNOWFALL (IN)
  YESTERDAY        0.0   10.0  1888   0.0    0.0      0.0
  MONTH TO DATE    T                  1.7   -1.7     13.6
  SINCE MAR 1     11.7               22.3  -10.6     15.0
  SINCE JUL 1     41.6               49.0   -7.4     50.7
  SNOW DEPTH       0

DEGREE DAYS
 HEATING
  YESTERDAY       10                  9      1       15
  MONTH TO DATE  203                202      1      231
  SINCE MAR 1   1400               1714   -314     1370
  SINCE JUL 1   5649               6668  -1019     6066

 COOLING
  YESTERDAY        0                  1     -1        0
  MONTH TO DATE    2                  1      1        2
  SINCE MAR 1      4                  2      2        8
  SINCE JAN 1      4                  2      2        8
...........................................................


WIND (MPH)
  HIGHEST GUST SPEED    20   HIGHEST GUST DIRECTION    SE (150)



WEATHER CONDITIONS
 THE FOLLOWING WEATHER WAS RECORDED YESTERDAY.
  NO SIGNIFICANT WEATHER WAS OBSERVED.


..........................................................


THE EAST RAPID CITY SD CLIMATE NORMALS FOR TODAY
                         NORMAL    RECORD    YEAR
 MAXIMUM TEMPERATURE (F)   67        90      1948
 MINIMUM TEMPERATURE (F)   46        22      1888


SUNRISE AND SUNSET
MAY 18 2016...........SUNRISE   523 AM MDT   SUNSET   816 PM MDT
MAY 19 2016...........SUNRISE   522 AM MDT   SUNSET   817 PM MDT


-  INDICATES NEGATIVE NUMBERS.
R  INDICATES RECORD WAS SET OR TIED.
MM INDICATES DATA IS MISSING.
T  INDICATES TRACE AMOUNT.




$$
