892
CDUS43 KUNR 201834
CLIUNR


CLIMATE REPORT
NATIONAL WEATHER SERVICE RAPID CITY SD
1234 PM MDT TUE JUN 20 2017


...................................

...THE EAST RAPID CITY SD CLIMATE SUMMARY FOR JUNE 20 2017...
VALID AS OF 1100 AM LOCAL TIME.

CLIMATE NORMAL PERIOD 1981 TO 2010
CLIMATE RECORD PERIOD 1888 TO 2017


WEATHER ITEM   OBSERVED RECORD YEAR NORMAL DEPARTURE LAST
                VALUE   VALUE       VALUE  FROM      YEAR
                                           NORMAL
...........................................................
TEMPERATURE (F)
 TODAY
  MAXIMUM         82     98    1910  78      4       82
  MINIMUM         61     43    1902  56      5       61
  AVERAGE         72                 67      5       72

PRECIPITATION (IN)
  TODAY            0.00   2.12 1888   0.09  -0.09     0.00
  MONTH TO DATE    0.92               2.41  -1.49     0.52
  SINCE JUN 1      0.92               2.41  -1.49     0.52
  SINCE JAN 1      5.55              10.46  -4.91     5.06

SNOWFALL (IN)
  TODAY            0.0    0.0  2002   0.0    0.0      0.0
                               2001
                               1954
  MONTH TO DATE    0.0                0.0    0.0      0.0
  SINCE JUN 1      0.0                0.0    0.0      0.0
  SINCE JUL 1     39.2               49.3  -10.1     41.6
  SNOW DEPTH      MM

DEGREE DAYS
 HEATING
  TODAY            0                  2     -2        0
  MONTH TO DATE    3                 74    -71        5
  SINCE JUN 1      3                 74    -71        5
  SINCE JUL 1   6179               6846   -667     5719

 COOLING
  TODAY            7                  3      4        7
  MONTH TO DATE  105                 42     63      155
  SINCE JUN 1    105                 42     63      155
  SINCE JAN 1    118                 60     58      161
...........................................................





WEATHER CONDITIONS
 THE FOLLOWING WEATHER WAS RECORDED TODAY.
  NO SIGNIFICANT WEATHER WAS OBSERVED.


..........................................................


THE EAST RAPID CITY SD CLIMATE NORMALS FOR TOMORROW
                         NORMAL    RECORD    YEAR
 MAXIMUM TEMPERATURE (F)   78        98      2016
 MINIMUM TEMPERATURE (F)   56        35      1902


SUNRISE AND SUNSET
JUNE 20 2017..........SUNRISE   510 AM MDT   SUNSET   839 PM MDT
JUNE 21 2017..........SUNRISE   510 AM MDT   SUNSET   840 PM MDT


-  INDICATES NEGATIVE NUMBERS.
R  INDICATES RECORD WAS SET OR TIED.
MM INDICATES DATA IS MISSING.
T  INDICATES TRACE AMOUNT.




$$
