000
CDUS43 KUNR 160047
CLIUNR


CLIMATE REPORT
NATIONAL WEATHER SERVICE RAPID CITY SD
646 PM MDT FRI SEP 15 2017


...................................

...THE EAST RAPID CITY SD CLIMATE SUMMARY FOR SEPTEMBER 15 2017...
VALID TODAY AS OF 0500 PM LOCAL TIME.

CLIMATE NORMAL PERIOD 1981 TO 2010
CLIMATE RECORD PERIOD 1888 TO 2017


WEATHER ITEM   OBSERVED RECORD YEAR NORMAL DEPARTURE LAST
                VALUE   VALUE       VALUE  FROM      YEAR
                                           NORMAL
...........................................................
TEMPERATURE (F)
 TODAY
  MAXIMUM         59    101    1948  73    -14       71
  MINIMUM         48     30    1934  50     -2       56
  AVERAGE         54                 62     -8       64

PRECIPITATION (IN)
  TODAY            0.55   2.08 1913   0.05   0.50     0.08
  MONTH TO DATE    1.14               0.78   0.36     0.48
  SINCE SEP 1      1.14               0.78   0.36     0.48
  SINCE JAN 1     11.11              16.46  -5.35    11.78

SNOWFALL (IN)
  TODAY            0.0    2.8  1903   0.0    0.0      0.0
  MONTH TO DATE    0.0                0.0    0.0      0.0
  SINCE SEP 1      0.0                0.0    0.0      0.0
  SINCE JUL 1      0.0                0.0    0.0      0.0
  SNOW DEPTH       0

DEGREE DAYS
 HEATING
  TODAY           11                  5      6        1
  MONTH TO DATE   22                 52    -30       54
  SINCE SEP 1     22                 52    -30       54
  SINCE JUL 1     27                 82    -55       79

 COOLING
  TODAY            0                  2     -2        0
  MONTH TO DATE  112                 51     61       30
  SINCE SEP 1    112                 51     61       30
  SINCE JAN 1    849                646    203      790
...........................................................





WEATHER CONDITIONS
 THE FOLLOWING WEATHER WAS RECORDED TODAY.
  NO SIGNIFICANT WEATHER WAS OBSERVED.


..........................................................


THE EAST RAPID CITY SD CLIMATE NORMALS FOR TOMORROW
                         NORMAL    RECORD    YEAR
 MAXIMUM TEMPERATURE (F)   72        96      1895
 MINIMUM TEMPERATURE (F)   50        29      1965


SUNRISE AND SUNSET
SEPTEMBER 15 2017.....SUNRISE   632 AM MDT   SUNSET   703 PM MDT
SEPTEMBER 16 2017.....SUNRISE   633 AM MDT   SUNSET   701 PM MDT


-  INDICATES NEGATIVE NUMBERS.
R  INDICATES RECORD WAS SET OR TIED.
MM INDICATES DATA IS MISSING.
T  INDICATES TRACE AMOUNT.




$$
