000
CDUS43 KUNR 280831
CLIUNR


CLIMATE REPORT
NATIONAL WEATHER SERVICE RAPID CITY SD
231 AM MDT SUN SEP 28 2014


...................................

...THE EAST RAPID CITY SD CLIMATE SUMMARY FOR SEPTEMBER 27 2014...

CLIMATE NORMAL PERIOD 1981 TO 2010
CLIMATE RECORD PERIOD 1888 TO 2014


WEATHER ITEM   OBSERVED RECORD YEAR NORMAL DEPARTURE LAST
                VALUE   VALUE       VALUE  FROM      YEAR
                                           NORMAL
...........................................................
TEMPERATURE (F)
 YESTERDAY
  MAXIMUM         78     94    1898  67     11       46
  MINIMUM         60     24    1927  45     15       40
  AVERAGE         69                 56     13       43

PRECIPITATION (IN)
  YESTERDAY        0.00   2.23 1923   0.05  -0.05     0.06
  MONTH TO DATE    1.01               1.41  -0.40     0.95
  SINCE SEP 1      1.01               1.41  -0.40     0.95
  SINCE JAN 1     18.41              17.09   1.32    16.70

SNOWFALL (IN)
  YESTERDAY        0.0                0.0    0.0      0.0
  MONTH TO DATE    1.6                0.1    1.5      0.0
  SINCE SEP 1      1.6                0.1    1.5      0.0
  SINCE JUL 1      1.6                0.1    1.5      0.0
  SNOW DEPTH       0

DEGREE DAYS
 HEATING
  YESTERDAY        0                 10    -10       22
  MONTH TO DATE  153                146      7       74
  SINCE SEP 1    153                146      7       74
  SINCE JUL 1    177                176      1       80

 COOLING
  YESTERDAY        4                  1      3        0
  MONTH TO DATE   78                 66     12      141
  SINCE SEP 1     78                 66     12      141
  SINCE JAN 1    514                661   -147      826
...........................................................


WIND (MPH)
  HIGHEST GUST SPEED    29   HIGHEST GUST DIRECTION    NW (330)



WEATHER CONDITIONS
 THE FOLLOWING WEATHER WAS RECORDED YESTERDAY.
  NO SIGNIFICANT WEATHER WAS OBSERVED.


..........................................................


THE EAST RAPID CITY SD CLIMATE NORMALS FOR TODAY
                         NORMAL    RECORD    YEAR
 MAXIMUM TEMPERATURE (F)   66        91      1957
 MINIMUM TEMPERATURE (F)   44        27      1941


SUNRISE AND SUNSET
SEPTEMBER 28 2014.....SUNRISE   647 AM MDT   SUNSET   639 PM MDT
SEPTEMBER 29 2014.....SUNRISE   648 AM MDT   SUNSET   637 PM MDT


-  INDICATES NEGATIVE NUMBERS.
R  INDICATES RECORD WAS SET OR TIED.
MM INDICATES DATA IS MISSING.
T  INDICATES TRACE AMOUNT.




$$
