000
CDUS43 KUNR 060833
CLIUNR


CLIMATE REPORT
NATIONAL WEATHER SERVICE RAPID CITY SD
132 AM MST WED DEC 6 2017


...................................

...THE EAST RAPID CITY SD CLIMATE SUMMARY FOR DECEMBER 5 2017...

CLIMATE NORMAL PERIOD 1981 TO 2010
CLIMATE RECORD PERIOD 1888 TO 2017


WEATHER ITEM   OBSERVED RECORD YEAR NORMAL DEPARTURE LAST
                VALUE   VALUE       VALUE  FROM      YEAR
                                           NORMAL
...........................................................
TEMPERATURE (F)
 YESTERDAY
  MAXIMUM         41     79    1939  37      4       44
  MINIMUM         26     -9    1950  20      6       18
  AVERAGE         34                 29      5       31

PRECIPITATION (IN)
  YESTERDAY        0.01   0.54 1906   0.01   0.00      T
  MONTH TO DATE    0.04               0.05  -0.01      T
  SINCE DEC 1      0.04               0.05  -0.01      T
  SINCE JAN 1     12.61              19.52  -6.91    12.95

SNOWFALL (IN)
  YESTERDAY        0.2    9.0  1906   0.2    0.0       T
  MONTH TO DATE    0.7                0.9   -0.2       T
  SINCE DEC 1      0.7                0.9   -0.2       T
  SINCE JUL 1      1.8                9.5   -7.7      3.7
  SNOW DEPTH       T

DEGREE DAYS
 HEATING
  YESTERDAY       31                 36     -5       34
  MONTH TO DATE  129                178    -49      166
  SINCE DEC 1    129                178    -49      166
  SINCE JUL 1   1509               1758   -249     1197

 COOLING
  YESTERDAY        0                  0      0        0
  MONTH TO DATE    0                  0      0        0
  SINCE DEC 1      0                  0      0        0
  SINCE JAN 1    854                665    189      813
...........................................................


WIND (MPH)
  HIGHEST GUST SPEED    63   HIGHEST GUST DIRECTION    NW (320)



WEATHER CONDITIONS
 THE FOLLOWING WEATHER WAS RECORDED YESTERDAY.
  HEAVY SNOW
  SNOW
  LIGHT SNOW


..........................................................


THE EAST RAPID CITY SD CLIMATE NORMALS FOR TODAY
                         NORMAL    RECORD    YEAR
 MAXIMUM TEMPERATURE (F)   37        75      1939
 MINIMUM TEMPERATURE (F)   20       -13      2013


SUNRISE AND SUNSET
DECEMBER  6 2017......SUNRISE   713 AM MST   SUNSET   415 PM MST
DECEMBER  7 2017......SUNRISE   714 AM MST   SUNSET   414 PM MST


-  INDICATES NEGATIVE NUMBERS.
R  INDICATES RECORD WAS SET OR TIED.
MM INDICATES DATA IS MISSING.
T  INDICATES TRACE AMOUNT.




$$
