000
CDUS43 KUNR 270833
CLIUNR


CLIMATE REPORT
NATIONAL WEATHER SERVICE RAPID CITY SD
232 AM MDT SAT JUN 27 2015


...................................

...THE EAST RAPID CITY SD CLIMATE SUMMARY FOR JUNE 26 2015...

CLIMATE NORMAL PERIOD 1981 TO 2010
CLIMATE RECORD PERIOD 1888 TO 2015


WEATHER ITEM   OBSERVED RECORD YEAR NORMAL DEPARTURE LAST
                VALUE   VALUE       VALUE  FROM      YEAR
                                           NORMAL
...........................................................
TEMPERATURE (F)
 YESTERDAY
  MAXIMUM         78    106    2012  80     -2       83
  MINIMUM         57     45    2003  58     -1       55
                               1968
  AVERAGE         68                 69     -1       69

PRECIPITATION (IN)
  YESTERDAY        0.00   1.05 1952   0.08  -0.08     0.95
  MONTH TO DATE    6.75               2.90   3.85     5.13
  SINCE JUN 1      6.75               2.90   3.85     5.13
  SINCE JAN 1     16.11              10.95   5.16    10.31

SNOWFALL (IN)
  YESTERDAY        0.0    0.0  2002   0.0    0.0      0.0
                               2001
                               2000
  MONTH TO DATE    0.0                0.0    0.0      0.0
  SINCE JUN 1      0.0                0.0    0.0      0.0
  SINCE JUL 1     50.7               49.3    1.4     73.5
  SNOW DEPTH       0

DEGREE DAYS
 HEATING
  YESTERDAY        0                  1     -1        0
  MONTH TO DATE   33                 83    -50      107
  SINCE JUN 1     33                 83    -50      107
  SINCE JUL 1   6273               6855   -582     7403

 COOLING
  YESTERDAY        3                  5     -2        4
  MONTH TO DATE   63                 68     -5       26
  SINCE JUN 1     63                 68     -5       26
  SINCE JAN 1     71                 86    -15       54
...........................................................


WIND (MPH)
  HIGHEST GUST SPEED    14   HIGHEST GUST DIRECTION     W (260)



WEATHER CONDITIONS
 THE FOLLOWING WEATHER WAS RECORDED YESTERDAY.
  NO SIGNIFICANT WEATHER WAS OBSERVED.


..........................................................


THE EAST RAPID CITY SD CLIMATE NORMALS FOR TODAY
                         NORMAL    RECORD    YEAR
 MAXIMUM TEMPERATURE (F)   80       100      1931
 MINIMUM TEMPERATURE (F)   58        43      1898


SUNRISE AND SUNSET
JUNE 27 2015..........SUNRISE   512 AM MDT   SUNSET   840 PM MDT
JUNE 28 2015..........SUNRISE   512 AM MDT   SUNSET   840 PM MDT


-  INDICATES NEGATIVE NUMBERS.
R  INDICATES RECORD WAS SET OR TIED.
MM INDICATES DATA IS MISSING.
T  INDICATES TRACE AMOUNT.




$$
