000
CDUS43 KUNR 250831
CLIUNR


CLIMATE REPORT
NATIONAL WEATHER SERVICE RAPID CITY SD
131 AM MST WED FEB 25 2015


...................................

...THE EAST RAPID CITY SD CLIMATE SUMMARY FOR FEBRUARY 24 2015...

CLIMATE NORMAL PERIOD 1981 TO 2010
CLIMATE RECORD PERIOD 1888 TO 2015


WEATHER ITEM   OBSERVED RECORD YEAR NORMAL DEPARTURE LAST
                VALUE   VALUE       VALUE  FROM      YEAR
                                           NORMAL
...........................................................
TEMPERATURE (F)
 YESTERDAY
  MAXIMUM         56     67    1932  41     15       16
  MINIMUM         36    -12    1922  20     16       -2
  AVERAGE         46                 30     16        7

PRECIPITATION (IN)
  YESTERDAY        0.00   0.23 2011   0.02  -0.02     0.06
  MONTH TO DATE    0.25               0.40  -0.15     0.22
  SINCE DEC 1      0.78               1.01  -0.23     1.02
  SINCE JAN 1      0.40               0.69  -0.29     0.48

SNOWFALL (IN)
  YESTERDAY        0.0    3.9  2011   0.2   -0.2      1.6
  MONTH TO DATE    5.8                6.2   -0.4      6.1
  SINCE DEC 1     17.6               16.9    0.7     19.4
  SINCE JUL 1     32.9               25.5    7.4     49.2
  SNOW DEPTH       0

DEGREE DAYS
 HEATING
  YESTERDAY       19                 35    -16       58
  MONTH TO DATE  786                889   -103     1069
  SINCE DEC 1   2876               3237   -361     3557
  SINCE JUL 1   4490               4817   -327     5146

 COOLING
  YESTERDAY        0                  0      0        0
  MONTH TO DATE    0                  0      0        0
  SINCE DEC 1      0                  0      0        0
  SINCE JAN 1      0                  0      0        0
...........................................................


WIND (MPH)
  HIGHEST GUST SPEED    39   HIGHEST GUST DIRECTION    NW (320)



WEATHER CONDITIONS
 THE FOLLOWING WEATHER WAS RECORDED YESTERDAY.
  NO SIGNIFICANT WEATHER WAS OBSERVED.


..........................................................


THE EAST RAPID CITY SD CLIMATE NORMALS FOR TODAY
                         NORMAL    RECORD    YEAR
 MAXIMUM TEMPERATURE (F)   41        70      1999
 MINIMUM TEMPERATURE (F)   20       -18      1934


SUNRISE AND SUNSET
FEBRUARY 25 2015......SUNRISE   637 AM MST   SUNSET   536 PM MST
FEBRUARY 26 2015......SUNRISE   635 AM MST   SUNSET   537 PM MST


-  INDICATES NEGATIVE NUMBERS.
R  INDICATES RECORD WAS SET OR TIED.
MM INDICATES DATA IS MISSING.
T  INDICATES TRACE AMOUNT.




$$
