000
CDUS43 KUNR 170834
CLIUNR


CLIMATE REPORT
NATIONAL WEATHER SERVICE RAPID CITY SD
233 AM MDT SAT JUN 17 2017


...................................

...THE EAST RAPID CITY SD CLIMATE SUMMARY FOR JUNE 16 2017...

CLIMATE NORMAL PERIOD 1981 TO 2010
CLIMATE RECORD PERIOD 1888 TO 2017


WEATHER ITEM   OBSERVED RECORD YEAR NORMAL DEPARTURE LAST
                VALUE   VALUE       VALUE  FROM      YEAR
                                           NORMAL
...........................................................
TEMPERATURE (F)
 YESTERDAY
  MAXIMUM         77     99    2016  76      1       99
  MINIMUM         63     43    1945  54      9       63
  AVERAGE         70                 65      5       81

PRECIPITATION (IN)
  YESTERDAY        T      1.31 1914   0.11  -0.11     0.00
  MONTH TO DATE    0.88               2.06  -1.18     0.49
  SINCE JUN 1      0.88               2.06  -1.18     0.49
  SINCE JAN 1      5.51              10.11  -4.60     5.03

SNOWFALL (IN)
  YESTERDAY        0.0    0.0  2002   0.0    0.0      0.0
                               2001
                               2000
  MONTH TO DATE    0.0                0.0    0.0      0.0
  SINCE JUN 1      0.0                0.0    0.0      0.0
  SINCE JUL 1     39.2               49.3  -10.1     41.6
  SNOW DEPTH       0

DEGREE DAYS
 HEATING
  YESTERDAY        0                  2     -2        0
  MONTH TO DATE    0                 66    -66        5
  SINCE JUN 1      0                 66    -66        5
  SINCE JUL 1   6176               6838   -662     5719

 COOLING
  YESTERDAY        5                  3      2       16
  MONTH TO DATE   94                 30     64      115
  SINCE JUN 1     94                 30     64      115
  SINCE JAN 1    107                 48     59      121
...........................................................


WIND (MPH)
  HIGHEST GUST SPEED    26   HIGHEST GUST DIRECTION     W (290)



WEATHER CONDITIONS
 THE FOLLOWING WEATHER WAS RECORDED YESTERDAY.
  LIGHT RAIN


..........................................................


THE EAST RAPID CITY SD CLIMATE NORMALS FOR TODAY
                         NORMAL    RECORD    YEAR
 MAXIMUM TEMPERATURE (F)   77        98      1940
 MINIMUM TEMPERATURE (F)   55        40      1912


SUNRISE AND SUNSET
JUNE 17 2017..........SUNRISE   509 AM MDT   SUNSET   839 PM MDT
JUNE 18 2017..........SUNRISE   509 AM MDT   SUNSET   839 PM MDT


-  INDICATES NEGATIVE NUMBERS.
R  INDICATES RECORD WAS SET OR TIED.
MM INDICATES DATA IS MISSING.
T  INDICATES TRACE AMOUNT.




$$
