000
CDUS43 KUNR 100834
CLIUNR


CLIMATE REPORT
NATIONAL WEATHER SERVICE RAPID CITY SD
133 AM MST SAT FEB 10 2018


...................................

...THE EAST RAPID CITY SD CLIMATE SUMMARY FOR FEBRUARY 9 2018...

CLIMATE NORMAL PERIOD 1981 TO 2010
CLIMATE RECORD PERIOD 1888 TO 2018


WEATHER ITEM   OBSERVED RECORD YEAR NORMAL DEPARTURE LAST
                VALUE   VALUE       VALUE  FROM      YEAR
                                           NORMAL
...........................................................
TEMPERATURE (F)
 YESTERDAY
  MAXIMUM          2     70    1996  37    -35       60
  MINIMUM         -3    -24    1933  17    -20       10
  AVERAGE          0                 27    -27       35

PRECIPITATION (IN)
  YESTERDAY        0.09   0.71 1953   0.01   0.08     0.00
  MONTH TO DATE    0.40               0.15   0.25     0.17
  SINCE DEC 1      0.96               0.76   0.20     1.34
  SINCE JAN 1      0.66               0.44   0.22     0.52

SNOWFALL (IN)
  YESTERDAY        1.8    7.1  1953   0.2    1.6      0.0
  MONTH TO DATE    6.8                2.3    4.5      4.8
  SINCE DEC 1     17.9               13.0    4.9     25.0
  SINCE JUL 1     19.0               21.6   -2.6     28.7
  SNOW DEPTH       3

DEGREE DAYS
 HEATING
  YESTERDAY       65                 38     27       30
  MONTH TO DATE  460                342    118      413
  SINCE DEC 1   2824               2690    134     3107
  SINCE JUL 1   4204               4270    -66     4138

 COOLING
  YESTERDAY        0                  0      0        0
  MONTH TO DATE    0                  0      0        0
  SINCE DEC 1      0                  0      0        0
  SINCE JAN 1      0                  0      0        0
...........................................................


WIND (MPH)
  HIGHEST GUST SPEED    21   HIGHEST GUST DIRECTION     N (360)



WEATHER CONDITIONS
 THE FOLLOWING WEATHER WAS RECORDED YESTERDAY.
  LIGHT SNOW


..........................................................


THE EAST RAPID CITY SD CLIMATE NORMALS FOR TODAY
                         NORMAL    RECORD    YEAR
 MAXIMUM TEMPERATURE (F)   38        74      1951
 MINIMUM TEMPERATURE (F)   17       -26      1939


SUNRISE AND SUNSET
FEBRUARY 10 2018......SUNRISE   659 AM MST   SUNSET   516 PM MST
FEBRUARY 11 2018......SUNRISE   658 AM MST   SUNSET   517 PM MST


-  INDICATES NEGATIVE NUMBERS.
R  INDICATES RECORD WAS SET OR TIED.
MM INDICATES DATA IS MISSING.
T  INDICATES TRACE AMOUNT.




$$
