000
CDUS43 KUNR 120036
CLIUNR


CLIMATE REPORT
NATIONAL WEATHER SERVICE RAPID CITY SD
635 PM MDT FRI AUG 11 2017


...................................

...THE EAST RAPID CITY SD CLIMATE SUMMARY FOR AUGUST 11 2017...
VALID TODAY AS OF 0500 PM LOCAL TIME.

CLIMATE NORMAL PERIOD 1981 TO 2010
CLIMATE RECORD PERIOD 1888 TO 2017


WEATHER ITEM   OBSERVED RECORD YEAR NORMAL DEPARTURE LAST
                VALUE   VALUE       VALUE  FROM      YEAR
                                           NORMAL
...........................................................
TEMPERATURE (F)
 TODAY
  MAXIMUM         83    103    1969  85     -2       79
  MINIMUM         50     45    2004  61    -11       65
                               1939
  AVERAGE         67                 73     -6       72

PRECIPITATION (IN)
  TODAY            0.32   0.96 1925   0.07   0.25     0.03
  MONTH TO DATE    0.64               0.85  -0.21     1.18
  SINCE JUN 1      3.41               6.51  -3.10     4.62
  SINCE JAN 1      8.04              14.56  -6.52     9.16

SNOWFALL (IN)
  TODAY            0.0    0.0  2002   0.0    0.0      0.0
                               2001
                               2000
  MONTH TO DATE    0.0                0.0    0.0      0.0
  SINCE JUN 1      0.0                0.0    0.0      0.0
  SINCE JUL 1      0.0                0.0    0.0      0.0
  SNOW DEPTH       0

DEGREE DAYS
 HEATING
  TODAY            0                  0      0        0
  MONTH TO DATE    5                  0      5        0
  SINCE JUN 1     17                100    -83        6
  SINCE JUL 1      5                 12     -7        1

 COOLING
  TODAY            2                  8     -6        7
  MONTH TO DATE   32                 96    -64      107
  SINCE JUN 1    598                447    151      637
  SINCE JAN 1    611                465    146      643
...........................................................





WEATHER CONDITIONS
 THE FOLLOWING WEATHER WAS RECORDED TODAY.
  THUNDERSTORM
  LIGHT RAIN


..........................................................


THE EAST RAPID CITY SD CLIMATE NORMALS FOR TOMORROW
                         NORMAL    RECORD    YEAR
 MAXIMUM TEMPERATURE (F)   85       102      1938
 MINIMUM TEMPERATURE (F)   61        43      1964


SUNRISE AND SUNSET
AUGUST 11 2017........SUNRISE   552 AM MDT   SUNSET   803 PM MDT
AUGUST 12 2017........SUNRISE   553 AM MDT   SUNSET   801 PM MDT


-  INDICATES NEGATIVE NUMBERS.
R  INDICATES RECORD WAS SET OR TIED.
MM INDICATES DATA IS MISSING.
T  INDICATES TRACE AMOUNT.




$$
