000
CDUS43 KUNR 280833
CLIUNR


CLIMATE REPORT
NATIONAL WEATHER SERVICE RAPID CITY SD
231 AM MDT SUN JUN 28 2015


...................................

...THE EAST RAPID CITY SD CLIMATE SUMMARY FOR JUNE 27 2015...

CLIMATE NORMAL PERIOD 1981 TO 2010
CLIMATE RECORD PERIOD 1888 TO 2015


WEATHER ITEM   OBSERVED RECORD YEAR NORMAL DEPARTURE LAST
                VALUE   VALUE       VALUE  FROM      YEAR
                                           NORMAL
...........................................................
TEMPERATURE (F)
 YESTERDAY
  MAXIMUM         87    100    1931  80      7       76
  MINIMUM         62     43    1898  58      4       57
  AVERAGE         75                 69      6       67

PRECIPITATION (IN)
  YESTERDAY        0.00   1.10 1953   0.07  -0.07     0.38
  MONTH TO DATE    6.75               2.97   3.78     5.51
  SINCE JUN 1      6.75               2.97   3.78     5.51
  SINCE JAN 1     16.11              11.02   5.09    10.69

SNOWFALL (IN)
  YESTERDAY        0.0    0.0  2002   0.0    0.0      0.0
                               2001
                               1953
  MONTH TO DATE    0.0                0.0    0.0      0.0
  SINCE JUN 1      0.0                0.0    0.0      0.0
  SINCE JUL 1     50.7               49.3    1.4     73.5
  SNOW DEPTH       0

DEGREE DAYS
 HEATING
  YESTERDAY        0                  1     -1        0
  MONTH TO DATE   33                 84    -51      107
  SINCE JUN 1     33                 84    -51      107
  SINCE JUL 1   6273               6856   -583     7403

 COOLING
  YESTERDAY       10                  5      5        2
  MONTH TO DATE   73                 73      0       28
  SINCE JUN 1     73                 73      0       28
  SINCE JAN 1     81                 91    -10       56
...........................................................


WIND (MPH)
  HIGHEST GUST SPEED    22   HIGHEST GUST DIRECTION     N (360)



WEATHER CONDITIONS
 THE FOLLOWING WEATHER WAS RECORDED YESTERDAY.
  NO SIGNIFICANT WEATHER WAS OBSERVED.


..........................................................


THE EAST RAPID CITY SD CLIMATE NORMALS FOR TODAY
                         NORMAL    RECORD    YEAR
 MAXIMUM TEMPERATURE (F)   80       105      1931
 MINIMUM TEMPERATURE (F)   58        46      1944


SUNRISE AND SUNSET
JUNE 28 2015..........SUNRISE   512 AM MDT   SUNSET   840 PM MDT
JUNE 29 2015..........SUNRISE   512 AM MDT   SUNSET   840 PM MDT


-  INDICATES NEGATIVE NUMBERS.
R  INDICATES RECORD WAS SET OR TIED.
MM INDICATES DATA IS MISSING.
T  INDICATES TRACE AMOUNT.




$$
