000
CDUS43 KUNR 150036
CLIUNR


CLIMATE REPORT
NATIONAL WEATHER SERVICE RAPID CITY SD
535 PM MST WED FEB 14 2018


...................................

...THE EAST RAPID CITY SD CLIMATE SUMMARY FOR FEBRUARY 14 2018...
VALID TODAY AS OF 0500 PM LOCAL TIME.

CLIMATE NORMAL PERIOD 1981 TO 2010
CLIMATE RECORD PERIOD 1888 TO 2018


WEATHER ITEM   OBSERVED RECORD YEAR NORMAL DEPARTURE LAST
                VALUE   VALUE       VALUE  FROM      YEAR
                                           NORMAL
...........................................................
TEMPERATURE (F)
 TODAY
  MAXIMUM         54     70    1921  38     16       48
  MINIMUM         28    -31    1936  18     10       33
  AVERAGE         41                 28     13       41

PRECIPITATION (IN)
  TODAY            0.00   0.86 1889   0.02  -0.02     0.00
  MONTH TO DATE    0.45               0.23   0.22     0.18
  SINCE DEC 1      1.01               0.84   0.17     1.35
  SINCE JAN 1      0.71               0.52   0.19     0.53

SNOWFALL (IN)
  TODAY            0.0   10.0  1889   0.2   -0.2      0.0
  MONTH TO DATE    8.4                3.5    4.9      4.8
  SINCE DEC 1     19.5               14.2    5.3     25.0
  SINCE JUL 1     20.6               22.8   -2.2     28.7
  SNOW DEPTH       T

DEGREE DAYS
 HEATING
  TODAY           24                 37    -13       24
  MONTH TO DATE  699                529    170      527
  SINCE DEC 1   3063               2877    186     3221
  SINCE JUL 1   4443               4457    -14     4252

 COOLING
  TODAY            0                  0      0        0
  MONTH TO DATE    0                  0      0        0
  SINCE DEC 1      0                  0      0        0
  SINCE JAN 1      0                  0      0        0
...........................................................





WEATHER CONDITIONS
 THE FOLLOWING WEATHER WAS RECORDED TODAY.
  NO SIGNIFICANT WEATHER WAS OBSERVED.


..........................................................


THE EAST RAPID CITY SD CLIMATE NORMALS FOR TOMORROW
                         NORMAL    RECORD    YEAR
 MAXIMUM TEMPERATURE (F)   38        68      2017
 MINIMUM TEMPERATURE (F)   18       -26      1936


SUNRISE AND SUNSET
FEBRUARY 14 2018......SUNRISE   653 AM MST   SUNSET   521 PM MST
FEBRUARY 15 2018......SUNRISE   652 AM MST   SUNSET   523 PM MST


-  INDICATES NEGATIVE NUMBERS.
R  INDICATES RECORD WAS SET OR TIED.
MM INDICATES DATA IS MISSING.
T  INDICATES TRACE AMOUNT.




$$
