000
CDUS43 KUNR 150835
CLIUNR


CLIMATE REPORT
NATIONAL WEATHER SERVICE RAPID CITY SD
134 AM MST MON DEC 15 2014


...................................

...THE EAST RAPID CITY SD CLIMATE SUMMARY FOR DECEMBER 14 2014...

CLIMATE NORMAL PERIOD 1981 TO 2010
CLIMATE RECORD PERIOD 1888 TO 2014


WEATHER ITEM   OBSERVED RECORD YEAR NORMAL DEPARTURE LAST
                VALUE   VALUE       VALUE  FROM      YEAR
                                           NORMAL
...........................................................
TEMPERATURE (F)
 YESTERDAY
  MAXIMUM         47     69    1998  36     11       44
  MINIMUM         28    -24    1901  18     10       18
  AVERAGE         38                 27     11       31

PRECIPITATION (IN)
  YESTERDAY        T      0.27 1996   0.01  -0.01     0.00
  MONTH TO DATE    T                  0.13  -0.13     0.16
  SINCE DEC 1      T                  0.13  -0.13     0.16
  SINCE JAN 1     23.35              19.60   3.75    22.62

SNOWFALL (IN)
  YESTERDAY        T      4.1  1996   0.2   -0.2      0.0
  MONTH TO DATE    T                  2.4   -2.4      2.7
  SINCE DEC 1      T                  2.4   -2.4      2.7
  SINCE JUL 1     15.3               11.0    4.3     32.5
  SNOW DEPTH       0

DEGREE DAYS
 HEATING
  YESTERDAY       27                 38    -11       34
  MONTH TO DATE  365                515   -150      696
  SINCE DEC 1    365                515   -150      696
  SINCE JUL 1   1979               2095   -116     2285

 COOLING
  YESTERDAY        0                  0      0        0
  MONTH TO DATE    0                  0      0        0
  SINCE DEC 1      0                  0      0        0
  SINCE JAN 1    514                665   -151      830
...........................................................


WIND (MPH)
  HIGHEST GUST SPEED    39   HIGHEST GUST DIRECTION    NW (330)



WEATHER CONDITIONS
 THE FOLLOWING WEATHER WAS RECORDED YESTERDAY.
  LT FREEZING RAIN
  LIGHT SNOW


..........................................................


THE EAST RAPID CITY SD CLIMATE NORMALS FOR TODAY
                         NORMAL    RECORD    YEAR
 MAXIMUM TEMPERATURE (F)   36        66      1939
 MINIMUM TEMPERATURE (F)   18       -19      2008


SUNRISE AND SUNSET
DECEMBER 15 2014......SUNRISE   721 AM MST   SUNSET   415 PM MST
DECEMBER 16 2014......SUNRISE   722 AM MST   SUNSET   415 PM MST


-  INDICATES NEGATIVE NUMBERS.
R  INDICATES RECORD WAS SET OR TIED.
MM INDICATES DATA IS MISSING.
T  INDICATES TRACE AMOUNT.




$$
