000
CDUS43 KUNR 201832
CLIUNR


CLIMATE REPORT
NATIONAL WEATHER SERVICE RAPID CITY SD
1231 PM MDT TUE SEP 20 2016


...................................

...THE EAST RAPID CITY SD CLIMATE SUMMARY FOR SEPTEMBER 20 2016...
VALID AS OF 1100 AM LOCAL TIME.

CLIMATE NORMAL PERIOD 1981 TO 2010
CLIMATE RECORD PERIOD 1888 TO 2016


WEATHER ITEM   OBSERVED RECORD YEAR NORMAL DEPARTURE LAST
                VALUE   VALUE       VALUE  FROM      YEAR
                                           NORMAL
...........................................................
TEMPERATURE (F)
 TODAY
  MAXIMUM         72     99    1898  70      2       82
  MINIMUM         57     29    1927  48      9       57
  AVERAGE         65                 59      6       70

PRECIPITATION (IN)
  TODAY            0.00   1.18 1955   0.05  -0.05     0.00
  MONTH TO DATE    0.48               1.04  -0.56      T
  SINCE SEP 1      0.48               1.04  -0.56      T
  SINCE JAN 1     11.78              16.72  -4.94    22.10

SNOWFALL (IN)
  TODAY            0.0    0.2  1934   0.0    0.0      0.0
  MONTH TO DATE    0.0                0.0    0.0      0.0
  SINCE SEP 1      0.0                0.0    0.0      0.0
  SINCE JUL 1      0.0                0.0    0.0      0.0
  SNOW DEPTH       0

DEGREE DAYS
 HEATING
  TODAY            0                  7     -7        0
  MONTH TO DATE   56                 84    -28       29
  SINCE SEP 1     56                 84    -28       29
  SINCE JUL 1     81                114    -33       59

 COOLING
  TODAY            0                  1     -1        5
  MONTH TO DATE   44                 59    -15      106
  SINCE SEP 1     44                 59    -15      106
  SINCE JAN 1    804                654    150      683
...........................................................





WEATHER CONDITIONS
 THE FOLLOWING WEATHER WAS RECORDED TODAY.
  NO SIGNIFICANT WEATHER WAS OBSERVED.


..........................................................


THE EAST RAPID CITY SD CLIMATE NORMALS FOR TOMORROW
                         NORMAL    RECORD    YEAR
 MAXIMUM TEMPERATURE (F)   70        93      1922
 MINIMUM TEMPERATURE (F)   48        32      1954


SUNRISE AND SUNSET
SEPTEMBER 20 2016.....SUNRISE   638 AM MDT   SUNSET   653 PM MDT
SEPTEMBER 21 2016.....SUNRISE   639 AM MDT   SUNSET   651 PM MDT


-  INDICATES NEGATIVE NUMBERS.
R  INDICATES RECORD WAS SET OR TIED.
MM INDICATES DATA IS MISSING.
T  INDICATES TRACE AMOUNT.




$$
