000
CDUS43 KUNR 250830
CLIUNR


CLIMATE REPORT
NATIONAL WEATHER SERVICE RAPID CITY SD
230 AM MDT THU AUG 25 2016


...................................

...THE EAST RAPID CITY SD CLIMATE SUMMARY FOR AUGUST 24 2016...

CLIMATE NORMAL PERIOD 1981 TO 2010
CLIMATE RECORD PERIOD 1888 TO 2016


WEATHER ITEM   OBSERVED RECORD YEAR NORMAL DEPARTURE LAST
                VALUE   VALUE       VALUE  FROM      YEAR
                                           NORMAL
...........................................................
TEMPERATURE (F)
 YESTERDAY
  MAXIMUM         75     99    2000  82     -7       77
  MINIMUM         56     41    1910  58     -2       50
  AVERAGE         66                 70     -4       64

PRECIPITATION (IN)
  YESTERDAY        T      0.50 2007   0.06  -0.06     0.00
  MONTH TO DATE    2.15               1.63   0.52     1.51
  SINCE JUN 1      5.59               7.29  -1.70    12.00
  SINCE JAN 1     10.13              15.34  -5.21    21.36

SNOWFALL (IN)
  YESTERDAY        0.0    0.0  2002   0.0    0.0      0.0
                               2001
                               1951
  MONTH TO DATE    0.0                0.0    0.0      0.0
  SINCE JUN 1      0.0                0.0    0.0      0.0
  SINCE JUL 1      0.0                0.0    0.0      0.0
  SNOW DEPTH       0

DEGREE DAYS
 HEATING
  YESTERDAY        0                  1     -1        1
  MONTH TO DATE   14                  4     10       29
  SINCE JUN 1     20                104    -84       63
  SINCE JUL 1     15                 16     -1       30

 COOLING
  YESTERDAY        1                  6     -5        0
  MONTH TO DATE  191                188      3      174
  SINCE JUN 1    721                539    182      504
  SINCE JAN 1    727                557    170      512
...........................................................


WIND (MPH)
  HIGHEST GUST SPEED    32   HIGHEST GUST DIRECTION     N (340)



WEATHER CONDITIONS
 THE FOLLOWING WEATHER WAS RECORDED YESTERDAY.
  LIGHT RAIN


..........................................................


THE EAST RAPID CITY SD CLIMATE NORMALS FOR TODAY
                         NORMAL    RECORD    YEAR
 MAXIMUM TEMPERATURE (F)   82       101      1926
 MINIMUM TEMPERATURE (F)   58        39      1910


SUNRISE AND SUNSET
AUGUST 25 2016........SUNRISE   609 AM MDT   SUNSET   740 PM MDT
AUGUST 26 2016........SUNRISE   610 AM MDT   SUNSET   738 PM MDT


-  INDICATES NEGATIVE NUMBERS.
R  INDICATES RECORD WAS SET OR TIED.
MM INDICATES DATA IS MISSING.
T  INDICATES TRACE AMOUNT.




$$
