000
CDUS43 KUNR 230842
CLIUNR


CLIMATE REPORT
NATIONAL WEATHER SERVICE RAPID CITY SD
141 AM MST MON FEB 23 2015


...................................

...THE EAST RAPID CITY SD CLIMATE SUMMARY FOR FEBRUARY 22 2015...

CLIMATE NORMAL PERIOD 1981 TO 2010
CLIMATE RECORD PERIOD 1888 TO 2015


WEATHER ITEM   OBSERVED RECORD YEAR NORMAL DEPARTURE LAST
                VALUE   VALUE       VALUE  FROM      YEAR
                                           NORMAL
...........................................................
TEMPERATURE (F)
 YESTERDAY
  MAXIMUM         15     70    1958  40    -25       26
  MINIMUM          0    -17    1910  19    -19       12
  AVERAGE          8                 30    -22       19

PRECIPITATION (IN)
  YESTERDAY        0.01   0.53 1914   0.02  -0.01     0.02
  MONTH TO DATE    0.25               0.36  -0.11     0.14
  SINCE DEC 1      0.78               0.97  -0.19     0.94
  SINCE JAN 1      0.40               0.65  -0.25     0.40

SNOWFALL (IN)
  YESTERDAY        0.4    5.6  1914   0.3    0.1      0.7
  MONTH TO DATE    5.8                5.7    0.1      4.0
  SINCE DEC 1     17.6               16.4    1.2     17.3
  SINCE JUL 1     32.9               25.0    7.9     47.1
  SNOW DEPTH       1

DEGREE DAYS
 HEATING
  YESTERDAY       57                 35     22       46
  MONTH TO DATE  726                819    -93      962
  SINCE DEC 1   2816               3167   -351     3450
  SINCE JUL 1   4430               4747   -317     5039

 COOLING
  YESTERDAY        0                  0      0        0
  MONTH TO DATE    0                  0      0        0
  SINCE DEC 1      0                  0      0        0
  SINCE JAN 1      0                  0      0        0
...........................................................


WIND (MPH)
  HIGHEST GUST SPEED    25   HIGHEST GUST DIRECTION     N (10)



WEATHER CONDITIONS
 THE FOLLOWING WEATHER WAS RECORDED YESTERDAY.
  LIGHT SNOW


..........................................................


THE EAST RAPID CITY SD CLIMATE NORMALS FOR TODAY
                         NORMAL    RECORD    YEAR
 MAXIMUM TEMPERATURE (F)   40        67      1958
 MINIMUM TEMPERATURE (F)   20       -14      1965


SUNRISE AND SUNSET
FEBRUARY 23 2015......SUNRISE   640 AM MST   SUNSET   533 PM MST
FEBRUARY 24 2015......SUNRISE   638 AM MST   SUNSET   534 PM MST


-  INDICATES NEGATIVE NUMBERS.
R  INDICATES RECORD WAS SET OR TIED.
MM INDICATES DATA IS MISSING.
T  INDICATES TRACE AMOUNT.




$$
