302
CDUS43 KUNR 170834
CLIUNR


CLIMATE REPORT
NATIONAL WEATHER SERVICE RAPID CITY SD
233 AM MDT SUN SEP 17 2017


...................................

...THE EAST RAPID CITY SD CLIMATE SUMMARY FOR SEPTEMBER 16 2017...

CLIMATE NORMAL PERIOD 1981 TO 2010
CLIMATE RECORD PERIOD 1888 TO 2017


WEATHER ITEM   OBSERVED RECORD YEAR NORMAL DEPARTURE LAST
                VALUE   VALUE       VALUE  FROM      YEAR
                                           NORMAL
...........................................................
TEMPERATURE (F)
 YESTERDAY
  MAXIMUM         50     96    1895  72    -22       72
  MINIMUM         40     29    1965  50    -10       54
  AVERAGE         45                 61    -16       63

PRECIPITATION (IN)
  YESTERDAY        0.00   2.76 1913   0.06  -0.06      T
  MONTH TO DATE    1.14               0.84   0.30     0.48
  SINCE SEP 1      1.14               0.84   0.30     0.48
  SINCE JAN 1     11.11              16.52  -5.41    11.78

SNOWFALL (IN)
  YESTERDAY        0.0    2.6  1965   0.0    0.0      0.0
  MONTH TO DATE    0.0                0.0    0.0      0.0
  SINCE SEP 1      0.0                0.0    0.0      0.0
  SINCE JUL 1      0.0                0.0    0.0      0.0
  SNOW DEPTH       0

DEGREE DAYS
 HEATING
  YESTERDAY       20                  6     14        2
  MONTH TO DATE   45                 58    -13       56
  SINCE SEP 1     45                 58    -13       56
  SINCE JUL 1     50                 88    -38       81

 COOLING
  YESTERDAY        0                  2     -2        0
  MONTH TO DATE  112                 53     59       30
  SINCE SEP 1    112                 53     59       30
  SINCE JAN 1    849                648    201      790
...........................................................


WIND (MPH)
  HIGHEST GUST SPEED    28   HIGHEST GUST DIRECTION     N (350)



WEATHER CONDITIONS
 THE FOLLOWING WEATHER WAS RECORDED YESTERDAY.
  NO SIGNIFICANT WEATHER WAS OBSERVED.


..........................................................


THE EAST RAPID CITY SD CLIMATE NORMALS FOR TODAY
                         NORMAL    RECORD    YEAR
 MAXIMUM TEMPERATURE (F)   72        94      2000
 MINIMUM TEMPERATURE (F)   50        30      1901


SUNRISE AND SUNSET
SEPTEMBER 17 2017.....SUNRISE   635 AM MDT   SUNSET   659 PM MDT
SEPTEMBER 18 2017.....SUNRISE   636 AM MDT   SUNSET   657 PM MDT


-  INDICATES NEGATIVE NUMBERS.
R  INDICATES RECORD WAS SET OR TIED.
MM INDICATES DATA IS MISSING.
T  INDICATES TRACE AMOUNT.




$$
