000
CDUS43 KUNR 260832
CLIUNR


CLIMATE REPORT
NATIONAL WEATHER SERVICE RAPID CITY SD
231 AM MDT TUE AUG 26 2014


...................................

...THE EAST RAPID CITY SD CLIMATE SUMMARY FOR AUGUST 25 2014...

CLIMATE NORMAL PERIOD 1981 TO 2010
CLIMATE RECORD PERIOD 1888 TO 2014


WEATHER ITEM   OBSERVED RECORD YEAR NORMAL DEPARTURE LAST
                VALUE   VALUE       VALUE  FROM      YEAR
                                           NORMAL
...........................................................
TEMPERATURE (F)
 YESTERDAY
  MAXIMUM         68    101    1926  82    -14       96
  MINIMUM         48     39    1910  58    -10       71
  AVERAGE         58                 70    -12       84

PRECIPITATION (IN)
  YESTERDAY        0.00   0.64 1891   0.04  -0.04     0.00
  MONTH TO DATE    3.41               1.67   1.74     1.88
  SINCE JUN 1     10.88               7.33   3.55     5.87
  SINCE JAN 1     16.06              15.38   0.68    14.59

SNOWFALL (IN)
  YESTERDAY        0.0                0.0    0.0      0.0
  MONTH TO DATE    0.0                0.0    0.0      0.0
  SINCE JUN 1      0.0                0.0    0.0      0.0
  SINCE JUL 1      0.0                0.0    0.0      0.0
  SNOW DEPTH       0

DEGREE DAYS
 HEATING
  YESTERDAY        7                  1      6        0
  MONTH TO DATE    8                  5      3        0
  SINCE JUN 1    127                105     22       64
  SINCE JUL 1     19                 17      2        6

 COOLING
  YESTERDAY        0                  6     -6       19
  MONTH TO DATE  159                194    -35      190
  SINCE JUN 1    396                545   -149      563
  SINCE JAN 1    424                563   -139      587
...........................................................


WIND (MPH)
  HIGHEST GUST SPEED    18   HIGHEST GUST DIRECTION     N (360)



WEATHER CONDITIONS
 THE FOLLOWING WEATHER WAS RECORDED YESTERDAY.
  NO SIGNIFICANT WEATHER WAS OBSERVED.


..........................................................


THE EAST RAPID CITY SD CLIMATE NORMALS FOR TODAY
                         NORMAL    RECORD    YEAR
 MAXIMUM TEMPERATURE (F)   82       103      1926
 MINIMUM TEMPERATURE (F)   58        39      1910


SUNRISE AND SUNSET
AUGUST 26 2014........SUNRISE   609 AM MDT   SUNSET   739 PM MDT
AUGUST 27 2014........SUNRISE   610 AM MDT   SUNSET   737 PM MDT


-  INDICATES NEGATIVE NUMBERS.
R  INDICATES RECORD WAS SET OR TIED.
MM INDICATES DATA IS MISSING.
T  INDICATES TRACE AMOUNT.




$$
