000
CDUS43 KUNR 090036
CLIUNR


CLIMATE REPORT
NATIONAL WEATHER SERVICE RAPID CITY SD
636 PM MDT TUE APR 8 2014


...................................

...THE EAST RAPID CITY SD CLIMATE SUMMARY FOR APRIL 8 2014...
VALID TODAY AS OF 0500 PM LOCAL TIME.

CLIMATE NORMAL PERIOD 1981 TO 2010
CLIMATE RECORD PERIOD 1888 TO 2014


WEATHER ITEM   OBSERVED RECORD YEAR NORMAL DEPARTURE LAST
                VALUE   VALUE       VALUE  FROM      YEAR
                                           NORMAL
...........................................................
TEMPERATURE (F)
 TODAY
  MAXIMUM         66     84    1930  53     13       43
  MINIMUM         36      7    1997  31      5       13
  AVERAGE         51                 42      9       28

PRECIPITATION (IN)
  TODAY            0.00   0.89 1969   0.06  -0.06     0.35
  MONTH TO DATE    0.61               0.38   0.23     0.40
  SINCE MAR 1      1.74               1.37   0.37     1.09
  SINCE JAN 1      2.25               2.14   0.11     1.77

SNOWFALL (IN)
  TODAY            0.0                0.3   -0.3      3.6
  MONTH TO DATE    7.6                2.8    4.8      3.6
  SINCE MAR 1     22.0               14.6    7.4     15.4
  SINCE JUL 1     72.1               41.3   30.8     37.1
  SNOW DEPTH       0

DEGREE DAYS
 HEATING
  TODAY           14                 23     -9       37
  MONTH TO DATE  224                191     33      165
  SINCE MAR 1   1244               1099    145     1109
  SINCE JUL 1   6592               6053    539     5737

 COOLING
  TODAY            0                  0      0        0
  MONTH TO DATE    0                  0      0        0
  SINCE MAR 1      0                  0      0        0
  SINCE JAN 1      0                  0      0        0
...........................................................





WEATHER CONDITIONS
 THE FOLLOWING WEATHER WAS RECORDED TODAY.
  NO SIGNIFICANT WEATHER WAS OBSERVED.


..........................................................


THE EAST RAPID CITY SD CLIMATE NORMALS FOR TOMORROW
                         NORMAL    RECORD    YEAR
 MAXIMUM TEMPERATURE (F)   53        78      1917
 MINIMUM TEMPERATURE (F)   32        10      2013


SUNRISE AND SUNSET
APRIL  8 2014.........SUNRISE   622 AM MDT   SUNSET   728 PM MDT
APRIL  9 2014.........SUNRISE   620 AM MDT   SUNSET   730 PM MDT


-  INDICATES NEGATIVE NUMBERS.
R  INDICATES RECORD WAS SET OR TIED.
MM INDICATES DATA IS MISSING.
T  INDICATES TRACE AMOUNT.




$$
