000
CDUS43 KUNR 201831
CLIUNR


CLIMATE REPORT
NATIONAL WEATHER SERVICE RAPID CITY SD
1231 PM MDT WED APR 20 2016


...................................

...THE EAST RAPID CITY SD CLIMATE SUMMARY FOR APRIL 20 2016...
VALID AS OF 1100 AM LOCAL TIME.

CLIMATE NORMAL PERIOD 1981 TO 2010
CLIMATE RECORD PERIOD 1888 TO 2016


WEATHER ITEM   OBSERVED RECORD YEAR NORMAL DEPARTURE LAST
                VALUE   VALUE       VALUE  FROM      YEAR
                                           NORMAL
...........................................................
TEMPERATURE (F)
 TODAY
  MAXIMUM         55     88    1910  57     -2       52
  MINIMUM         39     11    1927  36      3       34
  AVERAGE         47                 46      1       43

PRECIPITATION (IN)
  TODAY            0.00   1.10 1971   0.07  -0.07     0.00
  MONTH TO DATE    0.42               1.22  -0.80     0.51
  SINCE MAR 1      1.47               2.21  -0.74     0.61
  SINCE JAN 1      2.28               2.98  -0.70     1.16

SNOWFALL (IN)
  TODAY            0.0    3.4  2002   0.3   -0.3      0.0
  MONTH TO DATE    1.2                6.7   -5.5       T
  SINCE MAR 1      9.1               18.5   -9.4      1.4
  SINCE JUL 1     39.0               45.2   -6.2     37.1
  SNOW DEPTH       0

DEGREE DAYS
 HEATING
  TODAY           18                 19     -1       22
  MONTH TO DATE  328                439   -111      361
  SINCE MAR 1   1013               1347   -334      986
  SINCE JUL 1   5262               6301  -1039     5682

 COOLING
  TODAY            0                  0      0        0
  MONTH TO DATE    0                  0      0        0
  SINCE MAR 1      0                  0      0        6
  SINCE JAN 1      0                  0      0        6
...........................................................





WEATHER CONDITIONS
 THE FOLLOWING WEATHER WAS RECORDED TODAY.
  NO SIGNIFICANT WEATHER WAS OBSERVED.


..........................................................


THE EAST RAPID CITY SD CLIMATE NORMALS FOR TOMORROW
                         NORMAL    RECORD    YEAR
 MAXIMUM TEMPERATURE (F)   58        86      1901
 MINIMUM TEMPERATURE (F)   36        12      1927


SUNRISE AND SUNSET
APRIL 20 2016.........SUNRISE   600 AM MDT   SUNSET   744 PM MDT
APRIL 21 2016.........SUNRISE   559 AM MDT   SUNSET   745 PM MDT


-  INDICATES NEGATIVE NUMBERS.
R  INDICATES RECORD WAS SET OR TIED.
MM INDICATES DATA IS MISSING.
T  INDICATES TRACE AMOUNT.




$$
