000
CDUS43 KUNR 170831
CLIUNR


CLIMATE REPORT
NATIONAL WEATHER SERVICE RAPID CITY SD
130 AM MST FRI FEB 17 2017


...................................

...THE EAST RAPID CITY SD CLIMATE SUMMARY FOR FEBRUARY 16 2017...

CLIMATE NORMAL PERIOD 1981 TO 2010
CLIMATE RECORD PERIOD 1888 TO 2017


WEATHER ITEM   OBSERVED RECORD YEAR NORMAL DEPARTURE LAST
                VALUE   VALUE       VALUE  FROM      YEAR
                                           NORMAL
...........................................................
TEMPERATURE (F)
 YESTERDAY
  MAXIMUM         72R    66    2011  39     33       52
                               1916
  MINIMUM         48    -27    1936  18     30       31
  AVERAGE         60                 28     32       42

PRECIPITATION (IN)
  YESTERDAY        0.00   0.16 1998   0.01  -0.01      T
  MONTH TO DATE    0.18               0.26  -0.08     0.41
  SINCE DEC 1      1.35               0.87   0.48     1.31
  SINCE JAN 1      0.53               0.55  -0.02     0.58

SNOWFALL (IN)
  YESTERDAY        0.0    2.3  2015   0.3   -0.3      0.0
  MONTH TO DATE    4.8                4.1    0.7      3.8
  SINCE DEC 1     25.0               14.8   10.2     21.8
  SINCE JUL 1     28.7               23.4    5.3     27.8
  SNOW DEPTH       0

DEGREE DAYS
 HEATING
  YESTERDAY        5                 37    -32       23
  MONTH TO DATE  549                603    -54      473
  SINCE DEC 1   3243               2951    292     2699
  SINCE JUL 1   4274               4531   -257     3957

 COOLING
  YESTERDAY        0                  0      0        0
  MONTH TO DATE    0                  0      0        0
  SINCE DEC 1      0                  0      0        0
  SINCE JAN 1      0                  0      0        0
...........................................................


WIND (MPH)
  HIGHEST GUST SPEED    21   HIGHEST GUST DIRECTION     W (260)



WEATHER CONDITIONS
 THE FOLLOWING WEATHER WAS RECORDED YESTERDAY.
  NO SIGNIFICANT WEATHER WAS OBSERVED.


..........................................................


THE EAST RAPID CITY SD CLIMATE NORMALS FOR TODAY
                         NORMAL    RECORD    YEAR
 MAXIMUM TEMPERATURE (F)   39        67      1948
 MINIMUM TEMPERATURE (F)   18       -25      1936


SUNRISE AND SUNSET
FEBRUARY 17 2017......SUNRISE   649 AM MST   SUNSET   526 PM MST
FEBRUARY 18 2017......SUNRISE   647 AM MST   SUNSET   527 PM MST


-  INDICATES NEGATIVE NUMBERS.
R  INDICATES RECORD WAS SET OR TIED.
MM INDICATES DATA IS MISSING.
T  INDICATES TRACE AMOUNT.




$$
