000
CDUS43 KUNR 290841
CLIUNR


CLIMATE REPORT
NATIONAL WEATHER SERVICE RAPID CITY SD
240 AM MDT WED JUL 29 2015


...................................

...THE EAST RAPID CITY SD CLIMATE SUMMARY FOR JULY 28 2015...

CLIMATE NORMAL PERIOD 1981 TO 2010
CLIMATE RECORD PERIOD 1888 TO 2015


WEATHER ITEM   OBSERVED RECORD YEAR NORMAL DEPARTURE LAST
                VALUE   VALUE       VALUE  FROM      YEAR
                                           NORMAL
...........................................................
TEMPERATURE (F)
 YESTERDAY
  MAXIMUM         76    104    2006  86    -10       80
  MINIMUM         57     47    1971  63     -6       55
  AVERAGE         67                 74     -7       68

PRECIPITATION (IN)
  YESTERDAY        0.00   0.88 1922   0.09  -0.09     0.00
  MONTH TO DATE    3.62               2.20   1.42     1.42
  SINCE JUN 1     10.49               5.36   5.13     7.47
  SINCE JAN 1     19.85              13.41   6.44    12.65

SNOWFALL (IN)
  YESTERDAY        0.0    0.0  2002   0.0    0.0      0.0
                               2001
                               2000
  MONTH TO DATE    0.0                0.0    0.0      0.0
  SINCE JUN 1      0.0                0.0    0.0      0.0
  SINCE JUL 1      0.0                0.0    0.0      0.0
  SNOW DEPTH       0

DEGREE DAYS
 HEATING
  YESTERDAY        0                  0      0        0
  MONTH TO DATE    1                  6     -5       11
  SINCE JUN 1     34                 94    -60      119
  SINCE JUL 1      1                  6     -5       11

 COOLING
  YESTERDAY        2                  9     -7        3
  MONTH TO DATE  200                230    -30      190
  SINCE JUN 1    307                321    -14      218
  SINCE JAN 1    315                339    -24      246
...........................................................


WIND (MPH)
  HIGHEST GUST SPEED    30   HIGHEST GUST DIRECTION    NW (300)



WEATHER CONDITIONS
 THE FOLLOWING WEATHER WAS RECORDED YESTERDAY.
  NO SIGNIFICANT WEATHER WAS OBSERVED.


..........................................................


THE EAST RAPID CITY SD CLIMATE NORMALS FOR TODAY
                         NORMAL    RECORD    YEAR
 MAXIMUM TEMPERATURE (F)   86       103      2006
 MINIMUM TEMPERATURE (F)   63        48      1899


SUNRISE AND SUNSET
JULY 29 2015..........SUNRISE   537 AM MDT   SUNSET   821 PM MDT
JULY 30 2015..........SUNRISE   538 AM MDT   SUNSET   819 PM MDT


-  INDICATES NEGATIVE NUMBERS.
R  INDICATES RECORD WAS SET OR TIED.
MM INDICATES DATA IS MISSING.
T  INDICATES TRACE AMOUNT.




$$
