000
CDUS43 KUNR 190839
CLIUNR


CLIMATE REPORT
NATIONAL WEATHER SERVICE RAPID CITY SD
235 AM MDT SAT JUL 19 2014


...................................

...THE EAST RAPID CITY SD CLIMATE SUMMARY FOR JULY 18 2014...

CLIMATE NORMAL PERIOD 1981 TO 2010
CLIMATE RECORD PERIOD 1888 TO 2014


WEATHER ITEM   OBSERVED RECORD YEAR NORMAL DEPARTURE LAST
                VALUE   VALUE       VALUE  FROM      YEAR
                                           NORMAL
...........................................................
TEMPERATURE (F)
 YESTERDAY
  MAXIMUM         86    104    1934  85      1       92
  MINIMUM         56     48    1950  62     -6       68
  AVERAGE         71                 74     -3       80

PRECIPITATION (IN)
  YESTERDAY        0.15   2.48 1946   0.08   0.07      T
  MONTH TO DATE    0.47               1.33  -0.86     0.76
  SINCE JUN 1      6.52               4.49   2.03     2.43
  SINCE JAN 1     11.70              12.54  -0.84    11.15

SNOWFALL (IN)
  YESTERDAY        0.0                0.0    0.0      0.0
  MONTH TO DATE    0.0                0.0    0.0      0.0
  SINCE JUN 1      0.0                0.0    0.0      0.0
  SINCE JUL 1      0.0                0.0    0.0      0.0
  SNOW DEPTH       0

DEGREE DAYS
 HEATING
  YESTERDAY        0                  0      0        0
  MONTH TO DATE   11                  6      5        0
  SINCE JUN 1    119                 94     25       58
  SINCE JUL 1     11                  6      5        0

 COOLING
  YESTERDAY        6                  9     -3       15
  MONTH TO DATE   91                140    -49      195
  SINCE JUN 1    119                231   -112      290
  SINCE JAN 1    147                249   -102      314
...........................................................


WIND (MPH)
  HIGHEST GUST SPEED    35   HIGHEST GUST DIRECTION     N (10)



WEATHER CONDITIONS
 THE FOLLOWING WEATHER WAS RECORDED YESTERDAY.
  THUNDERSTORM
  LIGHT RAIN


..........................................................


THE EAST RAPID CITY SD CLIMATE NORMALS FOR TODAY
                         NORMAL    RECORD    YEAR
 MAXIMUM TEMPERATURE (F)   85       104      1936
 MINIMUM TEMPERATURE (F)   63        50      1950


SUNRISE AND SUNSET
JULY 19 2014..........SUNRISE   527 AM MDT   SUNSET   830 PM MDT
JULY 20 2014..........SUNRISE   528 AM MDT   SUNSET   829 PM MDT


-  INDICATES NEGATIVE NUMBERS.
R  INDICATES RECORD WAS SET OR TIED.
MM INDICATES DATA IS MISSING.
T  INDICATES TRACE AMOUNT.




$$
