141
CDUS43 KUNR 010834
CLIUNR


CLIMATE REPORT
NATIONAL WEATHER SERVICE RAPID CITY SD
133 AM MST THU DEC 1 2016


...................................

...THE EAST RAPID CITY SD CLIMATE SUMMARY FOR NOVEMBER 30 2016...

CLIMATE NORMAL PERIOD 1981 TO 2010
CLIMATE RECORD PERIOD 1888 TO 2016


WEATHER ITEM   OBSERVED RECORD YEAR NORMAL DEPARTURE LAST
                VALUE   VALUE       VALUE  FROM      YEAR
                                           NORMAL
...........................................................
TEMPERATURE (F)
 YESTERDAY
  MAXIMUM         33     72    1889  39     -6       25
  MINIMUM         23     -9    1896  22      1       10
  AVERAGE         28                 30     -2       18

PRECIPITATION (IN)
  YESTERDAY        T      0.67 1954   0.01  -0.01     0.01
  MONTH TO DATE    0.22               0.60  -0.38     0.30
  SINCE SEP 1      1.65               3.79  -2.14     1.66
  SINCE JAN 1     12.95              19.47  -6.52    23.76

SNOWFALL (IN)
  YESTERDAY        T      8.0  1954   0.2   -0.2      0.2
  MONTH TO DATE    3.7                6.2   -2.5      6.0
  SINCE SEP 1      3.7                8.6   -4.9      6.0
  SINCE JUL 1      3.7                8.6   -4.9      6.0
  SNOW DEPTH       0

DEGREE DAYS
 HEATING
  YESTERDAY       37                 35      2       47
  MONTH TO DATE  565                851   -286      801
  SINCE SEP 1   1006               1550   -544     1228
  SINCE JUL 1   1031               1580   -549     1258

 COOLING
  YESTERDAY        0                  0      0        0
  MONTH TO DATE    0                  0      0        0
  SINCE SEP 1     53                 70    -17      139
  SINCE JAN 1    813                665    148      716
...........................................................


WIND (MPH)
  HIGHEST GUST SPEED    37   HIGHEST GUST DIRECTION     N (350)



WEATHER CONDITIONS
 THE FOLLOWING WEATHER WAS RECORDED YESTERDAY.
  LIGHT SNOW


..........................................................


THE EAST RAPID CITY SD CLIMATE NORMALS FOR TODAY
                         NORMAL    RECORD    YEAR
 MAXIMUM TEMPERATURE (F)   39        68      1998
 MINIMUM TEMPERATURE (F)   22       -12      1919


SUNRISE AND SUNSET
DECEMBER  1 2016......SUNRISE   708 AM MST   SUNSET   416 PM MST
DECEMBER  2 2016......SUNRISE   709 AM MST   SUNSET   415 PM MST


-  INDICATES NEGATIVE NUMBERS.
R  INDICATES RECORD WAS SET OR TIED.
MM INDICATES DATA IS MISSING.
T  INDICATES TRACE AMOUNT.




$$
