106
CDUS43 KUNR 140832
CLIUNR


CLIMATE REPORT
NATIONAL WEATHER SERVICE RAPID CITY SD
131 AM MST SAT JAN 14 2017


...................................

...THE EAST RAPID CITY SD CLIMATE SUMMARY FOR JANUARY 13 2017...

CLIMATE NORMAL PERIOD 1981 TO 2010
CLIMATE RECORD PERIOD 1888 TO 2017


WEATHER ITEM   OBSERVED RECORD YEAR NORMAL DEPARTURE LAST
                VALUE   VALUE       VALUE  FROM      YEAR
                                           NORMAL
...........................................................
TEMPERATURE (F)
 YESTERDAY
  MAXIMUM         30     61    1943  38     -8       48
  MINIMUM          5    -24    1888  16    -11       30
  AVERAGE         18                 27     -9       39

PRECIPITATION (IN)
  YESTERDAY        0.00   0.08 1930   0.01  -0.01     0.00
  MONTH TO DATE    0.12               0.11   0.01      T
  SINCE DEC 1      0.94               0.43   0.51     0.73
  SINCE JAN 1      0.12               0.11   0.01      T

SNOWFALL (IN)
  YESTERDAY        0.0    1.2  1922   0.2   -0.2      0.0
  MONTH TO DATE    3.6                2.0    1.6       T
  SINCE DEC 1     15.7                7.2    8.5     15.5
  SINCE JUL 1     19.4               15.8    3.6     21.5
  SNOW DEPTH       4

DEGREE DAYS
 HEATING
  YESTERDAY       47                 38      9       26
  MONTH TO DATE  717                494    223      522
  SINCE DEC 1   2110               1661    449     1624
  SINCE JUL 1   3141               3241   -100     2882

 COOLING
  YESTERDAY        0                  0      0        0
  MONTH TO DATE    0                  0      0        0
  SINCE DEC 1      0                  0      0        0
  SINCE JAN 1      0                  0      0        0
...........................................................


WIND (MPH)
  HIGHEST GUST SPEED    21   HIGHEST GUST DIRECTION    SE (150)



WEATHER CONDITIONS
 THE FOLLOWING WEATHER WAS RECORDED YESTERDAY.
  NO SIGNIFICANT WEATHER WAS OBSERVED.


..........................................................


THE EAST RAPID CITY SD CLIMATE NORMALS FOR TODAY
                         NORMAL    RECORD    YEAR
 MAXIMUM TEMPERATURE (F)   38        62      2006
 MINIMUM TEMPERATURE (F)   16       -30      1888


SUNRISE AND SUNSET
JANUARY 14 2017.......SUNRISE   725 AM MST   SUNSET   440 PM MST
JANUARY 15 2017.......SUNRISE   724 AM MST   SUNSET   441 PM MST


-  INDICATES NEGATIVE NUMBERS.
R  INDICATES RECORD WAS SET OR TIED.
MM INDICATES DATA IS MISSING.
T  INDICATES TRACE AMOUNT.




$$
