000
CDUS43 KUNR 100836
CLIUNR


CLIMATE REPORT
NATIONAL WEATHER SERVICE RAPID CITY SD
236 AM MDT TUE OCT 10 2017


...................................

...THE EAST RAPID CITY SD CLIMATE SUMMARY FOR OCTOBER 9 2017...

CLIMATE NORMAL PERIOD 1981 TO 2010
CLIMATE RECORD PERIOD 1888 TO 2017


WEATHER ITEM   OBSERVED RECORD YEAR NORMAL DEPARTURE LAST
                VALUE   VALUE       VALUE  FROM      YEAR
                                           NORMAL
...........................................................
TEMPERATURE (F)
 YESTERDAY
  MAXIMUM         50     90    2003  62    -12       83
  MINIMUM         34     16    2009  40     -6       40
                               1919
  AVERAGE         42                 51     -9       62

PRECIPITATION (IN)
  YESTERDAY        0.00   0.52 2001   0.05  -0.05     0.00
  MONTH TO DATE    0.67               0.49   0.18     0.27
  SINCE SEP 1      2.29               2.03   0.26     1.14
  SINCE JAN 1     12.26              17.71  -5.45    12.44

SNOWFALL (IN)
  YESTERDAY        0.0    4.3  1932   0.0    0.0      0.0
  MONTH TO DATE    0.0                0.2   -0.2      0.0
  SINCE SEP 1      0.0                0.3   -0.3      0.0
  SINCE JUL 1      0.0                0.3   -0.3      0.0
  SNOW DEPTH       0

DEGREE DAYS
 HEATING
  YESTERDAY       23                 15      8        3
  MONTH TO DATE  137                117     20      100
  SINCE SEP 1    319                296     23      199
  SINCE JUL 1    324                326     -2      224

 COOLING
  YESTERDAY        0                  0      0        0
  MONTH TO DATE    0                  0      0        2
  SINCE SEP 1    113                 66     47       49
  SINCE JAN 1    850                661    189      809
...........................................................


WIND (MPH)
  HIGHEST GUST SPEED    29   HIGHEST GUST DIRECTION     N (340)



WEATHER CONDITIONS
 THE FOLLOWING WEATHER WAS RECORDED YESTERDAY.
  NO SIGNIFICANT WEATHER WAS OBSERVED.


..........................................................


THE EAST RAPID CITY SD CLIMATE NORMALS FOR TODAY
                         NORMAL    RECORD    YEAR
 MAXIMUM TEMPERATURE (F)   61        87      2015
                                             1955
 MINIMUM TEMPERATURE (F)   39        13      2009
                                             1932


SUNRISE AND SUNSET
OCTOBER 10 2017.......SUNRISE   702 AM MDT   SUNSET   617 PM MDT
OCTOBER 11 2017.......SUNRISE   703 AM MDT   SUNSET   615 PM MDT


-  INDICATES NEGATIVE NUMBERS.
R  INDICATES RECORD WAS SET OR TIED.
MM INDICATES DATA IS MISSING.
T  INDICATES TRACE AMOUNT.




$$
