000
CDUS43 KUNR 200831
CLIUNR


CLIMATE REPORT
NATIONAL WEATHER SERVICE RAPID CITY SD
230 AM MDT THU APR 20 2017


...................................

...THE EAST RAPID CITY SD CLIMATE SUMMARY FOR APRIL 19 2017...

CLIMATE NORMAL PERIOD 1981 TO 2010
CLIMATE RECORD PERIOD 1888 TO 2017


WEATHER ITEM   OBSERVED RECORD YEAR NORMAL DEPARTURE LAST
                VALUE   VALUE       VALUE  FROM      YEAR
                                           NORMAL
...........................................................
TEMPERATURE (F)
 YESTERDAY
  MAXIMUM         50     85    1936  57     -7       55
  MINIMUM         42     18    1966  35      7       34
  AVERAGE         46                 46      0       45

PRECIPITATION (IN)
  YESTERDAY        0.27   1.63 1891   0.08   0.19     0.00
  MONTH TO DATE    1.23               1.15   0.08     0.42
  SINCE MAR 1      2.03               2.14  -0.11     1.47
  SINCE JAN 1      2.82               2.91  -0.09     2.28

SNOWFALL (IN)
  YESTERDAY        0.0   13.0  1959   0.2   -0.2      0.0
  MONTH TO DATE    1.4                6.4   -5.0      1.2
  SINCE MAR 1      2.7               18.2  -15.5      9.1
  SINCE JUL 1     35.9               44.9   -9.0     39.0
  SNOW DEPTH       0

DEGREE DAYS
 HEATING
  YESTERDAY       19                 19      0       20
  MONTH TO DATE  311                420   -109      310
  SINCE MAR 1   1080               1328   -248      995
  SINCE JUL 1   5676               6282   -606     5244

 COOLING
  YESTERDAY        0                  0      0        0
  MONTH TO DATE    0                  0      0        0
  SINCE MAR 1      0                  0      0        0
  SINCE JAN 1      0                  0      0        0
...........................................................


WIND (MPH)
  HIGHEST GUST SPEED    32   HIGHEST GUST DIRECTION    NW (300)



WEATHER CONDITIONS
 THE FOLLOWING WEATHER WAS RECORDED YESTERDAY.
  LIGHT RAIN


..........................................................


THE EAST RAPID CITY SD CLIMATE NORMALS FOR TODAY
                         NORMAL    RECORD    YEAR
 MAXIMUM TEMPERATURE (F)   57        88      1910
 MINIMUM TEMPERATURE (F)   36        11      1927


SUNRISE AND SUNSET
APRIL 20 2017.........SUNRISE   601 AM MDT   SUNSET   743 PM MDT
APRIL 21 2017.........SUNRISE   559 AM MDT   SUNSET   745 PM MDT


-  INDICATES NEGATIVE NUMBERS.
R  INDICATES RECORD WAS SET OR TIED.
MM INDICATES DATA IS MISSING.
T  INDICATES TRACE AMOUNT.




$$
