000
CDUS43 KUNR 160832
CLIUNR


CLIMATE REPORT
NATIONAL WEATHER SERVICE RAPID CITY SD
231 AM MDT MON MAY 16 2016


...................................

...THE EAST RAPID CITY SD CLIMATE SUMMARY FOR MAY 15 2016...

CLIMATE NORMAL PERIOD 1981 TO 2010
CLIMATE RECORD PERIOD 1888 TO 2016


WEATHER ITEM   OBSERVED RECORD YEAR NORMAL DEPARTURE LAST
                VALUE   VALUE       VALUE  FROM      YEAR
                                           NORMAL
...........................................................
TEMPERATURE (F)
 YESTERDAY
  MAXIMUM         56     95    1936  66    -10       52
  MINIMUM         36     29    1945  45     -9       46
  AVERAGE         46                 56    -10       49

PRECIPITATION (IN)
  YESTERDAY        0.00   2.10 1925   0.14  -0.14     1.44
  MONTH TO DATE    0.27               1.81  -1.54     4.04
  SINCE MAR 1      2.50               4.90  -2.40     5.09
  SINCE JAN 1      3.31               5.67  -2.36     5.64

SNOWFALL (IN)
  YESTERDAY        0.0    0.0  2002   0.0    0.0      0.0
                               2001
                               1945
  MONTH TO DATE    T                  1.6   -1.6     13.6
  SINCE MAR 1     11.7               22.2  -10.5     15.0
  SINCE JUL 1     41.6               48.9   -7.3     50.7
  SNOW DEPTH       0

DEGREE DAYS
 HEATING
  YESTERDAY       19                 10      9       16
  MONTH TO DATE  179                183     -4      211
  SINCE MAR 1   1376               1695   -319     1350
  SINCE JUL 1   5625               6649  -1024     6046

 COOLING
  YESTERDAY        0                  0      0        0
  MONTH TO DATE    2                  0      2        2
  SINCE MAR 1      4                  1      3        8
  SINCE JAN 1      4                  1      3        8
...........................................................


WIND (MPH)
  HIGHEST GUST SPEED    26   HIGHEST GUST DIRECTION    SE (150)



WEATHER CONDITIONS
 THE FOLLOWING WEATHER WAS RECORDED YESTERDAY.
  NO SIGNIFICANT WEATHER WAS OBSERVED.


..........................................................


THE EAST RAPID CITY SD CLIMATE NORMALS FOR TODAY
                         NORMAL    RECORD    YEAR
 MAXIMUM TEMPERATURE (F)   66        90      2012
                                             1934
 MINIMUM TEMPERATURE (F)   45        32      2009
                                             1942


SUNRISE AND SUNSET
MAY 16 2016...........SUNRISE   525 AM MDT   SUNSET   814 PM MDT
MAY 17 2016...........SUNRISE   524 AM MDT   SUNSET   815 PM MDT


-  INDICATES NEGATIVE NUMBERS.
R  INDICATES RECORD WAS SET OR TIED.
MM INDICATES DATA IS MISSING.
T  INDICATES TRACE AMOUNT.




$$
