000
CDUS43 KUNR 150038
CLIUNR


CLIMATE REPORT
NATIONAL WEATHER SERVICE RAPID CITY SD
538 PM MST SUN JAN 14 2018


...................................

...THE EAST RAPID CITY SD CLIMATE SUMMARY FOR JANUARY 14 2018...
VALID TODAY AS OF 0500 PM LOCAL TIME.

CLIMATE NORMAL PERIOD 1981 TO 2010
CLIMATE RECORD PERIOD 1888 TO 2018


WEATHER ITEM   OBSERVED RECORD YEAR NORMAL DEPARTURE LAST
                VALUE   VALUE       VALUE  FROM      YEAR
                                           NORMAL
...........................................................
TEMPERATURE (F)
 TODAY
  MAXIMUM         41     62    2006  38      3       29
  MINIMUM         24    -30    1888  16      8       18
  AVERAGE         33                 27      6       24

PRECIPITATION (IN)
  TODAY            0.10   0.35 1953   0.01   0.09     0.00
  MONTH TO DATE    0.15               0.12   0.03     0.12
  SINCE DEC 1      0.45               0.44   0.01     0.94
  SINCE JAN 1      0.15               0.12   0.03     0.12

SNOWFALL (IN)
  TODAY            1.2    4.0  1953   0.2    1.0      0.0
  MONTH TO DATE    1.9                2.2   -0.3      3.6
  SINCE DEC 1      9.2                7.4    1.8     15.7
  SINCE JUL 1     10.3               16.0   -5.7     19.4
  SNOW DEPTH       T

DEGREE DAYS
 HEATING
  TODAY           32                 38     -6       41
  MONTH TO DATE  569                532     37      758
  SINCE DEC 1   1760               1699     61     2151
  SINCE JUL 1   3140               3279   -139     3182

 COOLING
  TODAY            0                  0      0        0
  MONTH TO DATE    0                  0      0        0
  SINCE DEC 1      0                  0      0        0
  SINCE JAN 1      0                  0      0        0
...........................................................





WEATHER CONDITIONS
 THE FOLLOWING WEATHER WAS RECORDED TODAY.
  HEAVY SNOW
  LIGHT SNOW
  BLOWING SNOW


..........................................................


THE EAST RAPID CITY SD CLIMATE NORMALS FOR TOMORROW
                         NORMAL    RECORD    YEAR
 MAXIMUM TEMPERATURE (F)   38        60      2000
 MINIMUM TEMPERATURE (F)   16       -26      1888


SUNRISE AND SUNSET
JANUARY 14 2018.......SUNRISE   725 AM MST   SUNSET   439 PM MST
JANUARY 15 2018.......SUNRISE   724 AM MST   SUNSET   441 PM MST


-  INDICATES NEGATIVE NUMBERS.
R  INDICATES RECORD WAS SET OR TIED.
MM INDICATES DATA IS MISSING.
T  INDICATES TRACE AMOUNT.




$$
