000
CDUS43 KUNR 100838
CLIUNR


CLIMATE REPORT
NATIONAL WEATHER SERVICE RAPID CITY SD
137 AM MST TUE JAN 10 2017


...................................

...THE EAST RAPID CITY SD CLIMATE SUMMARY FOR JANUARY 9 2017...

CLIMATE NORMAL PERIOD 1981 TO 2010
CLIMATE RECORD PERIOD 1888 TO 2017


WEATHER ITEM   OBSERVED RECORD YEAR NORMAL DEPARTURE LAST
                VALUE   VALUE       VALUE  FROM      YEAR
                                           NORMAL
...........................................................
TEMPERATURE (F)
 YESTERDAY
  MAXIMUM         28     69    1953  38    -10       11
  MINIMUM          8    -22    1888  16     -8        1
  AVERAGE         18                 27     -9        6

PRECIPITATION (IN)
  YESTERDAY        T      0.12 1949   0.01  -0.01      T
  MONTH TO DATE    0.07               0.08  -0.01      T
  SINCE DEC 1      0.89               0.40   0.49     0.73
  SINCE JAN 1      0.07               0.08  -0.01      T

SNOWFALL (IN)
  YESTERDAY        0.1    1.7  1949   0.2   -0.1       T
  MONTH TO DATE    2.5                1.4    1.1       T
  SINCE DEC 1     14.6                6.6    8.0     15.5
  SINCE JUL 1     18.3               15.2    3.1     21.5
  SNOW DEPTH       3

DEGREE DAYS
 HEATING
  YESTERDAY       47                 38      9       59
  MONTH TO DATE  503                342    161      383
  SINCE DEC 1   1896               1509    387     1485
  SINCE JUL 1   2927               3089   -162     2743

 COOLING
  YESTERDAY        0                  0      0        0
  MONTH TO DATE    0                  0      0        0
  SINCE DEC 1      0                  0      0        0
  SINCE JAN 1      0                  0      0        0
...........................................................


WIND (MPH)
  HIGHEST GUST SPEED    36   HIGHEST GUST DIRECTION    SE (150)



WEATHER CONDITIONS
 THE FOLLOWING WEATHER WAS RECORDED YESTERDAY.
  LIGHT SNOW


..........................................................


THE EAST RAPID CITY SD CLIMATE NORMALS FOR TODAY
                         NORMAL    RECORD    YEAR
 MAXIMUM TEMPERATURE (F)   38        69      1928
 MINIMUM TEMPERATURE (F)   16       -17      1909


SUNRISE AND SUNSET
JANUARY 10 2017.......SUNRISE   727 AM MST   SUNSET   435 PM MST
JANUARY 11 2017.......SUNRISE   726 AM MST   SUNSET   436 PM MST


-  INDICATES NEGATIVE NUMBERS.
R  INDICATES RECORD WAS SET OR TIED.
MM INDICATES DATA IS MISSING.
T  INDICATES TRACE AMOUNT.




$$
