000
CDUS43 KUNR 180036
CLIUNR


CLIMATE REPORT
NATIONAL WEATHER SERVICE RAPID CITY SD
536 PM MST FRI FEB 17 2017


...................................

...THE EAST RAPID CITY SD CLIMATE SUMMARY FOR FEBRUARY 17 2017...
VALID TODAY AS OF 0500 PM LOCAL TIME.

CLIMATE NORMAL PERIOD 1981 TO 2010
CLIMATE RECORD PERIOD 1888 TO 2017


WEATHER ITEM   OBSERVED RECORD YEAR NORMAL DEPARTURE LAST
                VALUE   VALUE       VALUE  FROM      YEAR
                                           NORMAL
...........................................................
TEMPERATURE (F)
 TODAY
  MAXIMUM         63     67    1948  39     24       61
  MINIMUM         49    -25    1936  18     31       36
  AVERAGE         56                 28     28       49

PRECIPITATION (IN)
  TODAY            0.00   0.22 1962   0.02  -0.02     0.00
  MONTH TO DATE    0.18               0.28  -0.10     0.41
  SINCE DEC 1      1.35               0.89   0.46     1.31
  SINCE JAN 1      0.53               0.57  -0.04     0.58

SNOWFALL (IN)
  TODAY            0.0    3.5  1962   0.2   -0.2      0.0
  MONTH TO DATE    4.8                4.3    0.5      3.8
  SINCE DEC 1     25.0               15.0   10.0     21.8
  SINCE JUL 1     28.7               23.6    5.1     27.8
  SNOW DEPTH       0

DEGREE DAYS
 HEATING
  TODAY            9                 37    -28       16
  MONTH TO DATE  558                640    -82      489
  SINCE DEC 1   3252               2988    264     2715
  SINCE JUL 1   4283               4568   -285     3973

 COOLING
  TODAY            0                  0      0        0
  MONTH TO DATE    0                  0      0        0
  SINCE DEC 1      0                  0      0        0
  SINCE JAN 1      0                  0      0        0
...........................................................





WEATHER CONDITIONS
 THE FOLLOWING WEATHER WAS RECORDED TODAY.
  NO SIGNIFICANT WEATHER WAS OBSERVED.


..........................................................


THE EAST RAPID CITY SD CLIMATE NORMALS FOR TOMORROW
                         NORMAL    RECORD    YEAR
 MAXIMUM TEMPERATURE (F)   39        74      1930
 MINIMUM TEMPERATURE (F)   18       -24      1936


SUNRISE AND SUNSET
FEBRUARY 17 2017......SUNRISE   649 AM MST   SUNSET   526 PM MST
FEBRUARY 18 2017......SUNRISE   647 AM MST   SUNSET   527 PM MST


-  INDICATES NEGATIVE NUMBERS.
R  INDICATES RECORD WAS SET OR TIED.
MM INDICATES DATA IS MISSING.
T  INDICATES TRACE AMOUNT.




$$
