000
CDUS43 KUNR 050850
CLIUNR


CLIMATE REPORT
NATIONAL WEATHER SERVICE RAPID CITY SD
150 AM MST FRI FEB 5 2016


...................................

...THE EAST RAPID CITY SD CLIMATE SUMMARY FOR FEBRUARY 4 2016...

CLIMATE NORMAL PERIOD 1981 TO 2010
CLIMATE RECORD PERIOD 1888 TO 2016


WEATHER ITEM   OBSERVED RECORD YEAR NORMAL DEPARTURE LAST
                VALUE   VALUE       VALUE  FROM      YEAR
                                           NORMAL
...........................................................
TEMPERATURE (F)
 YESTERDAY
  MAXIMUM         36     73    2005  37     -1       21
  MINIMUM         18    -27    1899  17      1        6
  AVERAGE         27                 27      0       14

PRECIPITATION (IN)
  YESTERDAY        0.00   0.16 2010   0.02  -0.02      T
  MONTH TO DATE    0.24               0.07   0.17     0.01
  SINCE DEC 1      1.14               0.68   0.46     0.54
  SINCE JAN 1      0.41               0.36   0.05     0.16

SNOWFALL (IN)
  YESTERDAY        0.0    3.3  2010   0.3   -0.3       T
  MONTH TO DATE    3.8                1.1    2.7      0.4
  SINCE DEC 1     21.8               11.8    RRR     12.2
  SINCE JUL 1     27.8               20.4    7.4     27.5
  SNOW DEPTH       0

DEGREE DAYS
 HEATING
  YESTERDAY       38                 38      0       51
  MONTH TO DATE  153                152      1      190
  SINCE DEC 1   2379               2500   -121     2280
  SINCE JUL 1   3637               4080   -443     3894

 COOLING
  YESTERDAY        0                  0      0        0
  MONTH TO DATE    0                  0      0        0
  SINCE DEC 1      0                  0      0        0
  SINCE JAN 1      0                  0      0        0
...........................................................


WIND (MPH)
  HIGHEST GUST SPEED    17   HIGHEST GUST DIRECTION    SE (140)



WEATHER CONDITIONS
 THE FOLLOWING WEATHER WAS RECORDED YESTERDAY.
  NO SIGNIFICANT WEATHER WAS OBSERVED.


..........................................................


THE EAST RAPID CITY SD CLIMATE NORMALS FOR TODAY
                         NORMAL    RECORD    YEAR
 MAXIMUM TEMPERATURE (F)   37        67      1963
 MINIMUM TEMPERATURE (F)   17       -20      1936


SUNRISE AND SUNSET
FEBRUARY  5 2016......SUNRISE   706 AM MST   SUNSET   508 PM MST
FEBRUARY  6 2016......SUNRISE   705 AM MST   SUNSET   509 PM MST


-  INDICATES NEGATIVE NUMBERS.
R  INDICATES RECORD WAS SET OR TIED.
MM INDICATES DATA IS MISSING.
T  INDICATES TRACE AMOUNT.




$$
