000
CDUS43 KUNR 070832
CLIUNR


CLIMATE REPORT
NATIONAL WEATHER SERVICE RAPID CITY SD
232 AM MDT MON JUL 7 2014


...................................

...THE EAST RAPID CITY SD CLIMATE SUMMARY FOR JULY 6 2014...

CLIMATE NORMAL PERIOD 1981 TO 2010
CLIMATE RECORD PERIOD 1888 TO 2014


WEATHER ITEM   OBSERVED RECORD YEAR NORMAL DEPARTURE LAST
                VALUE   VALUE       VALUE  FROM      YEAR
                                           NORMAL
...........................................................
TEMPERATURE (F)
 YESTERDAY
  MAXIMUM         82    104    1936  83     -1       87
  MINIMUM         71     46    1934  61     10       63
  AVERAGE         77                 72      5       75

PRECIPITATION (IN)
  YESTERDAY        0.00   1.73 1933   0.08  -0.08     0.03
  MONTH TO DATE    T                  0.42  -0.42     0.31
  SINCE JUN 1      6.05               3.58   2.47     1.98
  SINCE JAN 1     11.23              11.63  -0.40    10.70

SNOWFALL (IN)
  YESTERDAY        0.0                0.0    0.0      0.0
  MONTH TO DATE    0.0                0.0    0.0      0.0
  SINCE JUN 1      0.0                0.0    0.0      0.0
  SINCE JUL 1      0.0                0.0    0.0      0.0
  SNOW DEPTH       0

DEGREE DAYS
 HEATING
  YESTERDAY        0                  1     -1        0
  MONTH TO DATE    4                  6     -2        0
  SINCE JUN 1    112                 94     18       58
  SINCE JUL 1      4                  6     -2        0

 COOLING
  YESTERDAY       12                  7      5       10
  MONTH TO DATE   42                 40      2       52
  SINCE JUN 1     70                131    -61      147
  SINCE JAN 1     98                149    -51      171
...........................................................


WIND (MPH)
  HIGHEST GUST SPEED    23   HIGHEST GUST DIRECTION    NW (330)



WEATHER CONDITIONS
 THE FOLLOWING WEATHER WAS RECORDED YESTERDAY.
  NO SIGNIFICANT WEATHER WAS OBSERVED.


..........................................................


THE EAST RAPID CITY SD CLIMATE NORMALS FOR TODAY
                         NORMAL    RECORD    YEAR
 MAXIMUM TEMPERATURE (F)   83       105      2007
 MINIMUM TEMPERATURE (F)   61        46      1931


SUNRISE AND SUNSET
JULY  7 2014..........SUNRISE   517 AM MDT   SUNSET   838 PM MDT
JULY  8 2014..........SUNRISE   518 AM MDT   SUNSET   837 PM MDT


-  INDICATES NEGATIVE NUMBERS.
R  INDICATES RECORD WAS SET OR TIED.
MM INDICATES DATA IS MISSING.
T  INDICATES TRACE AMOUNT.




$$
