000
CDUS43 KUNR 080847
CLIUNR


CLIMATE REPORT
NATIONAL WEATHER SERVICE RAPID CITY SD
144 AM MST WED NOV 8 2017


...................................

...THE EAST RAPID CITY SD CLIMATE SUMMARY FOR NOVEMBER 7 2017...

CLIMATE NORMAL PERIOD 1981 TO 2010
CLIMATE RECORD PERIOD 1888 TO 2017


WEATHER ITEM   OBSERVED RECORD YEAR NORMAL DEPARTURE LAST
                VALUE   VALUE       VALUE  FROM      YEAR
                                           NORMAL
...........................................................
TEMPERATURE (F)
 YESTERDAY
  MAXIMUM         38     83    1999  50    -12       61
  MINIMUM         16      5    1895  31    -15       44
  AVERAGE         27                 40    -13       53

PRECIPITATION (IN)
  YESTERDAY        T      0.60 1926   0.03  -0.03     0.00
  MONTH TO DATE    0.08               0.23  -0.15     0.00
  SINCE SEP 1      2.45               3.42  -0.97     1.43
  SINCE JAN 1     12.42              19.10  -6.68    12.73

SNOWFALL (IN)
  YESTERDAY        T      4.4  1897   0.2   -0.2      0.0
  MONTH TO DATE    0.9                1.4   -0.5      0.0
  SINCE SEP 1      0.9                3.8   -2.9       T
  SINCE JUL 1      0.9                3.8   -2.9       T
  SNOW DEPTH       0

DEGREE DAYS
 HEATING
  YESTERDAY       38                 25     13       12
  MONTH TO DATE  239                164     75       46
  SINCE SEP 1    866                863      3      487
  SINCE JUL 1    871                893    -22      512

 COOLING
  YESTERDAY        0                  0      0        0
  MONTH TO DATE    0                  0      0        0
  SINCE SEP 1    117                 70     47       53
  SINCE JAN 1    854                665    189      813
...........................................................


WIND (MPH)
  HIGHEST GUST SPEED    17   HIGHEST GUST DIRECTION     N (360)



WEATHER CONDITIONS
 THE FOLLOWING WEATHER WAS RECORDED YESTERDAY.
  NO SIGNIFICANT WEATHER WAS OBSERVED.


..........................................................


THE EAST RAPID CITY SD CLIMATE NORMALS FOR TODAY
                         NORMAL    RECORD    YEAR
 MAXIMUM TEMPERATURE (F)   50        80      1999
 MINIMUM TEMPERATURE (F)   30        10      2003
                                             1936


SUNRISE AND SUNSET
NOVEMBER  8 2017......SUNRISE   639 AM MST   SUNSET   434 PM MST
NOVEMBER  9 2017......SUNRISE   640 AM MST   SUNSET   432 PM MST


-  INDICATES NEGATIVE NUMBERS.
R  INDICATES RECORD WAS SET OR TIED.
MM INDICATES DATA IS MISSING.
T  INDICATES TRACE AMOUNT.




$$
