000
CDUS43 KUNR 220840
CLIUNR


CLIMATE REPORT
NATIONAL WEATHER SERVICE RAPID CITY SD
140 AM MST SAT NOV 22 2014


...................................

...THE EAST RAPID CITY SD CLIMATE SUMMARY FOR NOVEMBER 21 2014...

CLIMATE NORMAL PERIOD 1981 TO 2010
CLIMATE RECORD PERIOD 1888 TO 2014


WEATHER ITEM   OBSERVED RECORD YEAR NORMAL DEPARTURE LAST
                VALUE   VALUE       VALUE  FROM      YEAR
                                           NORMAL
...........................................................
TEMPERATURE (F)
 YESTERDAY
  MAXIMUM         54     69    2006  43     11       16
  MINIMUM         31     -6    1900  25      6       10
  AVERAGE         43                 34      9       13

PRECIPITATION (IN)
  YESTERDAY        0.00   0.45 2003   0.01  -0.01      T
  MONTH TO DATE    0.45               0.51  -0.06     0.32
  SINCE SEP 1      5.74               3.70   2.04     6.71
  SINCE JAN 1     23.14              19.38   3.76    22.46

SNOWFALL (IN)
  YESTERDAY        0.0    9.8  2003   0.2   -0.2      0.2
  MONTH TO DATE   10.2                4.6    5.6      4.3
  SINCE SEP 1     11.8                7.0    4.8     29.8
  SINCE JUL 1     11.8                7.0    4.8     29.8
  SNOW DEPTH       T

DEGREE DAYS
 HEATING
  YESTERDAY       22                 31     -9       52
  MONTH TO DATE  748                554    194      564
  SINCE SEP 1   1302               1253     49     1289
  SINCE JUL 1   1326               1283     43     1295

 COOLING
  YESTERDAY        0                  0      0        0
  MONTH TO DATE    0                  0      0        0
  SINCE SEP 1     78                 70      8      145
  SINCE JAN 1    514                665   -151      830
...........................................................


WIND (MPH)
  HIGHEST GUST SPEED    15   HIGHEST GUST DIRECTION     W (250)



WEATHER CONDITIONS
 THE FOLLOWING WEATHER WAS RECORDED YESTERDAY.
  NO SIGNIFICANT WEATHER WAS OBSERVED.


..........................................................


THE EAST RAPID CITY SD CLIMATE NORMALS FOR TODAY
                         NORMAL    RECORD    YEAR
 MAXIMUM TEMPERATURE (F)   42        70      1939
 MINIMUM TEMPERATURE (F)   25        -7      1898


SUNRISE AND SUNSET
NOVEMBER 22 2014......SUNRISE   657 AM MST   SUNSET   421 PM MST
NOVEMBER 23 2014......SUNRISE   658 AM MST   SUNSET   420 PM MST


-  INDICATES NEGATIVE NUMBERS.
R  INDICATES RECORD WAS SET OR TIED.
MM INDICATES DATA IS MISSING.
T  INDICATES TRACE AMOUNT.




$$
