000
CDUS43 KUNR 230835
CLIUNR


CLIMATE REPORT
NATIONAL WEATHER SERVICE RAPID CITY SD
131 AM MST FRI JAN 23 2015


...................................

...THE EAST RAPID CITY SD CLIMATE SUMMARY FOR JANUARY 22 2015...

CLIMATE NORMAL PERIOD 1981 TO 2010
CLIMATE RECORD PERIOD 1888 TO 2015


WEATHER ITEM   OBSERVED RECORD YEAR NORMAL DEPARTURE LAST
                VALUE   VALUE       VALUE  FROM      YEAR
                                           NORMAL
...........................................................
TEMPERATURE (F)
 YESTERDAY
  MAXIMUM         46     68    1942  37      9       30
  MINIMUM         16    -22    1917  16      0       -2
  AVERAGE         31                 27      4       14

PRECIPITATION (IN)
  YESTERDAY        0.00   0.15 1965   0.01  -0.01     0.02
  MONTH TO DATE    0.10               0.19  -0.09     0.17
  SINCE DEC 1      0.48               0.51  -0.03     0.71
  SINCE JAN 1      0.10               0.19  -0.09     0.17

SNOWFALL (IN)
  YESTERDAY        0.0    1.8  1965   0.2   -0.2      0.8
  MONTH TO DATE    2.1                3.5   -1.4      3.3
  SINCE DEC 1      9.6                8.7    0.9     12.5
  SINCE JUL 1     24.9               17.3    7.6     42.3
  SNOW DEPTH       0

DEGREE DAYS
 HEATING
  YESTERDAY       34                 38     -4       51
  MONTH TO DATE  838                836      2      791
  SINCE DEC 1   1902               2003   -101     2138
  SINCE JUL 1   3516               3583    -67     3727

 COOLING
  YESTERDAY        0                  0      0        0
  MONTH TO DATE    0                  0      0        0
  SINCE DEC 1      0                  0      0        0
  SINCE JAN 1      0                  0      0        0
...........................................................


WIND (MPH)
  HIGHEST GUST SPEED    15   HIGHEST GUST DIRECTION    SE (140)



WEATHER CONDITIONS
 THE FOLLOWING WEATHER WAS RECORDED YESTERDAY.
  NO SIGNIFICANT WEATHER WAS OBSERVED.


..........................................................


THE EAST RAPID CITY SD CLIMATE NORMALS FOR TODAY
                         NORMAL    RECORD    YEAR
 MAXIMUM TEMPERATURE (F)   37        67      2005
 MINIMUM TEMPERATURE (F)   16       -20      1894


SUNRISE AND SUNSET
JANUARY 23 2015.......SUNRISE   719 AM MST   SUNSET   450 PM MST
JANUARY 24 2015.......SUNRISE   718 AM MST   SUNSET   452 PM MST


-  INDICATES NEGATIVE NUMBERS.
R  INDICATES RECORD WAS SET OR TIED.
MM INDICATES DATA IS MISSING.
T  INDICATES TRACE AMOUNT.




$$
