000
CDUS43 KUNR 020832
CLIUNR


CLIMATE REPORT
NATIONAL WEATHER SERVICE RAPID CITY SD
231 AM MDT SUN AUG 2 2015


...................................

...THE EAST RAPID CITY SD CLIMATE SUMMARY FOR AUGUST 1 2015...

CLIMATE NORMAL PERIOD 1981 TO 2010
CLIMATE RECORD PERIOD 1888 TO 2015


WEATHER ITEM   OBSERVED RECORD YEAR NORMAL DEPARTURE LAST
                VALUE   VALUE       VALUE  FROM      YEAR
                                           NORMAL
...........................................................
TEMPERATURE (F)
 YESTERDAY
  MAXIMUM         92    106    1900  86      6       88
  MINIMUM         64     48    1968  62      2       67
  AVERAGE         78                 74      4       78

PRECIPITATION (IN)
  YESTERDAY        0.03   0.95 2000   0.08  -0.05     0.08
  MONTH TO DATE    0.03               0.08  -0.05     0.08
  SINCE JUN 1     10.52               5.74   4.78     7.55
  SINCE JAN 1     19.88              13.79   6.09    12.73

SNOWFALL (IN)
  YESTERDAY        0.0    0.2  1951   0.0    0.0      0.0
  MONTH TO DATE    0.0                0.0    0.0      0.0
  SINCE JUN 1      0.0                0.0    0.0      0.0
  SINCE JUL 1      0.0                0.0    0.0      0.0
  SNOW DEPTH       0

DEGREE DAYS
 HEATING
  YESTERDAY        0                  0      0        0
  MONTH TO DATE    0                  0      0        0
  SINCE JUN 1     34                100    -66      119
  SINCE JUL 1      1                 12    -11       11

 COOLING
  YESTERDAY       13                  9      4       13
  MONTH TO DATE   13                  9      4       13
  SINCE JUN 1    343                360    -17      250
  SINCE JAN 1    351                378    -27      278
...........................................................


WIND (MPH)
  HIGHEST GUST SPEED    21   HIGHEST GUST DIRECTION    NE (40)



WEATHER CONDITIONS
 THE FOLLOWING WEATHER WAS RECORDED YESTERDAY.
  THUNDERSTORM
  LIGHT RAIN


..........................................................


THE EAST RAPID CITY SD CLIMATE NORMALS FOR TODAY
                         NORMAL    RECORD    YEAR
 MAXIMUM TEMPERATURE (F)   86       102      1938
 MINIMUM TEMPERATURE (F)   62        47      1931


SUNRISE AND SUNSET
AUGUST  2 2015........SUNRISE   542 AM MDT   SUNSET   816 PM MDT
AUGUST  3 2015........SUNRISE   543 AM MDT   SUNSET   815 PM MDT


-  INDICATES NEGATIVE NUMBERS.
R  INDICATES RECORD WAS SET OR TIED.
MM INDICATES DATA IS MISSING.
T  INDICATES TRACE AMOUNT.




$$
