000
CDUS43 KUNR 010832
CLIUNR


CLIMATE REPORT
NATIONAL WEATHER SERVICE RAPID CITY SD
232 AM MDT FRI AUG 1 2014


...................................

...THE EAST RAPID CITY SD CLIMATE SUMMARY FOR JULY 31 2014...

CLIMATE NORMAL PERIOD 1981 TO 2010
CLIMATE RECORD PERIOD 1888 TO 2014


WEATHER ITEM   OBSERVED RECORD YEAR NORMAL DEPARTURE LAST
                VALUE   VALUE       VALUE  FROM      YEAR
                                           NORMAL
...........................................................
TEMPERATURE (F)
 YESTERDAY
  MAXIMUM         86    102    1900  86      0       84
  MINIMUM         63     45    1925  62      1       58
  AVERAGE         75                 74      1       71

PRECIPITATION (IN)
  YESTERDAY        T      1.96 1999   0.10  -0.10      T
  MONTH TO DATE    1.42               2.50  -1.08     2.32
  SINCE JUN 1      7.47               5.66   1.81     3.99
  SINCE JAN 1     12.65              13.71  -1.06    12.71

SNOWFALL (IN)
  YESTERDAY        0.0                0.0    0.0      0.0
  MONTH TO DATE    0.0                0.0    0.0      0.0
  SINCE JUN 1      0.0                0.0    0.0      0.0
  SINCE JUL 1      0.0                0.0    0.0      0.0
  SNOW DEPTH       0

DEGREE DAYS
 HEATING
  YESTERDAY        0                  0      0        0
  MONTH TO DATE   11                  6      5        6
  SINCE JUN 1    119                100     19       64
  SINCE JUL 1     11                 12     -1        6

 COOLING
  YESTERDAY       10                  9      1        6
  MONTH TO DATE  209                260    -51      278
  SINCE JUN 1    237                351   -114      373
  SINCE JAN 1    265                369   -104      397
...........................................................


WIND (MPH)
  HIGHEST GUST SPEED    32   HIGHEST GUST DIRECTION     N (20)



WEATHER CONDITIONS
 THE FOLLOWING WEATHER WAS RECORDED YESTERDAY.
  LIGHT RAIN


..........................................................


THE EAST RAPID CITY SD CLIMATE NORMALS FOR TODAY
                         NORMAL    RECORD    YEAR
 MAXIMUM TEMPERATURE (F)   86       106      1900
 MINIMUM TEMPERATURE (F)   62        48      1968


SUNRISE AND SUNSET
AUGUST  1 2014........SUNRISE   541 AM MDT   SUNSET   817 PM MDT
AUGUST  2 2014........SUNRISE   542 AM MDT   SUNSET   816 PM MDT


-  INDICATES NEGATIVE NUMBERS.
R  INDICATES RECORD WAS SET OR TIED.
MM INDICATES DATA IS MISSING.
T  INDICATES TRACE AMOUNT.




$$
