000
CDUS43 KUNR 260832
CLIUNR


CLIMATE REPORT
NATIONAL WEATHER SERVICE RAPID CITY SD
231 AM MDT MON SEP 26 2016


...................................

...THE EAST RAPID CITY SD CLIMATE SUMMARY FOR SEPTEMBER 25 2016...

CLIMATE NORMAL PERIOD 1981 TO 2010
CLIMATE RECORD PERIOD 1888 TO 2016


WEATHER ITEM   OBSERVED RECORD YEAR NORMAL DEPARTURE LAST
                VALUE   VALUE       VALUE  FROM      YEAR
                                           NORMAL
...........................................................
TEMPERATURE (F)
 YESTERDAY
  MAXIMUM         63     93    1894  68     -5       79
  MINIMUM         49     15    1926  46      3       50
  AVERAGE         56                 57     -1       65

PRECIPITATION (IN)
  YESTERDAY        0.00   1.00 1959   0.05  -0.05     0.00
  MONTH TO DATE    0.87               1.31  -0.44      T
  SINCE SEP 1      0.87               1.31  -0.44      T
  SINCE JAN 1     12.17              16.99  -4.82    22.10

SNOWFALL (IN)
  YESTERDAY        0.0    2.5  1927   0.0    0.0      0.0
  MONTH TO DATE    0.0                0.0    0.0      0.0
  SINCE SEP 1      0.0                0.0    0.0      0.0
  SINCE JUL 1      0.0                0.0    0.0      0.0
  SNOW DEPTH       0

DEGREE DAYS
 HEATING
  YESTERDAY        9                  9      0        0
  MONTH TO DATE   87                126    -39       39
  SINCE SEP 1     87                126    -39       39
  SINCE JUL 1    112                156    -44       69

 COOLING
  YESTERDAY        0                  1     -1        0
  MONTH TO DATE   47                 64    -17      114
  SINCE SEP 1     47                 64    -17      114
  SINCE JAN 1    807                659    148      691
...........................................................


WIND (MPH)
  HIGHEST GUST SPEED    53   HIGHEST GUST DIRECTION    NW (320)



WEATHER CONDITIONS
 THE FOLLOWING WEATHER WAS RECORDED YESTERDAY.
  NO SIGNIFICANT WEATHER WAS OBSERVED.


..........................................................


THE EAST RAPID CITY SD CLIMATE NORMALS FOR TODAY
                         NORMAL    RECORD    YEAR
 MAXIMUM TEMPERATURE (F)   67        93      2014
 MINIMUM TEMPERATURE (F)   45        19      1934


SUNRISE AND SUNSET
SEPTEMBER 26 2016.....SUNRISE   645 AM MDT   SUNSET   642 PM MDT
SEPTEMBER 27 2016.....SUNRISE   646 AM MDT   SUNSET   640 PM MDT


-  INDICATES NEGATIVE NUMBERS.
R  INDICATES RECORD WAS SET OR TIED.
MM INDICATES DATA IS MISSING.
T  INDICATES TRACE AMOUNT.




$$
