000
CDUS43 KUNR 281831
CLIUNR


CLIMATE REPORT
NATIONAL WEATHER SERVICE RAPID CITY SD
1230 PM MDT SUN MAY 28 2017


...................................

...THE EAST RAPID CITY SD CLIMATE SUMMARY FOR MAY 28 2017...
VALID AS OF 1100 AM LOCAL TIME.

CLIMATE NORMAL PERIOD 1981 TO 2010
CLIMATE RECORD PERIOD 1888 TO 2017


WEATHER ITEM   OBSERVED RECORD YEAR NORMAL DEPARTURE LAST
                VALUE   VALUE       VALUE  FROM      YEAR
                                           NORMAL
...........................................................
TEMPERATURE (F)
 TODAY
  MAXIMUM         68     96    1934  70     -2       68
  MINIMUM         57     30    1947  49      8       51
  AVERAGE         63                 59      4       60

PRECIPITATION (IN)
  TODAY            0.00   0.98 1956   0.15  -0.15     0.13
  MONTH TO DATE    1.40               3.72  -2.32     1.24
  SINCE MAR 1      3.83               6.81  -2.98     3.47
  SINCE JAN 1      4.62               7.58  -2.96     4.28

SNOWFALL (IN)
  TODAY            0.0    0.0  2002   0.0    0.0      0.0
                               2001
                               1954
  MONTH TO DATE    0.0                2.0   -2.0       T
  SINCE MAR 1      6.0               22.6  -16.6     11.7
  SINCE JUL 1     39.2               49.3  -10.1     41.6
  SNOW DEPTH       0

DEGREE DAYS
 HEATING
  TODAY            2                  7     -5        5
  MONTH TO DATE  253                289    -36      256
  SINCE MAR 1   1566               1801   -235     1453
  SINCE JUL 1   6162               6755   -593     5702

 COOLING
  TODAY            0                  1     -1        0
  MONTH TO DATE   13                 12      1        4
  SINCE MAR 1     13                 13      0        6
  SINCE JAN 1     13                 13      0        6
...........................................................





WEATHER CONDITIONS
 THE FOLLOWING WEATHER WAS RECORDED TODAY.
  NO SIGNIFICANT WEATHER WAS OBSERVED.


..........................................................


THE EAST RAPID CITY SD CLIMATE NORMALS FOR TOMORROW
                         NORMAL    RECORD    YEAR
 MAXIMUM TEMPERATURE (F)   70        97      1939
 MINIMUM TEMPERATURE (F)   49        29      1947


SUNRISE AND SUNSET
MAY 28 2017...........SUNRISE   515 AM MDT   SUNSET   826 PM MDT
MAY 29 2017...........SUNRISE   514 AM MDT   SUNSET   827 PM MDT


-  INDICATES NEGATIVE NUMBERS.
R  INDICATES RECORD WAS SET OR TIED.
MM INDICATES DATA IS MISSING.
T  INDICATES TRACE AMOUNT.




$$
