000
CDUS43 KUNR 300830
CLIUNR


CLIMATE REPORT
NATIONAL WEATHER SERVICE RAPID CITY SD
230 AM MDT SUN AUG 30 2015


...................................

...THE EAST RAPID CITY SD CLIMATE SUMMARY FOR AUGUST 29 2015...

CLIMATE NORMAL PERIOD 1981 TO 2010
CLIMATE RECORD PERIOD 1888 TO 2015


WEATHER ITEM   OBSERVED RECORD YEAR NORMAL DEPARTURE LAST
                VALUE   VALUE       VALUE  FROM      YEAR
                                           NORMAL
...........................................................
TEMPERATURE (F)
 YESTERDAY
  MAXIMUM         94    106    2012  81     13       75
  MINIMUM         62     43    1935  57      5       59
  AVERAGE         78                 69      9       67

PRECIPITATION (IN)
  YESTERDAY        0.00   1.15 2011   0.05  -0.05      T
  MONTH TO DATE    1.87               1.87   0.00     3.51
  SINCE JUN 1     12.36               7.53   4.83    10.98
  SINCE JAN 1     21.72              15.58   6.14    16.16

SNOWFALL (IN)
  YESTERDAY        0.0    0.0  2002   0.0    0.0      0.0
                               2001
                               2000
  MONTH TO DATE    0.0                0.0    0.0      0.0
  SINCE JUN 1      0.0                0.0    0.0      0.0
  SINCE JUL 1      0.0                0.0    0.0      0.0
  SNOW DEPTH       0

DEGREE DAYS
 HEATING
  YESTERDAY        0                  1     -1        0
  MONTH TO DATE   29                  9     20       10
  SINCE JUN 1     63                109    -46      129
  SINCE JUL 1     30                 21      9       21

 COOLING
  YESTERDAY       13                  5      8        2
  MONTH TO DATE  216                216      0      165
  SINCE JUN 1    546                567    -21      402
  SINCE JAN 1    554                585    -31      430
...........................................................


WIND (MPH)
  HIGHEST GUST SPEED    22   HIGHEST GUST DIRECTION     S (160)



WEATHER CONDITIONS
 THE FOLLOWING WEATHER WAS RECORDED YESTERDAY.
  NO SIGNIFICANT WEATHER WAS OBSERVED.


..........................................................


THE EAST RAPID CITY SD CLIMATE NORMALS FOR TODAY
                         NORMAL    RECORD    YEAR
 MAXIMUM TEMPERATURE (F)   80       101      1948
 MINIMUM TEMPERATURE (F)   57        41      1935


SUNRISE AND SUNSET
AUGUST 30 2015........SUNRISE   613 AM MDT   SUNSET   733 PM MDT
AUGUST 31 2015........SUNRISE   615 AM MDT   SUNSET   731 PM MDT


-  INDICATES NEGATIVE NUMBERS.
R  INDICATES RECORD WAS SET OR TIED.
MM INDICATES DATA IS MISSING.
T  INDICATES TRACE AMOUNT.




$$
