000
CDUS43 KUNR 250831
CLIUNR


CLIMATE REPORT
NATIONAL WEATHER SERVICE RAPID CITY SD
230 AM MDT SAT OCT 25 2014


...................................

...THE EAST RAPID CITY SD CLIMATE SUMMARY FOR OCTOBER 24 2014...

CLIMATE NORMAL PERIOD 1981 TO 2010
CLIMATE RECORD PERIOD 1888 TO 2014


WEATHER ITEM   OBSERVED RECORD YEAR NORMAL DEPARTURE LAST
                VALUE   VALUE       VALUE  FROM      YEAR
                                           NORMAL
...........................................................
TEMPERATURE (F)
 YESTERDAY
  MAXIMUM         69     81    1965  56     13       49
  MINIMUM         50     15    1919  35     15       31
  AVERAGE         60                 46     14       40

PRECIPITATION (IN)
  YESTERDAY        0.00   0.41 1898   0.05  -0.05     0.00
  MONTH TO DATE    0.47               1.31  -0.84     5.30
  SINCE SEP 1      5.29               2.85   2.44     6.25
  SINCE JAN 1     22.69              18.53   4.16    22.00

SNOWFALL (IN)
  YESTERDAY        0.0                0.1   -0.1      0.0
  MONTH TO DATE    0.0                1.3   -1.3     24.2
  SINCE SEP 1      1.6                1.4    0.2     24.2
  SINCE JUL 1      1.6                1.4    0.2     24.2
  SNOW DEPTH       0

DEGREE DAYS
 HEATING
  YESTERDAY        5                 19    -14       25
  MONTH TO DATE  246                375   -129      462
  SINCE SEP 1    431                554   -123      551
  SINCE JUL 1    455                584   -129      557

 COOLING
  YESTERDAY        0                  0      0        0
  MONTH TO DATE    0                  0      0        0
  SINCE SEP 1     78                 66     12      145
  SINCE JAN 1    514                661   -147      830
...........................................................


WIND (MPH)
  HIGHEST GUST SPEED    28   HIGHEST GUST DIRECTION     N (360)



WEATHER CONDITIONS
 THE FOLLOWING WEATHER WAS RECORDED YESTERDAY.
  NO SIGNIFICANT WEATHER WAS OBSERVED.


..........................................................


THE EAST RAPID CITY SD CLIMATE NORMALS FOR TODAY
                         NORMAL    RECORD    YEAR
 MAXIMUM TEMPERATURE (F)   56        77      2007
                                             1955
 MINIMUM TEMPERATURE (F)   35         2      1919


SUNRISE AND SUNSET
OCTOBER 25 2014.......SUNRISE   720 AM MDT   SUNSET   553 PM MDT
OCTOBER 26 2014.......SUNRISE   722 AM MDT   SUNSET   551 PM MDT


-  INDICATES NEGATIVE NUMBERS.
R  INDICATES RECORD WAS SET OR TIED.
MM INDICATES DATA IS MISSING.
T  INDICATES TRACE AMOUNT.




$$
