000
CDUS43 KUNR 040831
CLIUNR


CLIMATE REPORT
NATIONAL WEATHER SERVICE RAPID CITY SD
231 AM MDT WED MAY 4 2016


...................................

...THE EAST RAPID CITY SD CLIMATE SUMMARY FOR MAY 3 2016...

CLIMATE NORMAL PERIOD 1981 TO 2010
CLIMATE RECORD PERIOD 1888 TO 2016


WEATHER ITEM   OBSERVED RECORD YEAR NORMAL DEPARTURE LAST
                VALUE   VALUE       VALUE  FROM      YEAR
                                           NORMAL
...........................................................
TEMPERATURE (F)
 YESTERDAY
  MAXIMUM         72     88    1952  62     10       66
  MINIMUM         46     19    1954  41      5       51
  AVERAGE         59                 51      8       59

PRECIPITATION (IN)
  YESTERDAY        0.00   2.08 1905   0.12  -0.12     0.00
  MONTH TO DATE    0.01               0.35  -0.34     0.00
  SINCE MAR 1      2.24               3.44  -1.20     1.05
  SINCE JAN 1      3.05               4.21  -1.16     1.60

SNOWFALL (IN)
  YESTERDAY        0.0    9.0  1905   0.1   -0.1      0.0
  MONTH TO DATE    0.0                0.5   -0.5      0.0
  SINCE MAR 1     11.7               21.1   -9.4      1.4
  SINCE JUL 1     41.6               47.8   -6.2     37.1
  SNOW DEPTH       0

DEGREE DAYS
 HEATING
  YESTERDAY        6                 14     -8        6
  MONTH TO DATE   35                 42     -7       13
  SINCE MAR 1   1232               1554   -322     1152
  SINCE JUL 1   5481               6508  -1027     5848

 COOLING
  YESTERDAY        0                  0      0        0
  MONTH TO DATE    0                  0      0        2
  SINCE MAR 1      2                  1      1        8
  SINCE JAN 1      2                  1      1        8
...........................................................


WIND (MPH)
  HIGHEST GUST SPEED    32   HIGHEST GUST DIRECTION     N (10)



WEATHER CONDITIONS
 THE FOLLOWING WEATHER WAS RECORDED YESTERDAY.
  NO SIGNIFICANT WEATHER WAS OBSERVED.


..........................................................


THE EAST RAPID CITY SD CLIMATE NORMALS FOR TODAY
                         NORMAL    RECORD    YEAR
 MAXIMUM TEMPERATURE (F)   63        90      1966
 MINIMUM TEMPERATURE (F)   41        23      1891


SUNRISE AND SUNSET
MAY  4 2016...........SUNRISE   539 AM MDT   SUNSET   800 PM MDT
MAY  5 2016...........SUNRISE   538 AM MDT   SUNSET   802 PM MDT


-  INDICATES NEGATIVE NUMBERS.
R  INDICATES RECORD WAS SET OR TIED.
MM INDICATES DATA IS MISSING.
T  INDICATES TRACE AMOUNT.




$$
