000
CDUS43 KUNR 250034
CLIUNR


CLIMATE REPORT
NATIONAL WEATHER SERVICE RAPID CITY SD
534 PM MST SAT FEB 24 2018


...................................

...THE EAST RAPID CITY SD CLIMATE SUMMARY FOR FEBRUARY 24 2018...
VALID AS OF 0900 AM LOCAL TIME.

CLIMATE NORMAL PERIOD 1981 TO 2010
CLIMATE RECORD PERIOD 1888 TO 2018


WEATHER ITEM   OBSERVED RECORD YEAR NORMAL DEPARTURE LAST
                VALUE   VALUE       VALUE  FROM      YEAR
                                           NORMAL
...........................................................
TEMPERATURE (F)
 TODAY
  MAXIMUM         31     67    1932  41    -10       22
  MINIMUM         11    -12    1922  20     -9       15
  AVERAGE         21                 30     -9       19

PRECIPITATION (IN)
  TODAY            0.00   0.23 2011   0.02  -0.02     0.02
  MONTH TO DATE    0.92               0.40   0.52     0.44
  SINCE DEC 1      1.48               1.01   0.47     1.61
  SINCE JAN 1      1.18               0.69   0.49     0.79

SNOWFALL (IN)
  TODAY            0.0    3.9  2011   0.2   -0.2      0.3
  MONTH TO DATE   19.9                6.2   13.7      9.2
  SINCE DEC 1     31.0               16.9   14.1     29.4
  SINCE JUL 1     32.1               25.5    6.6     33.1
  SNOW DEPTH       5

DEGREE DAYS
 HEATING
  TODAY           44                 35      9       46
  MONTH TO DATE 1218                889    329      718
  SINCE DEC 1   3582               3237    345     3412
  SINCE JUL 1   4962               4817    145     4443

 COOLING
  TODAY            0                  0      0        0
  MONTH TO DATE    0                  0      0        0
  SINCE DEC 1      0                  0      0        0
  SINCE JAN 1      0                  0      0        0
...........................................................





WEATHER CONDITIONS
 THE FOLLOWING WEATHER WAS RECORDED TODAY.
  NO SIGNIFICANT WEATHER WAS OBSERVED.


..........................................................


THE EAST RAPID CITY SD CLIMATE NORMALS FOR TOMORROW
                         NORMAL    RECORD    YEAR
 MAXIMUM TEMPERATURE (F)   41        70      1999
 MINIMUM TEMPERATURE (F)   20       -18      1934


SUNRISE AND SUNSET
FEBRUARY 24 2018......SUNRISE   638 AM MST   SUNSET   535 PM MST
FEBRUARY 25 2018......SUNRISE   636 AM MST   SUNSET   536 PM MST


-  INDICATES NEGATIVE NUMBERS.
R  INDICATES RECORD WAS SET OR TIED.
MM INDICATES DATA IS MISSING.
T  INDICATES TRACE AMOUNT.




$$
