000
CDUS43 KUNR 221834
CLIUNR


CLIMATE REPORT
NATIONAL WEATHER SERVICE RAPID CITY SD
1133 AM MST MON DEC 22 2014


...................................

...THE EAST RAPID CITY SD CLIMATE SUMMARY FOR DECEMBER 22 2014...
VALID AS OF 1100 AM LOCAL TIME.

CLIMATE NORMAL PERIOD 1981 TO 2010
CLIMATE RECORD PERIOD 1888 TO 2014


WEATHER ITEM   OBSERVED RECORD YEAR NORMAL DEPARTURE LAST
                VALUE   VALUE       VALUE  FROM      YEAR
                                           NORMAL
...........................................................
TEMPERATURE (F)
 TODAY
  MAXIMUM         43     64    1933  36      7       12
  MINIMUM         38    -18    1924  17     21       -1
  AVERAGE         41                 26     15        6

PRECIPITATION (IN)
  TODAY            T      0.20 1966   0.02  -0.02      T
  MONTH TO DATE    0.01               0.22  -0.21     0.51
  SINCE DEC 1      0.01               0.22  -0.21     0.51
  SINCE JAN 1     23.36              19.69   3.67    22.97

SNOWFALL (IN)
  TODAY            0.0    4.0  1966   0.2   -0.2      0.2
  MONTH TO DATE    0.3                3.7   -3.4      8.7
  SINCE DEC 1      0.3                3.7   -3.4      8.7
  SINCE JUL 1     15.6               12.3    3.3     38.5
  SNOW DEPTH       0

DEGREE DAYS
 HEATING
  TODAY           24                 38    -14       59
  MONTH TO DATE  625                819   -194     1009
  SINCE DEC 1    625                819   -194     1009
  SINCE JUL 1   2239               2399   -160     2598

 COOLING
  TODAY            0                  0      0        0
  MONTH TO DATE    0                  0      0        0
  SINCE DEC 1      0                  0      0        0
  SINCE JAN 1    514                665   -151      830
...........................................................





WEATHER CONDITIONS
 THE FOLLOWING WEATHER WAS RECORDED TODAY.
  NO SIGNIFICANT WEATHER WAS OBSERVED.


..........................................................


THE EAST RAPID CITY SD CLIMATE NORMALS FOR TOMORROW
                         NORMAL    RECORD    YEAR
 MAXIMUM TEMPERATURE (F)   36        67      1955
 MINIMUM TEMPERATURE (F)   17       -14      1996


SUNRISE AND SUNSET
DECEMBER 22 2014......SUNRISE   725 AM MST   SUNSET   418 PM MST
DECEMBER 23 2014......SUNRISE   726 AM MST   SUNSET   418 PM MST


-  INDICATES NEGATIVE NUMBERS.
R  INDICATES RECORD WAS SET OR TIED.
MM INDICATES DATA IS MISSING.
T  INDICATES TRACE AMOUNT.




$$
