000
CDUS43 KUNR 210842
CLIUNR


CLIMATE REPORT
NATIONAL WEATHER SERVICE RAPID CITY SD
240 AM MDT THU MAY 21 2015


...................................

...THE EAST RAPID CITY SD CLIMATE SUMMARY FOR MAY 20 2015...

CLIMATE NORMAL PERIOD 1981 TO 2010
CLIMATE RECORD PERIOD 1888 TO 2015


WEATHER ITEM   OBSERVED RECORD YEAR NORMAL DEPARTURE LAST
                VALUE   VALUE       VALUE  FROM      YEAR
                                           NORMAL
...........................................................
TEMPERATURE (F)
 YESTERDAY
  MAXIMUM         55     90    1964  68    -13       67
  MINIMUM         34     30    1968  46    -12       52
  AVERAGE         45                 57    -12       60

PRECIPITATION (IN)
  YESTERDAY        0.04   4.24 1899   0.16  -0.12      T
  MONTH TO DATE    4.37               2.53   1.84     0.98
  SINCE MAR 1      5.42               5.62  -0.20     3.79
  SINCE JAN 1      5.97               6.39  -0.42     4.30

SNOWFALL (IN)
  YESTERDAY        T      1.0  1959   0.0    0.0      0.0
  MONTH TO DATE   13.6                1.8   11.8      0.6
  SINCE MAR 1     15.0               22.4   -7.4     23.4
  SINCE JUL 1     50.7               49.1    1.6     73.5
  SNOW DEPTH       0

DEGREE DAYS
 HEATING
  YESTERDAY       20                  9     11        5
  MONTH TO DATE  297                229     68      304
  SINCE MAR 1   1436               1741   -305     1929
  SINCE JUL 1   6132               6695   -563     7277

 COOLING
  YESTERDAY        0                  1     -1        0
  MONTH TO DATE    2                  4     -2        0
  SINCE MAR 1      8                  5      3        0
  SINCE JAN 1      8                  5      3        0
...........................................................


WIND (MPH)
  HIGHEST GUST SPEED    16   HIGHEST GUST DIRECTION     W (260)



WEATHER CONDITIONS
 THE FOLLOWING WEATHER WAS RECORDED YESTERDAY.
  LIGHT RAIN
  LIGHT SNOW


..........................................................


THE EAST RAPID CITY SD CLIMATE NORMALS FOR TODAY
                         NORMAL    RECORD    YEAR
 MAXIMUM TEMPERATURE (F)   68        92      1966
 MINIMUM TEMPERATURE (F)   47        27      1931


SUNRISE AND SUNSET
MAY 21 2015...........SUNRISE   521 AM MDT   SUNSET   819 PM MDT
MAY 22 2015...........SUNRISE   520 AM MDT   SUNSET   820 PM MDT


-  INDICATES NEGATIVE NUMBERS.
R  INDICATES RECORD WAS SET OR TIED.
MM INDICATES DATA IS MISSING.
T  INDICATES TRACE AMOUNT.




$$
