000
CDUS43 KUNR 200844
CLIUNR


CLIMATE REPORT
NATIONAL WEATHER SERVICE RAPID CITY SD
242 AM MDT SUN JUL 20 2014


...................................

...THE EAST RAPID CITY SD CLIMATE SUMMARY FOR JULY 19 2014...

CLIMATE NORMAL PERIOD 1981 TO 2010
CLIMATE RECORD PERIOD 1888 TO 2014


WEATHER ITEM   OBSERVED RECORD YEAR NORMAL DEPARTURE LAST
                VALUE   VALUE       VALUE  FROM      YEAR
                                           NORMAL
...........................................................
TEMPERATURE (F)
 YESTERDAY
  MAXIMUM         87    104    1936  85      2       89
  MINIMUM         60     50    1950  63     -3       63
  AVERAGE         74                 74      0       76

PRECIPITATION (IN)
  YESTERDAY        0.11   1.32 1958   0.08   0.03     0.77
  MONTH TO DATE    0.58               1.41  -0.83     1.53
  SINCE JUN 1      6.63               4.57   2.06     3.20
  SINCE JAN 1     11.81              12.62  -0.81    11.92

SNOWFALL (IN)
  YESTERDAY        0.0                0.0    0.0      0.0
  MONTH TO DATE    0.0                0.0    0.0      0.0
  SINCE JUN 1      0.0                0.0    0.0      0.0
  SINCE JUL 1      0.0                0.0    0.0      0.0
  SNOW DEPTH       0

DEGREE DAYS
 HEATING
  YESTERDAY        0                  0      0        0
  MONTH TO DATE   11                  6      5        0
  SINCE JUN 1    119                 94     25       58
  SINCE JUL 1     11                  6      5        0

 COOLING
  YESTERDAY        9                  9      0       11
  MONTH TO DATE  100                149    -49      206
  SINCE JUN 1    128                240   -112      301
  SINCE JAN 1    156                258   -102      325
...........................................................


WIND (MPH)
  HIGHEST GUST SPEED    33   HIGHEST GUST DIRECTION     S (190)



WEATHER CONDITIONS
 THE FOLLOWING WEATHER WAS RECORDED YESTERDAY.
  THUNDERSTORM
  LIGHT RAIN


..........................................................


THE EAST RAPID CITY SD CLIMATE NORMALS FOR TODAY
                         NORMAL    RECORD    YEAR
 MAXIMUM TEMPERATURE (F)   85       105      1939
 MINIMUM TEMPERATURE (F)   63        47      1915


SUNRISE AND SUNSET
JULY 20 2014..........SUNRISE   528 AM MDT   SUNSET   829 PM MDT
JULY 21 2014..........SUNRISE   529 AM MDT   SUNSET   829 PM MDT


-  INDICATES NEGATIVE NUMBERS.
R  INDICATES RECORD WAS SET OR TIED.
MM INDICATES DATA IS MISSING.
T  INDICATES TRACE AMOUNT.




$$
