000
CDUS43 KUNR 090834
CLIUNR


CLIMATE REPORT
NATIONAL WEATHER SERVICE RAPID CITY SD
133 AM MST TUE JAN 9 2018


...................................

...THE EAST RAPID CITY SD CLIMATE SUMMARY FOR JANUARY 8 2018...

CLIMATE NORMAL PERIOD 1981 TO 2010
CLIMATE RECORD PERIOD 1888 TO 2018


WEATHER ITEM   OBSERVED RECORD YEAR NORMAL DEPARTURE LAST
                VALUE   VALUE       VALUE  FROM      YEAR
                                           NORMAL
...........................................................
TEMPERATURE (F)
 YESTERDAY
  MAXIMUM         51     73    2002  38     13       27
  MINIMUM         31    -20    1888  16     15        6
  AVERAGE         41                 27     14       17

PRECIPITATION (IN)
  YESTERDAY        0.00   0.13 1945   0.01  -0.01      T
  MONTH TO DATE    T                  0.07  -0.07     0.07
  SINCE DEC 1      0.30               0.39  -0.09     0.89
  SINCE JAN 1      T                  0.07  -0.07     0.07

SNOWFALL (IN)
  YESTERDAY        0.0    2.0  2004   0.1   -0.1       T
  MONTH TO DATE    0.0                1.2   -1.2      2.4
  SINCE DEC 1      7.3                6.4    0.9     14.5
  SINCE JUL 1      8.4               15.0   -6.6     18.2
  SNOW DEPTH       T

DEGREE DAYS
 HEATING
  YESTERDAY       24                 38    -14       48
  MONTH TO DATE  304                304      0      456
  SINCE DEC 1   1495               1471     24     1849
  SINCE JUL 1   2875               3051   -176     2880

 COOLING
  YESTERDAY        0                  0      0        0
  MONTH TO DATE    0                  0      0        0
  SINCE DEC 1      0                  0      0        0
  SINCE JAN 1      0                  0      0        0
...........................................................


WIND (MPH)
  HIGHEST GUST SPEED    13   HIGHEST GUST DIRECTION     W (260)



WEATHER CONDITIONS
 THE FOLLOWING WEATHER WAS RECORDED YESTERDAY.
  NO SIGNIFICANT WEATHER WAS OBSERVED.


..........................................................


THE EAST RAPID CITY SD CLIMATE NORMALS FOR TODAY
                         NORMAL    RECORD    YEAR
 MAXIMUM TEMPERATURE (F)   38        69      1953
 MINIMUM TEMPERATURE (F)   16       -22      1888


SUNRISE AND SUNSET
JANUARY  9 2018.......SUNRISE   727 AM MST   SUNSET   433 PM MST
JANUARY 10 2018.......SUNRISE   727 AM MST   SUNSET   435 PM MST


-  INDICATES NEGATIVE NUMBERS.
R  INDICATES RECORD WAS SET OR TIED.
MM INDICATES DATA IS MISSING.
T  INDICATES TRACE AMOUNT.




$$
