000
CDUS43 KUNR 111833
CLIUNR


CLIMATE REPORT
NATIONAL WEATHER SERVICE RAPID CITY SD
1232 PM MDT MON SEP 11 2017


...................................

...THE EAST RAPID CITY SD CLIMATE SUMMARY FOR SEPTEMBER 11 2017...
VALID AS OF 1100 AM LOCAL TIME.

CLIMATE NORMAL PERIOD 1981 TO 2010
CLIMATE RECORD PERIOD 1888 TO 2017


WEATHER ITEM   OBSERVED RECORD YEAR NORMAL DEPARTURE LAST
                VALUE   VALUE       VALUE  FROM      YEAR
                                           NORMAL
...........................................................
TEMPERATURE (F)
 TODAY
  MAXIMUM         78     94    1908  75      3       87
  MINIMUM         67     29    1921  52     15       59
  AVERAGE         73                 64      9       73

PRECIPITATION (IN)
  TODAY            0.00   0.54 1891   0.06  -0.06     0.00
  MONTH TO DATE    0.04               0.57  -0.53     0.32
  SINCE SEP 1      0.04               0.57  -0.53     0.32
  SINCE JAN 1     10.01              16.25  -6.24    11.62

SNOWFALL (IN)
  TODAY            0.0    1.6  2014   0.0    0.0      0.0
  MONTH TO DATE    0.0                0.0    0.0      0.0
  SINCE SEP 1      0.0                0.0    0.0      0.0
  SINCE JUL 1      0.0                0.0    0.0      0.0
  SNOW DEPTH       0

DEGREE DAYS
 HEATING
  TODAY            0                  4     -4        0
  MONTH TO DATE   11                 33    -22       15
  SINCE SEP 1     11                 33    -22       15
  SINCE JUL 1     16                 63    -47       40

 COOLING
  TODAY            8                  3      5        8
  MONTH TO DATE   83                 42     41       30
  SINCE SEP 1     83                 42     41       30
  SINCE JAN 1    820                637    183      790
...........................................................





WEATHER CONDITIONS
 THE FOLLOWING WEATHER WAS RECORDED TODAY.
  NO SIGNIFICANT WEATHER WAS OBSERVED.


..........................................................


THE EAST RAPID CITY SD CLIMATE NORMALS FOR TOMORROW
                         NORMAL    RECORD    YEAR
 MAXIMUM TEMPERATURE (F)   74        96      2004
 MINIMUM TEMPERATURE (F)   52        32      2014
                                             1903


SUNRISE AND SUNSET
SEPTEMBER 11 2017.....SUNRISE   628 AM MDT   SUNSET   710 PM MDT
SEPTEMBER 12 2017.....SUNRISE   629 AM MDT   SUNSET   708 PM MDT


-  INDICATES NEGATIVE NUMBERS.
R  INDICATES RECORD WAS SET OR TIED.
MM INDICATES DATA IS MISSING.
T  INDICATES TRACE AMOUNT.




$$
