000
CDUS43 KUNR 200840
CLIUNR


CLIMATE REPORT
NATIONAL WEATHER SERVICE RAPID CITY SD
238 AM MDT SAT MAY 20 2017


...................................

...THE EAST RAPID CITY SD CLIMATE SUMMARY FOR MAY 19 2017...

CLIMATE NORMAL PERIOD 1981 TO 2010
CLIMATE RECORD PERIOD 1888 TO 2017


WEATHER ITEM   OBSERVED RECORD YEAR NORMAL DEPARTURE LAST
                VALUE   VALUE       VALUE  FROM      YEAR
                                           NORMAL
...........................................................
TEMPERATURE (F)
 YESTERDAY
  MAXIMUM         44     93    2009  67    -23       79
  MINIMUM         35     28    1895  46    -11       43
  AVERAGE         40                 57    -17       61

PRECIPITATION (IN)
  YESTERDAY        0.14   2.19 2011   0.15  -0.01     0.00
  MONTH TO DATE    1.17               2.37  -1.20     0.27
  SINCE MAR 1      3.60               5.46  -1.86     2.50
  SINCE JAN 1      4.39               6.23  -1.84     3.31

SNOWFALL (IN)
  YESTERDAY        0.0    T    2015   0.0    0.0      0.0
  MONTH TO DATE    0.0                1.8   -1.8       T
  SINCE MAR 1      6.0               22.4  -16.4     11.7
  SINCE JUL 1     39.2               49.1   -9.9     41.6
  SNOW DEPTH       0

DEGREE DAYS
 HEATING
  YESTERDAY       25                  9     16        4
  MONTH TO DATE  173                220    -47      217
  SINCE MAR 1   1486               1732   -246     1414
  SINCE JUL 1   6082               6686   -604     5663

 COOLING
  YESTERDAY        0                  1     -1        0
  MONTH TO DATE   13                  3     10        2
  SINCE MAR 1     13                  4      9        4
  SINCE JAN 1     13                  4      9        4
...........................................................


WIND (MPH)
  HIGHEST GUST SPEED    20   HIGHEST GUST DIRECTION     N (350)



WEATHER CONDITIONS
 THE FOLLOWING WEATHER WAS RECORDED YESTERDAY.
  LIGHT RAIN


..........................................................


THE EAST RAPID CITY SD CLIMATE NORMALS FOR TODAY
                         NORMAL    RECORD    YEAR
 MAXIMUM TEMPERATURE (F)   68        90      1964
 MINIMUM TEMPERATURE (F)   46        30      1968


SUNRISE AND SUNSET
MAY 20 2017...........SUNRISE   521 AM MDT   SUNSET   818 PM MDT
MAY 21 2017...........SUNRISE   520 AM MDT   SUNSET   819 PM MDT


-  INDICATES NEGATIVE NUMBERS.
R  INDICATES RECORD WAS SET OR TIED.
MM INDICATES DATA IS MISSING.
T  INDICATES TRACE AMOUNT.




$$
