000
CDUS43 KUNR 210047
CLIUNR


CLIMATE REPORT
NATIONAL WEATHER SERVICE RAPID CITY SD
546 PM MST TUE JAN 20 2015


...................................

...THE EAST RAPID CITY SD CLIMATE SUMMARY FOR JANUARY 20 2015...
VALID TODAY AS OF 0500 PM LOCAL TIME.

CLIMATE NORMAL PERIOD 1981 TO 2010
CLIMATE RECORD PERIOD 1888 TO 2015


WEATHER ITEM   OBSERVED RECORD YEAR NORMAL DEPARTURE LAST
                VALUE   VALUE       VALUE  FROM      YEAR
                                           NORMAL
...........................................................
TEMPERATURE (F)
 TODAY
  MAXIMUM         41     66    2009  38      3       40
  MINIMUM         34    -22    1943  16     18       13
  AVERAGE         38                 27     11       27

PRECIPITATION (IN)
  TODAY            0.00   0.47 1917   0.01  -0.01     0.00
  MONTH TO DATE    0.10               0.17  -0.07     0.15
  SINCE DEC 1      0.48               0.49  -0.01     0.69
  SINCE JAN 1      0.10               0.17  -0.07     0.15

SNOWFALL (IN)
  TODAY            0.0    3.4  2008   0.2   -0.2      0.0
                               1917
  MONTH TO DATE    2.1                3.2   -1.1      2.5
  SINCE DEC 1      9.6                8.4    1.2     11.7
  SINCE JUL 1     24.9               17.0    7.9     41.5
  SNOW DEPTH       0

DEGREE DAYS
 HEATING
  TODAY           27                 38    -11       38
  MONTH TO DATE  767                760      7      704
  SINCE DEC 1   1831               1927    -96     2051
  SINCE JUL 1   3445               3507    -62     3640

 COOLING
  TODAY            0                  0      0        0
  MONTH TO DATE    0                  0      0        0
  SINCE DEC 1      0                  0      0        0
  SINCE JAN 1      0                  0      0        0
...........................................................





WEATHER CONDITIONS
 THE FOLLOWING WEATHER WAS RECORDED TODAY.
  NO SIGNIFICANT WEATHER WAS OBSERVED.


..........................................................


THE EAST RAPID CITY SD CLIMATE NORMALS FOR TOMORROW
                         NORMAL    RECORD    YEAR
 MAXIMUM TEMPERATURE (F)   37        62      1968
 MINIMUM TEMPERATURE (F)   16       -23      1890


SUNRISE AND SUNSET
JANUARY 20 2015.......SUNRISE   722 AM MST   SUNSET   447 PM MST
JANUARY 21 2015.......SUNRISE   721 AM MST   SUNSET   448 PM MST


-  INDICATES NEGATIVE NUMBERS.
R  INDICATES RECORD WAS SET OR TIED.
MM INDICATES DATA IS MISSING.
T  INDICATES TRACE AMOUNT.




$$
