000
CDUS43 KUNR 180036
CLIUNR


CLIMATE REPORT
NATIONAL WEATHER SERVICE RAPID CITY SD
636 PM MDT SUN AUG 17 2014


...................................

...THE EAST RAPID CITY SD CLIMATE SUMMARY FOR AUGUST 17 2014...
VALID TODAY AS OF 0500 PM LOCAL TIME.

CLIMATE NORMAL PERIOD 1981 TO 2010
CLIMATE RECORD PERIOD 1888 TO 2014


WEATHER ITEM   OBSERVED RECORD YEAR NORMAL DEPARTURE LAST
                VALUE   VALUE       VALUE  FROM      YEAR
                                           NORMAL
...........................................................
TEMPERATURE (F)
 TODAY
  MAXIMUM         78    100    1970  84     -6       92
  MINIMUM         61     45    2002  60      1       60
  AVERAGE         70                 72     -2       76

PRECIPITATION (IN)
  TODAY            0.15   1.20 2007   0.06   0.09     0.00
  MONTH TO DATE    3.12               1.25   1.87     1.88
  SINCE JUN 1     10.59               6.91   3.68     5.87
  SINCE JAN 1     15.77              14.96   0.81    14.59

SNOWFALL (IN)
  TODAY            0.0                0.0    0.0      0.0
  MONTH TO DATE    0.0                0.0    0.0      0.0
  SINCE JUN 1      0.0                0.0    0.0      0.0
  SINCE JUL 1      0.0                0.0    0.0      0.0
  SNOW DEPTH       0

DEGREE DAYS
 HEATING
  TODAY            0                  0      0        0
  MONTH TO DATE    0                  0      0        0
  SINCE JUN 1    119                100     19       64
  SINCE JUL 1     11                 12     -1        6

 COOLING
  TODAY            5                  7     -2       11
  MONTH TO DATE  120                142    -22       81
  SINCE JUN 1    357                493   -136      454
  SINCE JAN 1    385                511   -126      478
...........................................................





WEATHER CONDITIONS
 THE FOLLOWING WEATHER WAS RECORDED TODAY.
  THUNDERSTORM
  RAIN
  LIGHT RAIN
  HAIL


..........................................................


THE EAST RAPID CITY SD CLIMATE NORMALS FOR TOMORROW
                         NORMAL    RECORD    YEAR
 MAXIMUM TEMPERATURE (F)   84       101      1959
 MINIMUM TEMPERATURE (F)   60        48      1950


SUNRISE AND SUNSET
AUGUST 17 2014........SUNRISE   559 AM MDT   SUNSET   754 PM MDT
AUGUST 18 2014........SUNRISE   600 AM MDT   SUNSET   752 PM MDT


-  INDICATES NEGATIVE NUMBERS.
R  INDICATES RECORD WAS SET OR TIED.
MM INDICATES DATA IS MISSING.
T  INDICATES TRACE AMOUNT.




$$
