000
CDUS43 KUNR 160831
CLIUNR


CLIMATE REPORT
NATIONAL WEATHER SERVICE RAPID CITY SD
130 AM MST THU FEB 16 2017


...................................

...THE EAST RAPID CITY SD CLIMATE SUMMARY FOR FEBRUARY 15 2017...

CLIMATE NORMAL PERIOD 1981 TO 2010
CLIMATE RECORD PERIOD 1888 TO 2017


WEATHER ITEM   OBSERVED RECORD YEAR NORMAL DEPARTURE LAST
                VALUE   VALUE       VALUE  FROM      YEAR
                                           NORMAL
...........................................................
TEMPERATURE (F)
 YESTERDAY
  MAXIMUM         68R    66    2011  38     30       48
  MINIMUM         28    -26    1936  18     10       34
  AVERAGE         48                 28     20       41

PRECIPITATION (IN)
  YESTERDAY        0.00   0.20 1945   0.02  -0.02     0.03
  MONTH TO DATE    0.18               0.25  -0.07     0.41
  SINCE DEC 1      1.35               0.86   0.49     1.31
  SINCE JAN 1      0.53               0.54  -0.01     0.58

SNOWFALL (IN)
  YESTERDAY        0.0    3.6  2006   0.3   -0.3      0.0
  MONTH TO DATE    4.8                3.8    1.0      3.8
  SINCE DEC 1     25.0               14.5   10.5     21.8
  SINCE JUL 1     28.7               23.1    5.6     27.8
  SNOW DEPTH       0

DEGREE DAYS
 HEATING
  YESTERDAY       17                 37    -20       24
  MONTH TO DATE  544                566    -22      450
  SINCE DEC 1   3238               2914    324     2676
  SINCE JUL 1   4269               4494   -225     3934

 COOLING
  YESTERDAY        0                  0      0        0
  MONTH TO DATE    0                  0      0        0
  SINCE DEC 1      0                  0      0        0
  SINCE JAN 1      0                  0      0        0
...........................................................


WIND (MPH)
  HIGHEST GUST SPEED    16   HIGHEST GUST DIRECTION     W (270)



WEATHER CONDITIONS
 THE FOLLOWING WEATHER WAS RECORDED YESTERDAY.
  NO SIGNIFICANT WEATHER WAS OBSERVED.


..........................................................


THE EAST RAPID CITY SD CLIMATE NORMALS FOR TODAY
                         NORMAL    RECORD    YEAR
 MAXIMUM TEMPERATURE (F)   39        66      2011
                                             1916
 MINIMUM TEMPERATURE (F)   18       -27      1936


SUNRISE AND SUNSET
FEBRUARY 16 2017......SUNRISE   650 AM MST   SUNSET   524 PM MST
FEBRUARY 17 2017......SUNRISE   649 AM MST   SUNSET   526 PM MST


-  INDICATES NEGATIVE NUMBERS.
R  INDICATES RECORD WAS SET OR TIED.
MM INDICATES DATA IS MISSING.
T  INDICATES TRACE AMOUNT.




$$
