079
CDUS43 KUNR 140835
CLIUNR


CLIMATE REPORT
NATIONAL WEATHER SERVICE RAPID CITY SD
133 AM MST TUE NOV 14 2017


...................................

...THE EAST RAPID CITY SD CLIMATE SUMMARY FOR NOVEMBER 13 2017...

CLIMATE NORMAL PERIOD 1981 TO 2010
CLIMATE RECORD PERIOD 1888 TO 2017


WEATHER ITEM   OBSERVED RECORD YEAR NORMAL DEPARTURE LAST
                VALUE   VALUE       VALUE  FROM      YEAR
                                           NORMAL
...........................................................
TEMPERATURE (F)
 YESTERDAY
  MAXIMUM         60     73    1999  47     13       63
  MINIMUM         35    -13    1916  29      6       46
  AVERAGE         48                 38     10       55

PRECIPITATION (IN)
  YESTERDAY        0.00   0.25 1909   0.02  -0.02     0.00
  MONTH TO DATE    0.08               0.40  -0.32     0.00
  SINCE SEP 1      2.45               3.59  -1.14     1.43
  SINCE JAN 1     12.42              19.27  -6.85    12.73

SNOWFALL (IN)
  YESTERDAY        0.0    3.5  1909   0.2   -0.2      0.0
  MONTH TO DATE    0.9                2.8   -1.9      0.0
  SINCE SEP 1      0.9                5.2   -4.3       T
  SINCE JUL 1      0.9                5.2   -4.3       T
  SNOW DEPTH       0

DEGREE DAYS
 HEATING
  YESTERDAY       17                 27    -10       10
  MONTH TO DATE  407                320     87      115
  SINCE SEP 1   1034               1019     15      556
  SINCE JUL 1   1039               1049    -10      581

 COOLING
  YESTERDAY        0                  0      0        0
  MONTH TO DATE    0                  0      0        0
  SINCE SEP 1    117                 70     47       53
  SINCE JAN 1    854                665    189      813
...........................................................


WIND (MPH)
  HIGHEST GUST SPEED    15   HIGHEST GUST DIRECTION     E (110)



WEATHER CONDITIONS
 THE FOLLOWING WEATHER WAS RECORDED YESTERDAY.
  NO SIGNIFICANT WEATHER WAS OBSERVED.


..........................................................


THE EAST RAPID CITY SD CLIMATE NORMALS FOR TODAY
                         NORMAL    RECORD    YEAR
 MAXIMUM TEMPERATURE (F)   47        79      1894
 MINIMUM TEMPERATURE (F)   28       -15      1959


SUNRISE AND SUNSET
NOVEMBER 14 2017......SUNRISE   647 AM MST   SUNSET   427 PM MST
NOVEMBER 15 2017......SUNRISE   648 AM MST   SUNSET   426 PM MST


-  INDICATES NEGATIVE NUMBERS.
R  INDICATES RECORD WAS SET OR TIED.
MM INDICATES DATA IS MISSING.
T  INDICATES TRACE AMOUNT.




$$
