000
CDUS43 KUNR 220831
CLIUNR


CLIMATE REPORT
NATIONAL WEATHER SERVICE RAPID CITY SD
131 AM MST THU JAN 22 2015


...................................

...THE EAST RAPID CITY SD CLIMATE SUMMARY FOR JANUARY 21 2015...

CLIMATE NORMAL PERIOD 1981 TO 2010
CLIMATE RECORD PERIOD 1888 TO 2015


WEATHER ITEM   OBSERVED RECORD YEAR NORMAL DEPARTURE LAST
                VALUE   VALUE       VALUE  FROM      YEAR
                                           NORMAL
...........................................................
TEMPERATURE (F)
 YESTERDAY
  MAXIMUM         33     62    1968  37     -4       48
  MINIMUM         24    -23    1890  16      8        9
  AVERAGE         29                 27      2       29

PRECIPITATION (IN)
  YESTERDAY        T      0.17 1915   0.01  -0.01      T
  MONTH TO DATE    0.10               0.18  -0.08     0.15
  SINCE DEC 1      0.48               0.50  -0.02     0.69
  SINCE JAN 1      0.10               0.18  -0.08     0.15

SNOWFALL (IN)
  YESTERDAY        T      2.5  1917   0.1   -0.1       T
  MONTH TO DATE    2.1                3.3   -1.2      2.5
  SINCE DEC 1      9.6                8.5    1.1     11.7
  SINCE JUL 1     24.9               17.1    7.8     41.5
  SNOW DEPTH       0

DEGREE DAYS
 HEATING
  YESTERDAY       36                 38     -2       36
  MONTH TO DATE  804                798      6      740
  SINCE DEC 1   1868               1965    -97     2087
  SINCE JUL 1   3482               3545    -63     3676

 COOLING
  YESTERDAY        0                  0      0        0
  MONTH TO DATE    0                  0      0        0
  SINCE DEC 1      0                  0      0        0
  SINCE JAN 1      0                  0      0        0
...........................................................


WIND (MPH)
  HIGHEST GUST SPEED    32   HIGHEST GUST DIRECTION     N (360)



WEATHER CONDITIONS
 THE FOLLOWING WEATHER WAS RECORDED YESTERDAY.
  NO SIGNIFICANT WEATHER WAS OBSERVED.


..........................................................


THE EAST RAPID CITY SD CLIMATE NORMALS FOR TODAY
                         NORMAL    RECORD    YEAR
 MAXIMUM TEMPERATURE (F)   37        68      1942
 MINIMUM TEMPERATURE (F)   16       -22      1917


SUNRISE AND SUNSET
JANUARY 22 2015.......SUNRISE   720 AM MST   SUNSET   449 PM MST
JANUARY 23 2015.......SUNRISE   719 AM MST   SUNSET   450 PM MST


-  INDICATES NEGATIVE NUMBERS.
R  INDICATES RECORD WAS SET OR TIED.
MM INDICATES DATA IS MISSING.
T  INDICATES TRACE AMOUNT.




$$
