000
CDUS43 KUNR 190832
CLIUNR


CLIMATE REPORT
NATIONAL WEATHER SERVICE RAPID CITY SD
231 AM MDT FRI AUG 19 2016


...................................

...THE EAST RAPID CITY SD CLIMATE SUMMARY FOR AUGUST 18 2016...

CLIMATE NORMAL PERIOD 1981 TO 2010
CLIMATE RECORD PERIOD 1888 TO 2016


WEATHER ITEM   OBSERVED RECORD YEAR NORMAL DEPARTURE LAST
                VALUE   VALUE       VALUE  FROM      YEAR
                                           NORMAL
...........................................................
TEMPERATURE (F)
 YESTERDAY
  MAXIMUM         76    101    1959  84     -8       60
  MINIMUM         61     48    1950  60      1       51
  AVERAGE         69                 72     -3       56

PRECIPITATION (IN)
  YESTERDAY        0.02   0.92 1968   0.06  -0.04     0.16
  MONTH TO DATE    1.91               1.31   0.60     1.51
  SINCE JUN 1      5.35               6.97  -1.62    12.00
  SINCE JAN 1      9.89              15.02  -5.13    21.36

SNOWFALL (IN)
  YESTERDAY        0.0    0.0  2002   0.0    0.0      0.0
                               2001
                               1949
  MONTH TO DATE    0.0                0.0    0.0      0.0
  SINCE JUN 1      0.0                0.0    0.0      0.0
  SINCE JUL 1      0.0                0.0    0.0      0.0
  SNOW DEPTH       0

DEGREE DAYS
 HEATING
  YESTERDAY        0                  0      0        9
  MONTH TO DATE    0                  0      0       16
  SINCE JUN 1      6                100    -94       50
  SINCE JUL 1      1                 12    -11       17

 COOLING
  YESTERDAY        4                  7     -3        0
  MONTH TO DATE  165                149     16      163
  SINCE JUN 1    695                500    195      493
  SINCE JAN 1    701                518    183      501
...........................................................


WIND (MPH)
  HIGHEST GUST SPEED    51   HIGHEST GUST DIRECTION    NW (330)



WEATHER CONDITIONS
 THE FOLLOWING WEATHER WAS RECORDED YESTERDAY.
  THUNDERSTORM
  LIGHT RAIN


..........................................................


THE EAST RAPID CITY SD CLIMATE NORMALS FOR TODAY
                         NORMAL    RECORD    YEAR
 MAXIMUM TEMPERATURE (F)   84       100      1948
 MINIMUM TEMPERATURE (F)   60        46      1908


SUNRISE AND SUNSET
AUGUST 19 2016........SUNRISE   602 AM MDT   SUNSET   750 PM MDT
AUGUST 20 2016........SUNRISE   603 AM MDT   SUNSET   748 PM MDT


-  INDICATES NEGATIVE NUMBERS.
R  INDICATES RECORD WAS SET OR TIED.
MM INDICATES DATA IS MISSING.
T  INDICATES TRACE AMOUNT.




$$
