000
CDUS43 KUNR 070833
CLIUNR


CLIMATE REPORT
NATIONAL WEATHER SERVICE RAPID CITY SD
132 AM MST THU DEC 7 2017


...................................

...THE EAST RAPID CITY SD CLIMATE SUMMARY FOR DECEMBER 6 2017...

CLIMATE NORMAL PERIOD 1981 TO 2010
CLIMATE RECORD PERIOD 1888 TO 2017


WEATHER ITEM   OBSERVED RECORD YEAR NORMAL DEPARTURE LAST
                VALUE   VALUE       VALUE  FROM      YEAR
                                           NORMAL
...........................................................
TEMPERATURE (F)
 YESTERDAY
  MAXIMUM         33     75    1939  37     -4       20
  MINIMUM         13    -13    2013  20     -7        3
  AVERAGE         23                 28     -5       12

PRECIPITATION (IN)
  YESTERDAY        0.04   0.36 1956   0.01   0.03     0.00
  MONTH TO DATE    0.08               0.06   0.02      T
  SINCE DEC 1      0.08               0.06   0.02      T
  SINCE JAN 1     12.65              19.53  -6.88    12.95

SNOWFALL (IN)
  YESTERDAY        1.2    6.8  1934   0.2    1.0      0.0
  MONTH TO DATE    1.9                1.1    0.8       T
  SINCE DEC 1      1.9                1.1    0.8       T
  SINCE JUL 1      3.0                9.7   -6.7      3.7
  SNOW DEPTH       T

DEGREE DAYS
 HEATING
  YESTERDAY       42                 37      5       53
  MONTH TO DATE  171                215    -44      219
  SINCE DEC 1    171                215    -44      219
  SINCE JUL 1   1551               1795   -244     1250

 COOLING
  YESTERDAY        0                  0      0        0
  MONTH TO DATE    0                  0      0        0
  SINCE DEC 1      0                  0      0        0
  SINCE JAN 1    854                665    189      813
...........................................................


WIND (MPH)
  HIGHEST GUST SPEED    49   HIGHEST GUST DIRECTION    NW (320)



WEATHER CONDITIONS
 THE FOLLOWING WEATHER WAS RECORDED YESTERDAY.
  SNOW
  LIGHT SNOW


..........................................................


THE EAST RAPID CITY SD CLIMATE NORMALS FOR TODAY
                         NORMAL    RECORD    YEAR
 MAXIMUM TEMPERATURE (F)   37        67      1918
 MINIMUM TEMPERATURE (F)   20       -17      1927


SUNRISE AND SUNSET
DECEMBER  7 2017......SUNRISE   714 AM MST   SUNSET   414 PM MST
DECEMBER  8 2017......SUNRISE   715 AM MST   SUNSET   414 PM MST


-  INDICATES NEGATIVE NUMBERS.
R  INDICATES RECORD WAS SET OR TIED.
MM INDICATES DATA IS MISSING.
T  INDICATES TRACE AMOUNT.




$$
