000
CDUS43 KUNR 130049
CLIUNR


CLIMATE REPORT
NATIONAL WEATHER SERVICE RAPID CITY SD
548 PM MST FRI DEC 12 2014


...................................

...THE EAST RAPID CITY SD CLIMATE SUMMARY FOR DECEMBER 12 2014...
VALID TODAY AS OF 0500 PM LOCAL TIME.

CLIMATE NORMAL PERIOD 1981 TO 2010
CLIMATE RECORD PERIOD 1888 TO 2014


WEATHER ITEM   OBSERVED RECORD YEAR NORMAL DEPARTURE LAST
                VALUE   VALUE       VALUE  FROM      YEAR
                                           NORMAL
...........................................................
TEMPERATURE (F)
 TODAY
  MAXIMUM         66     69    1924  36     30       43
  MINIMUM         36    -21    1917  18     18       23
  AVERAGE         51                 27     24       33

PRECIPITATION (IN)
  TODAY            0.00   0.49 1937   0.01  -0.01     0.00
  MONTH TO DATE    0.00               0.11  -0.11     0.16
  SINCE DEC 1      0.00               0.11  -0.11     0.16
  SINCE JAN 1     23.35              19.58   3.77    22.62

SNOWFALL (IN)
  TODAY            0.0    3.6  1899   0.1   -0.1      0.0
  MONTH TO DATE    0.0                2.0   -2.0      2.7
  SINCE DEC 1      0.0                2.0   -2.0      2.7
  SINCE JUL 1     15.3               10.6    4.7     32.5
  SNOW DEPTH       0

DEGREE DAYS
 HEATING
  TODAY           14                 38    -24       32
  MONTH TO DATE  321                439   -118      623
  SINCE DEC 1    321                439   -118      623
  SINCE JUL 1   1935               2019    -84     2212

 COOLING
  TODAY            0                  0      0        0
  MONTH TO DATE    0                  0      0        0
  SINCE DEC 1      0                  0      0        0
  SINCE JAN 1    514                665   -151      830
...........................................................





WEATHER CONDITIONS
 THE FOLLOWING WEATHER WAS RECORDED TODAY.
  NO SIGNIFICANT WEATHER WAS OBSERVED.


..........................................................


THE EAST RAPID CITY SD CLIMATE NORMALS FOR TOMORROW
                         NORMAL    RECORD    YEAR
 MAXIMUM TEMPERATURE (F)   36        63      1921
 MINIMUM TEMPERATURE (F)   18       -19      1916


SUNRISE AND SUNSET
DECEMBER 12 2014......SUNRISE   719 AM MST   SUNSET   415 PM MST
DECEMBER 13 2014......SUNRISE   719 AM MST   SUNSET   415 PM MST


-  INDICATES NEGATIVE NUMBERS.
R  INDICATES RECORD WAS SET OR TIED.
MM INDICATES DATA IS MISSING.
T  INDICATES TRACE AMOUNT.




$$
