000
CDUS43 KUNR 080833
CLIUNR


CLIMATE REPORT
NATIONAL WEATHER SERVICE RAPID CITY SD
233 AM MDT TUE APR 8 2014


...................................

...THE EAST RAPID CITY SD CLIMATE SUMMARY FOR APRIL 7 2014...

CLIMATE NORMAL PERIOD 1981 TO 2010
CLIMATE RECORD PERIOD 1888 TO 2014


WEATHER ITEM   OBSERVED RECORD YEAR NORMAL DEPARTURE LAST
                VALUE   VALUE       VALUE  FROM      YEAR
                                           NORMAL
...........................................................
TEMPERATURE (F)
 YESTERDAY
  MAXIMUM         52     81    1952  53     -1       62
  MINIMUM         39      8    1923  31      8       41
  AVERAGE         46                 42      4       52

PRECIPITATION (IN)
  YESTERDAY        T      0.75 1919   0.06  -0.06     0.05
  MONTH TO DATE    0.61               0.32   0.29     0.05
  SINCE MAR 1      1.74               1.31   0.43     0.74
  SINCE JAN 1      2.25               2.08   0.17     1.42

SNOWFALL (IN)
  YESTERDAY        0.0                0.4   -0.4      0.0
  MONTH TO DATE    7.6                2.5    5.1      0.0
  SINCE MAR 1     22.0               14.3    7.7     11.8
  SINCE JUL 1     72.1               41.0   31.1     33.5
  SNOW DEPTH       0

DEGREE DAYS
 HEATING
  YESTERDAY       19                 23     -4       13
  MONTH TO DATE  210                168     42      128
  SINCE MAR 1   1230               1076    154     1072
  SINCE JUL 1   6578               6030    548     5700

 COOLING
  YESTERDAY        0                  0      0        0
  MONTH TO DATE    0                  0      0        0
  SINCE MAR 1      0                  0      0        0
  SINCE JAN 1      0                  0      0        0
...........................................................


WIND (MPH)
  HIGHEST GUST SPEED    45   HIGHEST GUST DIRECTION     N (360)



WEATHER CONDITIONS
 THE FOLLOWING WEATHER WAS RECORDED YESTERDAY.
  LIGHT RAIN


..........................................................


THE EAST RAPID CITY SD CLIMATE NORMALS FOR TODAY
                         NORMAL    RECORD    YEAR
 MAXIMUM TEMPERATURE (F)   53        84      1930
 MINIMUM TEMPERATURE (F)   31         7      1997


SUNRISE AND SUNSET
APRIL  8 2014.........SUNRISE   622 AM MDT   SUNSET   728 PM MDT
APRIL  9 2014.........SUNRISE   620 AM MDT   SUNSET   730 PM MDT


-  INDICATES NEGATIVE NUMBERS.
R  INDICATES RECORD WAS SET OR TIED.
MM INDICATES DATA IS MISSING.
T  INDICATES TRACE AMOUNT.




$$
