000
CDUS43 KUNR 270834
CLIUNR


CLIMATE REPORT
NATIONAL WEATHER SERVICE RAPID CITY SD
233 AM MDT MON JUL 27 2015


...................................

...THE EAST RAPID CITY SD CLIMATE SUMMARY FOR JULY 26 2015...

CLIMATE NORMAL PERIOD 1981 TO 2010
CLIMATE RECORD PERIOD 1888 TO 2015


WEATHER ITEM   OBSERVED RECORD YEAR NORMAL DEPARTURE LAST
                VALUE   VALUE       VALUE  FROM      YEAR
                                           NORMAL
...........................................................
TEMPERATURE (F)
 YESTERDAY
  MAXIMUM         91    104    1935  86      5       81
  MINIMUM         64     49    1971  63      1       64
  AVERAGE         78                 74      4       73

PRECIPITATION (IN)
  YESTERDAY        0.00   1.89 1905   0.09  -0.09     0.00
  MONTH TO DATE    2.38               2.01   0.37     1.42
  SINCE JUN 1      9.25               5.17   4.08     7.47
  SINCE JAN 1     18.61              13.22   5.39    12.65

SNOWFALL (IN)
  YESTERDAY        0.0    0.0  2002   0.0    0.0      0.0
                               2001
                               2000
  MONTH TO DATE    0.0                0.0    0.0      0.0
  SINCE JUN 1      0.0                0.0    0.0      0.0
  SINCE JUL 1      0.0                0.0    0.0      0.0
  SNOW DEPTH       0

DEGREE DAYS
 HEATING
  YESTERDAY        0                  0      0        0
  MONTH TO DATE    1                  6     -5       11
  SINCE JUN 1     34                 94    -60      119
  SINCE JUL 1      1                  6     -5       11

 COOLING
  YESTERDAY       13                  9      4        8
  MONTH TO DATE  186                212    -26      183
  SINCE JUN 1    293                303    -10      211
  SINCE JAN 1    301                321    -20      239
...........................................................


WIND (MPH)
  HIGHEST GUST SPEED    29   HIGHEST GUST DIRECTION     E (100)



WEATHER CONDITIONS
 THE FOLLOWING WEATHER WAS RECORDED YESTERDAY.
  NO SIGNIFICANT WEATHER WAS OBSERVED.


..........................................................


THE EAST RAPID CITY SD CLIMATE NORMALS FOR TODAY
                         NORMAL    RECORD    YEAR
 MAXIMUM TEMPERATURE (F)   86       101      1931
 MINIMUM TEMPERATURE (F)   63        50      1971


SUNRISE AND SUNSET
JULY 27 2015..........SUNRISE   535 AM MDT   SUNSET   823 PM MDT
JULY 28 2015..........SUNRISE   536 AM MDT   SUNSET   822 PM MDT


-  INDICATES NEGATIVE NUMBERS.
R  INDICATES RECORD WAS SET OR TIED.
MM INDICATES DATA IS MISSING.
T  INDICATES TRACE AMOUNT.




$$
