000
CDUS43 KUNR 160044
CLIUNR


CLIMATE REPORT
NATIONAL WEATHER SERVICE RAPID CITY SD
644 PM MDT FRI AUG 15 2014


...................................

...THE EAST RAPID CITY SD CLIMATE SUMMARY FOR AUGUST 15 2014...
VALID TODAY AS OF 0500 PM LOCAL TIME.

CLIMATE NORMAL PERIOD 1981 TO 2010
CLIMATE RECORD PERIOD 1888 TO 2014


WEATHER ITEM   OBSERVED RECORD YEAR NORMAL DEPARTURE LAST
                VALUE   VALUE       VALUE  FROM      YEAR
                                           NORMAL
...........................................................
TEMPERATURE (F)
 TODAY
  MAXIMUM         83    103    1929  84     -1       76
  MINIMUM         63     47    1959  60      3       57
  AVERAGE         73                 72      1       67

PRECIPITATION (IN)
  TODAY            0.06   1.63 1888   0.07  -0.01      T
  MONTH TO DATE    3.00               1.13   1.87     1.88
  SINCE JUN 1     10.47               6.79   3.68     5.87
  SINCE JAN 1     15.65              14.84   0.81    14.59

SNOWFALL (IN)
  TODAY            0.0                0.0    0.0      0.0
  MONTH TO DATE    0.0                0.0    0.0      0.0
  SINCE JUN 1      0.0                0.0    0.0      0.0
  SINCE JUL 1      0.0                0.0    0.0      0.0
  SNOW DEPTH       0

DEGREE DAYS
 HEATING
  TODAY            0                  0      0        0
  MONTH TO DATE    0                  0      0        0
  SINCE JUN 1    119                100     19       64
  SINCE JUL 1     11                 12     -1        6

 COOLING
  TODAY            8                  8      0        2
  MONTH TO DATE  107                128    -21       65
  SINCE JUN 1    344                479   -135      438
  SINCE JAN 1    372                497   -125      462
...........................................................





WEATHER CONDITIONS
 THE FOLLOWING WEATHER WAS RECORDED TODAY.
  LIGHT RAIN


..........................................................


THE EAST RAPID CITY SD CLIMATE NORMALS FOR TOMORROW
                         NORMAL    RECORD    YEAR
 MAXIMUM TEMPERATURE (F)   84        98      1955
 MINIMUM TEMPERATURE (F)   60        47      2002


SUNRISE AND SUNSET
AUGUST 15 2014........SUNRISE   557 AM MDT   SUNSET   757 PM MDT
AUGUST 16 2014........SUNRISE   558 AM MDT   SUNSET   756 PM MDT


-  INDICATES NEGATIVE NUMBERS.
R  INDICATES RECORD WAS SET OR TIED.
MM INDICATES DATA IS MISSING.
T  INDICATES TRACE AMOUNT.




$$
