000
CDUS43 KUNR 150831
CLIUNR


CLIMATE REPORT
NATIONAL WEATHER SERVICE RAPID CITY SD
131 AM MST SUN JAN 15 2017


...................................

...THE EAST RAPID CITY SD CLIMATE SUMMARY FOR JANUARY 14 2017...

CLIMATE NORMAL PERIOD 1981 TO 2010
CLIMATE RECORD PERIOD 1888 TO 2017


WEATHER ITEM   OBSERVED RECORD YEAR NORMAL DEPARTURE LAST
                VALUE   VALUE       VALUE  FROM      YEAR
                                           NORMAL
...........................................................
TEMPERATURE (F)
 YESTERDAY
  MAXIMUM         29     62    2006  38     -9       45
  MINIMUM         18    -30    1888  16      2       31
  AVERAGE         24                 27     -3       38

PRECIPITATION (IN)
  YESTERDAY        0.00   0.35 1953   0.01  -0.01     0.02
  MONTH TO DATE    0.12               0.12   0.00     0.02
  SINCE DEC 1      0.94               0.44   0.50     0.75
  SINCE JAN 1      0.12               0.12   0.00     0.02

SNOWFALL (IN)
  YESTERDAY        0.0    4.0  1953   0.2   -0.2       T
  MONTH TO DATE    3.6                2.2    1.4       T
  SINCE DEC 1     15.7                7.4    8.3     15.5
  SINCE JUL 1     19.4               16.0    3.4     21.5
  SNOW DEPTH       4

DEGREE DAYS
 HEATING
  YESTERDAY       41                 38      3       27
  MONTH TO DATE  758                532    226      549
  SINCE DEC 1   2151               1699    452     1651
  SINCE JUL 1   3182               3279    -97     2909

 COOLING
  YESTERDAY        0                  0      0        0
  MONTH TO DATE    0                  0      0        0
  SINCE DEC 1      0                  0      0        0
  SINCE JAN 1      0                  0      0        0
...........................................................


WIND (MPH)
  HIGHEST GUST SPEED    14   HIGHEST GUST DIRECTION     W (280)



WEATHER CONDITIONS
 THE FOLLOWING WEATHER WAS RECORDED YESTERDAY.
  NO SIGNIFICANT WEATHER WAS OBSERVED.


..........................................................


THE EAST RAPID CITY SD CLIMATE NORMALS FOR TODAY
                         NORMAL    RECORD    YEAR
 MAXIMUM TEMPERATURE (F)   38        60      2000
 MINIMUM TEMPERATURE (F)   16       -26      1888


SUNRISE AND SUNSET
JANUARY 15 2017.......SUNRISE   724 AM MST   SUNSET   441 PM MST
JANUARY 16 2017.......SUNRISE   724 AM MST   SUNSET   442 PM MST


-  INDICATES NEGATIVE NUMBERS.
R  INDICATES RECORD WAS SET OR TIED.
MM INDICATES DATA IS MISSING.
T  INDICATES TRACE AMOUNT.




$$
