000
CDUS43 KUNR 200833
CLIUNR


CLIMATE REPORT
NATIONAL WEATHER SERVICE RAPID CITY SD
231 AM MDT FRI MAY 20 2016


...................................

...THE EAST RAPID CITY SD CLIMATE SUMMARY FOR MAY 19 2016...

CLIMATE NORMAL PERIOD 1981 TO 2010
CLIMATE RECORD PERIOD 1888 TO 2016


WEATHER ITEM   OBSERVED RECORD YEAR NORMAL DEPARTURE LAST
                VALUE   VALUE       VALUE  FROM      YEAR
                                           NORMAL
...........................................................
TEMPERATURE (F)
 YESTERDAY
  MAXIMUM         79     93    2009  67     12       44
  MINIMUM         43     28    1895  46     -3       34
  AVERAGE         61                 57      4       39

PRECIPITATION (IN)
  YESTERDAY        0.00   2.19 2011   0.15  -0.15     0.26
  MONTH TO DATE    0.27               2.37  -2.10     4.33
  SINCE MAR 1      2.50               5.46  -2.96     5.38
  SINCE JAN 1      3.31               6.23  -2.92     5.93

SNOWFALL (IN)
  YESTERDAY        0.0    T    2015   0.0    0.0       T
  MONTH TO DATE    T                  1.8   -1.8     13.6
  SINCE MAR 1     11.7               22.4  -10.7     15.0
  SINCE JUL 1     41.6               49.1   -7.5     50.7
  SNOW DEPTH       0

DEGREE DAYS
 HEATING
  YESTERDAY        4                  9     -5       26
  MONTH TO DATE  217                220     -3      277
  SINCE MAR 1   1414               1732   -318     1416
  SINCE JUL 1   5663               6686  -1023     6112

 COOLING
  YESTERDAY        0                  1     -1        0
  MONTH TO DATE    2                  3     -1        2
  SINCE MAR 1      4                  4      0        8
  SINCE JAN 1      4                  4      0        8
...........................................................


WIND (MPH)
  HIGHEST GUST SPEED    33   HIGHEST GUST DIRECTION    SE (150)



WEATHER CONDITIONS
 THE FOLLOWING WEATHER WAS RECORDED YESTERDAY.
  NO SIGNIFICANT WEATHER WAS OBSERVED.


..........................................................


THE EAST RAPID CITY SD CLIMATE NORMALS FOR TODAY
                         NORMAL    RECORD    YEAR
 MAXIMUM TEMPERATURE (F)   68        90      1964
 MINIMUM TEMPERATURE (F)   46        30      1968


SUNRISE AND SUNSET
MAY 20 2016...........SUNRISE   521 AM MDT   SUNSET   818 PM MDT
MAY 21 2016...........SUNRISE   520 AM MDT   SUNSET   819 PM MDT


-  INDICATES NEGATIVE NUMBERS.
R  INDICATES RECORD WAS SET OR TIED.
MM INDICATES DATA IS MISSING.
T  INDICATES TRACE AMOUNT.




$$
