000
CDUS43 KUNR 091831
CLIUNR


CLIMATE REPORT
NATIONAL WEATHER SERVICE RAPID CITY SD
1130 AM MST THU FEB 9 2017


...................................

...THE EAST RAPID CITY SD CLIMATE SUMMARY FOR FEBRUARY 9 2017...
VALID AS OF 1100 AM LOCAL TIME.

CLIMATE NORMAL PERIOD 1981 TO 2010
CLIMATE RECORD PERIOD 1888 TO 2017


WEATHER ITEM   OBSERVED RECORD YEAR NORMAL DEPARTURE LAST
                VALUE   VALUE       VALUE  FROM      YEAR
                                           NORMAL
...........................................................
TEMPERATURE (F)
 TODAY
  MAXIMUM         24     70    1996  37    -13       52
  MINIMUM         10    -24    1933  17     -7       26
  AVERAGE         17                 27    -10       39

PRECIPITATION (IN)
  TODAY            0.00   0.71 1953   0.01  -0.01     0.00
  MONTH TO DATE    0.17               0.15   0.02     0.24
  SINCE DEC 1      1.34               0.76   0.58     1.14
  SINCE JAN 1      0.52               0.44   0.08     0.41

SNOWFALL (IN)
  TODAY            0.0    7.1  1953   0.2   -0.2      0.0
  MONTH TO DATE    4.8                2.3    2.5      3.8
  SINCE DEC 1     25.0               13.0   12.0     21.8
  SINCE JUL 1     28.7               21.6    7.1     27.8
  SNOW DEPTH       3

DEGREE DAYS
 HEATING
  TODAY           48                 38     10       26
  MONTH TO DATE  431                342     89      289
  SINCE DEC 1   3125               2690    435     2515
  SINCE JUL 1   4156               4270   -114     3773

 COOLING
  TODAY            0                  0      0        0
  MONTH TO DATE    0                  0      0        0
  SINCE DEC 1      0                  0      0        0
  SINCE JAN 1      0                  0      0        0
...........................................................





WEATHER CONDITIONS
 THE FOLLOWING WEATHER WAS RECORDED TODAY.
  NO SIGNIFICANT WEATHER WAS OBSERVED.


..........................................................


THE EAST RAPID CITY SD CLIMATE NORMALS FOR TOMORROW
                         NORMAL    RECORD    YEAR
 MAXIMUM TEMPERATURE (F)   38        74      1951
 MINIMUM TEMPERATURE (F)   17       -26      1939


SUNRISE AND SUNSET
FEBRUARY  9 2017......SUNRISE   700 AM MST   SUNSET   515 PM MST
FEBRUARY 10 2017......SUNRISE   659 AM MST   SUNSET   516 PM MST


-  INDICATES NEGATIVE NUMBERS.
R  INDICATES RECORD WAS SET OR TIED.
MM INDICATES DATA IS MISSING.
T  INDICATES TRACE AMOUNT.




$$
