000
CDUS43 KUNR 120843
CLIUNR


CLIMATE REPORT
NATIONAL WEATHER SERVICE RAPID CITY SD
143 AM MST TUE DEC 12 2017


...................................

...THE EAST RAPID CITY SD CLIMATE SUMMARY FOR DECEMBER 11 2017...

CLIMATE NORMAL PERIOD 1981 TO 2010
CLIMATE RECORD PERIOD 1888 TO 2017


WEATHER ITEM   OBSERVED RECORD YEAR NORMAL DEPARTURE LAST
                VALUE   VALUE       VALUE  FROM      YEAR
                                           NORMAL
...........................................................
TEMPERATURE (F)
 YESTERDAY
  MAXIMUM         53     72    1939  36     17       23
  MINIMUM         25    -18    1932  19      6        3
  AVERAGE         39                 27     12       13

PRECIPITATION (IN)
  YESTERDAY        0.00   0.29 1888   0.01  -0.01     0.00
  MONTH TO DATE    0.08               0.10  -0.02     0.01
  SINCE DEC 1      0.08               0.10  -0.02     0.01
  SINCE JAN 1     12.65              19.57  -6.92    12.96

SNOWFALL (IN)
  YESTERDAY        0.0    3.0  1888   0.2   -0.2      0.0
  MONTH TO DATE    1.9                1.9    0.0      0.4
  SINCE DEC 1      1.9                1.9    0.0      0.4
  SINCE JUL 1      3.0               10.5   -7.5      4.1
  SNOW DEPTH       0

DEGREE DAYS
 HEATING
  YESTERDAY       26                 38    -12       52
  MONTH TO DATE  281                401   -120      517
  SINCE DEC 1    281                401   -120      517
  SINCE JUL 1   1661               1981   -320     1548

 COOLING
  YESTERDAY        0                  0      0        0
  MONTH TO DATE    0                  0      0        0
  SINCE DEC 1      0                  0      0        0
  SINCE JAN 1    854                665    189      813
...........................................................


WIND (MPH)
  HIGHEST GUST SPEED    61   HIGHEST GUST DIRECTION    NW (320)



WEATHER CONDITIONS
 THE FOLLOWING WEATHER WAS RECORDED YESTERDAY.
  NO SIGNIFICANT WEATHER WAS OBSERVED.


..........................................................


THE EAST RAPID CITY SD CLIMATE NORMALS FOR TODAY
                         NORMAL    RECORD    YEAR
 MAXIMUM TEMPERATURE (F)   36        69      1924
 MINIMUM TEMPERATURE (F)   18       -21      1917


SUNRISE AND SUNSET
DECEMBER 12 2017......SUNRISE   719 AM MST   SUNSET   415 PM MST
DECEMBER 13 2017......SUNRISE   720 AM MST   SUNSET   415 PM MST


-  INDICATES NEGATIVE NUMBERS.
R  INDICATES RECORD WAS SET OR TIED.
MM INDICATES DATA IS MISSING.
T  INDICATES TRACE AMOUNT.




$$
