000
CDUS43 KUNR 140036
CLIUNR


CLIMATE REPORT
NATIONAL WEATHER SERVICE RAPID CITY SD
636 PM MDT TUE JUN 13 2017


...................................

...THE EAST RAPID CITY SD CLIMATE SUMMARY FOR JUNE 13 2017...
VALID TODAY AS OF 0500 PM LOCAL TIME.

CLIMATE NORMAL PERIOD 1981 TO 2010
CLIMATE RECORD PERIOD 1888 TO 2017


WEATHER ITEM   OBSERVED RECORD YEAR NORMAL DEPARTURE LAST
                VALUE   VALUE       VALUE  FROM      YEAR
                                           NORMAL
...........................................................
TEMPERATURE (F)
 TODAY
  MAXIMUM         79     94    1959  75      4       82
  MINIMUM         56     32    1969  53      3       58
  AVERAGE         68                 64      4       70

PRECIPITATION (IN)
  TODAY            0.04   1.83 1913   0.12  -0.08     0.48
  MONTH TO DATE    0.87               1.75  -0.88     0.49
  SINCE JUN 1      0.87               1.75  -0.88     0.49
  SINCE JAN 1      5.50               9.80  -4.30     5.03

SNOWFALL (IN)
  TODAY            0.0    3.0  1969   0.0    0.0      0.0
  MONTH TO DATE    0.0                0.0    0.0      0.0
  SINCE JUN 1      0.0                0.0    0.0      0.0
  SINCE JUL 1     39.2               49.3  -10.1     41.6
  SNOW DEPTH       0

DEGREE DAYS
 HEATING
  TODAY            0                  3     -3        0
  MONTH TO DATE    0                 58    -58        5
  SINCE JUN 1      0                 58    -58        5
  SINCE JUL 1   6176               6830   -654     5719

 COOLING
  TODAY            3                  2      1        5
  MONTH TO DATE   81                 22     59       89
  SINCE JUN 1     81                 22     59       89
  SINCE JAN 1     94                 40     54       95
...........................................................





WEATHER CONDITIONS
 THE FOLLOWING WEATHER WAS RECORDED TODAY.
  THUNDERSTORM
  LIGHT RAIN


..........................................................


THE EAST RAPID CITY SD CLIMATE NORMALS FOR TOMORROW
                         NORMAL    RECORD    YEAR
 MAXIMUM TEMPERATURE (F)   75        97      2006
 MINIMUM TEMPERATURE (F)   54        36      1969


SUNRISE AND SUNSET
JUNE 13 2017..........SUNRISE   509 AM MDT   SUNSET   837 PM MDT
JUNE 14 2017..........SUNRISE   509 AM MDT   SUNSET   837 PM MDT


-  INDICATES NEGATIVE NUMBERS.
R  INDICATES RECORD WAS SET OR TIED.
MM INDICATES DATA IS MISSING.
T  INDICATES TRACE AMOUNT.




$$
