000
CDUS43 KUNR 210831
CLIUNR


CLIMATE REPORT
NATIONAL WEATHER SERVICE RAPID CITY SD
230 AM MDT SUN AUG 21 2016


...................................

...THE EAST RAPID CITY SD CLIMATE SUMMARY FOR AUGUST 20 2016...

CLIMATE NORMAL PERIOD 1981 TO 2010
CLIMATE RECORD PERIOD 1888 TO 2016


WEATHER ITEM   OBSERVED RECORD YEAR NORMAL DEPARTURE LAST
                VALUE   VALUE       VALUE  FROM      YEAR
                                           NORMAL
...........................................................
TEMPERATURE (F)
 YESTERDAY
  MAXIMUM         70    102    1898  83    -13       82
  MINIMUM         50     43    1964  59     -9       54
  AVERAGE         60                 71    -11       68

PRECIPITATION (IN)
  YESTERDAY        0.00   0.80 1906   0.06  -0.06     0.00
  MONTH TO DATE    2.15               1.42   0.73     1.51
  SINCE JUN 1      5.59               7.08  -1.49    12.00
  SINCE JAN 1     10.13              15.13  -5.00    21.36

SNOWFALL (IN)
  YESTERDAY        0.0    0.0  2002   0.0    0.0      0.0
                               2001
                               1954
  MONTH TO DATE    0.0                0.0    0.0      0.0
  SINCE JUN 1      0.0                0.0    0.0      0.0
  SINCE JUL 1      0.0                0.0    0.0      0.0
  SNOW DEPTH       0

DEGREE DAYS
 HEATING
  YESTERDAY        5                  0      5        0
  MONTH TO DATE   14                  0     14       20
  SINCE JUN 1     20                100    -80       54
  SINCE JUL 1     15                 12      3       21

 COOLING
  YESTERDAY        0                  7     -7        3
  MONTH TO DATE  165                163      2      166
  SINCE JUN 1    695                514    181      496
  SINCE JAN 1    701                532    169      504
...........................................................


WIND (MPH)
  HIGHEST GUST SPEED    29   HIGHEST GUST DIRECTION     N (10)



WEATHER CONDITIONS
 THE FOLLOWING WEATHER WAS RECORDED YESTERDAY.
  NO SIGNIFICANT WEATHER WAS OBSERVED.


..........................................................


THE EAST RAPID CITY SD CLIMATE NORMALS FOR TODAY
                         NORMAL    RECORD    YEAR
 MAXIMUM TEMPERATURE (F)   83        99      1898
 MINIMUM TEMPERATURE (F)   59        45      1964


SUNRISE AND SUNSET
AUGUST 21 2016........SUNRISE   604 AM MDT   SUNSET   747 PM MDT
AUGUST 22 2016........SUNRISE   605 AM MDT   SUNSET   745 PM MDT


-  INDICATES NEGATIVE NUMBERS.
R  INDICATES RECORD WAS SET OR TIED.
MM INDICATES DATA IS MISSING.
T  INDICATES TRACE AMOUNT.




$$
