000
CDUS43 KUNR 170832
CLIUNR


CLIMATE REPORT
NATIONAL WEATHER SERVICE RAPID CITY SD
231 AM MDT FRI OCT 17 2014


...................................

...THE EAST RAPID CITY SD CLIMATE SUMMARY FOR OCTOBER 16 2014...

CLIMATE NORMAL PERIOD 1981 TO 2010
CLIMATE RECORD PERIOD 1888 TO 2014


WEATHER ITEM   OBSERVED RECORD YEAR NORMAL DEPARTURE LAST
                VALUE   VALUE       VALUE  FROM      YEAR
                                           NORMAL
...........................................................
TEMPERATURE (F)
 YESTERDAY
  MAXIMUM         72     86    1956  59     13       54
  MINIMUM         45     17    1922  37      8       33
  AVERAGE         59                 48     11       44

PRECIPITATION (IN)
  YESTERDAY        0.00   1.16 1998   0.06  -0.06     0.00
  MONTH TO DATE    0.47               0.87  -0.40     5.28
  SINCE SEP 1      5.29               2.41   2.88     6.23
  SINCE JAN 1     22.69              18.09   4.60    21.98

SNOWFALL (IN)
  YESTERDAY        0.0                0.1   -0.1      0.0
  MONTH TO DATE    0.0                0.6   -0.6     24.2
  SINCE SEP 1      1.6                0.7    0.9     24.2
  SINCE JUL 1      1.6                0.7    0.9     24.2
  SNOW DEPTH       0

DEGREE DAYS
 HEATING
  YESTERDAY        6                 17    -11       21
  MONTH TO DATE  186                229    -43      290
  SINCE SEP 1    371                408    -37      379
  SINCE JUL 1    395                438    -43      385

 COOLING
  YESTERDAY        0                  0      0        0
  MONTH TO DATE    0                  0      0        0
  SINCE SEP 1     78                 66     12      145
  SINCE JAN 1    514                661   -147      830
...........................................................


WIND (MPH)
  HIGHEST GUST SPEED    35   HIGHEST GUST DIRECTION     N (360)



WEATHER CONDITIONS
 THE FOLLOWING WEATHER WAS RECORDED YESTERDAY.
  NO SIGNIFICANT WEATHER WAS OBSERVED.


..........................................................


THE EAST RAPID CITY SD CLIMATE NORMALS FOR TODAY
                         NORMAL    RECORD    YEAR
 MAXIMUM TEMPERATURE (F)   59        88      1927
 MINIMUM TEMPERATURE (F)   37        16      1922


SUNRISE AND SUNSET
OCTOBER 17 2014.......SUNRISE   710 AM MDT   SUNSET   606 PM MDT
OCTOBER 18 2014.......SUNRISE   711 AM MDT   SUNSET   604 PM MDT


-  INDICATES NEGATIVE NUMBERS.
R  INDICATES RECORD WAS SET OR TIED.
MM INDICATES DATA IS MISSING.
T  INDICATES TRACE AMOUNT.




$$
