985
CDUS43 KUNR 190037
CLIUNR


CLIMATE REPORT
NATIONAL WEATHER SERVICE RAPID CITY SD
636 PM MDT WED MAY 18 2016


...................................

...THE EAST RAPID CITY SD CLIMATE SUMMARY FOR MAY 18 2016...
VALID TODAY AS OF 0500 PM LOCAL TIME.

CLIMATE NORMAL PERIOD 1981 TO 2010
CLIMATE RECORD PERIOD 1888 TO 2016


WEATHER ITEM   OBSERVED RECORD YEAR NORMAL DEPARTURE LAST
                VALUE   VALUE       VALUE  FROM      YEAR
                                           NORMAL
...........................................................
TEMPERATURE (F)
 TODAY
  MAXIMUM         69     90    1948  67      2       54
  MINIMUM         41     22    1888  46     -5       35
  AVERAGE         55                 56     -1       45

PRECIPITATION (IN)
  TODAY            0.00   1.33 1962   0.14  -0.14     0.00
  MONTH TO DATE    0.27               2.22  -1.95     4.07
  SINCE MAR 1      2.50               5.31  -2.81     5.12
  SINCE JAN 1      3.31               6.08  -2.77     5.67

SNOWFALL (IN)
  TODAY            0.0    0.0  2002   0.1   -0.1      0.0
                               2001
                               2000
  MONTH TO DATE    T                  1.8   -1.8     13.6
  SINCE MAR 1     11.7               22.4  -10.7     15.0
  SINCE JUL 1     41.6               49.1   -7.5     50.7
  SNOW DEPTH       0

DEGREE DAYS
 HEATING
  TODAY           10                  9      1       20
  MONTH TO DATE  213                211      2      251
  SINCE MAR 1   1410               1723   -313     1390
  SINCE JUL 1   5659               6677  -1018     6086

 COOLING
  TODAY            0                  1     -1        0
  MONTH TO DATE    2                  2      0        2
  SINCE MAR 1      4                  3      1        8
  SINCE JAN 1      4                  3      1        8
...........................................................





WEATHER CONDITIONS
 THE FOLLOWING WEATHER WAS RECORDED TODAY.
  NO SIGNIFICANT WEATHER WAS OBSERVED.


..........................................................


THE EAST RAPID CITY SD CLIMATE NORMALS FOR TOMORROW
                         NORMAL    RECORD    YEAR
 MAXIMUM TEMPERATURE (F)   67        93      2009
 MINIMUM TEMPERATURE (F)   46        28      1895


SUNRISE AND SUNSET
MAY 18 2016...........SUNRISE   523 AM MDT   SUNSET   816 PM MDT
MAY 19 2016...........SUNRISE   522 AM MDT   SUNSET   817 PM MDT


-  INDICATES NEGATIVE NUMBERS.
R  INDICATES RECORD WAS SET OR TIED.
MM INDICATES DATA IS MISSING.
T  INDICATES TRACE AMOUNT.




$$
