000
CDUS43 KUNR 200834
CLIUNR


CLIMATE REPORT
NATIONAL WEATHER SERVICE RAPID CITY SD
133 AM MST TUE JAN 20 2015


...................................

...THE EAST RAPID CITY SD CLIMATE SUMMARY FOR JANUARY 19 2015...

CLIMATE NORMAL PERIOD 1981 TO 2010
CLIMATE RECORD PERIOD 1888 TO 2015


WEATHER ITEM   OBSERVED RECORD YEAR NORMAL DEPARTURE LAST
                VALUE   VALUE       VALUE  FROM      YEAR
                                           NORMAL
...........................................................
TEMPERATURE (F)
 YESTERDAY
  MAXIMUM         48     66    1900  38     10       57
  MINIMUM         36    -24    1943  16     20       34
  AVERAGE         42                 27     15       46

PRECIPITATION (IN)
  YESTERDAY        0.00   0.32 1890   0.01  -0.01     0.00
  MONTH TO DATE    0.10               0.16  -0.06     0.15
  SINCE DEC 1      0.48               0.48   0.00     0.69
  SINCE JAN 1      0.10               0.16  -0.06     0.15

SNOWFALL (IN)
  YESTERDAY        0.0    3.3  1926   0.2   -0.2      0.0
  MONTH TO DATE    2.1                3.0   -0.9      2.5
  SINCE DEC 1      9.6                8.2    1.4     11.7
  SINCE JUL 1     24.9               16.8    8.1     41.5
  SNOW DEPTH       0

DEGREE DAYS
 HEATING
  YESTERDAY       23                 38    -15       19
  MONTH TO DATE  740                722     18      666
  SINCE DEC 1   1804               1889    -85     2013
  SINCE JUL 1   3418               3469    -51     3602

 COOLING
  YESTERDAY        0                  0      0        0
  MONTH TO DATE    0                  0      0        0
  SINCE DEC 1      0                  0      0        0
  SINCE JAN 1      0                  0      0        0
...........................................................


WIND (MPH)
  HIGHEST GUST SPEED    41   HIGHEST GUST DIRECTION    NW (320)



WEATHER CONDITIONS
 THE FOLLOWING WEATHER WAS RECORDED YESTERDAY.
  NO SIGNIFICANT WEATHER WAS OBSERVED.


..........................................................


THE EAST RAPID CITY SD CLIMATE NORMALS FOR TODAY
                         NORMAL    RECORD    YEAR
 MAXIMUM TEMPERATURE (F)   38        66      2009
 MINIMUM TEMPERATURE (F)   16       -22      1943


SUNRISE AND SUNSET
JANUARY 20 2015.......SUNRISE   722 AM MST   SUNSET   447 PM MST
JANUARY 21 2015.......SUNRISE   721 AM MST   SUNSET   448 PM MST


-  INDICATES NEGATIVE NUMBERS.
R  INDICATES RECORD WAS SET OR TIED.
MM INDICATES DATA IS MISSING.
T  INDICATES TRACE AMOUNT.




$$
