000
CDUS43 KUNR 231841
CLIUNR


CLIMATE REPORT
NATIONAL WEATHER SERVICE RAPID CITY SD
1241 PM MDT TUE AUG 23 2016


...................................

...THE EAST RAPID CITY SD CLIMATE SUMMARY FOR AUGUST 23 2016...
VALID AS OF 1100 AM LOCAL TIME.

CLIMATE NORMAL PERIOD 1981 TO 2010
CLIMATE RECORD PERIOD 1888 TO 2016


WEATHER ITEM   OBSERVED RECORD YEAR NORMAL DEPARTURE LAST
                VALUE   VALUE       VALUE  FROM      YEAR
                                           NORMAL
...........................................................
TEMPERATURE (F)
 TODAY
  MAXIMUM         76    102    1949  83     -7       72
  MINIMUM         61     42    1934  59      2       46
  AVERAGE         69                 70     -1       59

PRECIPITATION (IN)
  TODAY            0.00   0.75 1911   0.05  -0.05     0.00
  MONTH TO DATE    2.15               1.57   0.58     1.51
  SINCE JUN 1      5.59               7.23  -1.64    12.00
  SINCE JAN 1     10.13              15.28  -5.15    21.36

SNOWFALL (IN)
  TODAY            0.0    0.0  2002   0.0    0.0      0.0
                               2001
                               1951
  MONTH TO DATE    0.0                0.0    0.0      0.0
  SINCE JUN 1      0.0                0.0    0.0      0.0
  SINCE JUL 1      0.0                0.0    0.0      0.0
  SNOW DEPTH       0

DEGREE DAYS
 HEATING
  TODAY            0                  1     -1        6
  MONTH TO DATE   14                  3     11       28
  SINCE JUN 1     20                103    -83       62
  SINCE JUL 1     15                 15      0       29

 COOLING
  TODAY            4                  6     -2        0
  MONTH TO DATE  189                182      7      174
  SINCE JUN 1    719                533    186      504
  SINCE JAN 1    725                551    174      512
...........................................................





WEATHER CONDITIONS
 THE FOLLOWING WEATHER WAS RECORDED TODAY.
  NO SIGNIFICANT WEATHER WAS OBSERVED.


..........................................................


THE EAST RAPID CITY SD CLIMATE NORMALS FOR TOMORROW
                         NORMAL    RECORD    YEAR
 MAXIMUM TEMPERATURE (F)   82        99      2000
 MINIMUM TEMPERATURE (F)   58        41      1910


SUNRISE AND SUNSET
AUGUST 23 2016........SUNRISE   606 AM MDT   SUNSET   743 PM MDT
AUGUST 24 2016........SUNRISE   607 AM MDT   SUNSET   742 PM MDT


-  INDICATES NEGATIVE NUMBERS.
R  INDICATES RECORD WAS SET OR TIED.
MM INDICATES DATA IS MISSING.
T  INDICATES TRACE AMOUNT.




$$
