153
CDUS43 KUNR 110042
CLIUNR


CLIMATE REPORT
NATIONAL WEATHER SERVICE RAPID CITY SD
642 PM MDT THU AUG 10 2017


...................................

...THE EAST RAPID CITY SD CLIMATE SUMMARY FOR AUGUST 10 2017...
VALID TODAY AS OF 0500 PM LOCAL TIME.

CLIMATE NORMAL PERIOD 1981 TO 2010
CLIMATE RECORD PERIOD 1888 TO 2017


WEATHER ITEM   OBSERVED RECORD YEAR NORMAL DEPARTURE LAST
                VALUE   VALUE       VALUE  FROM      YEAR
                                           NORMAL
...........................................................
TEMPERATURE (F)
 TODAY
  MAXIMUM         76    103    1935  85     -9       90
  MINIMUM         53     44    1939  61     -8       67
  AVERAGE         65                 73     -8       79

PRECIPITATION (IN)
  TODAY            0.00   1.24 1955   0.08  -0.08     0.02
  MONTH TO DATE    0.32               0.78  -0.46     1.15
  SINCE JUN 1      3.09               6.44  -3.35     4.59
  SINCE JAN 1      7.72              14.49  -6.77     9.13

SNOWFALL (IN)
  TODAY            0.0    0.2  1955   0.0    0.0      0.0
  MONTH TO DATE    0.0                0.0    0.0      0.0
  SINCE JUN 1      0.0                0.0    0.0      0.0
  SINCE JUL 1      0.0                0.0    0.0      0.0
  SNOW DEPTH       0

DEGREE DAYS
 HEATING
  TODAY            0                  0      0        0
  MONTH TO DATE    5                  0      5        0
  SINCE JUN 1     17                100    -83        6
  SINCE JUL 1      5                 12     -7        1

 COOLING
  TODAY            0                  8     -8       14
  MONTH TO DATE   30                 88    -58      100
  SINCE JUN 1    596                439    157      630
  SINCE JAN 1    609                457    152      636
...........................................................





WEATHER CONDITIONS
 THE FOLLOWING WEATHER WAS RECORDED TODAY.
  NO SIGNIFICANT WEATHER WAS OBSERVED.


..........................................................


THE EAST RAPID CITY SD CLIMATE NORMALS FOR TOMORROW
                         NORMAL    RECORD    YEAR
 MAXIMUM TEMPERATURE (F)   85       103      1969
 MINIMUM TEMPERATURE (F)   61        45      2004
                                             1939


SUNRISE AND SUNSET
AUGUST 10 2017........SUNRISE   551 AM MDT   SUNSET   804 PM MDT
AUGUST 11 2017........SUNRISE   552 AM MDT   SUNSET   803 PM MDT


-  INDICATES NEGATIVE NUMBERS.
R  INDICATES RECORD WAS SET OR TIED.
MM INDICATES DATA IS MISSING.
T  INDICATES TRACE AMOUNT.




$$
