524
CDUS43 KUNR 101833
CLIUNR


CLIMATE REPORT
NATIONAL WEATHER SERVICE RAPID CITY SD
1133 AM MST WED JAN 10 2018


...................................

...THE EAST RAPID CITY SD CLIMATE SUMMARY FOR JANUARY 10 2018...
VALID AS OF 1100 AM LOCAL TIME.

CLIMATE NORMAL PERIOD 1981 TO 2010
CLIMATE RECORD PERIOD 1888 TO 2018


WEATHER ITEM   OBSERVED RECORD YEAR NORMAL DEPARTURE LAST
                VALUE   VALUE       VALUE  FROM      YEAR
                                           NORMAL
...........................................................
TEMPERATURE (F)
 TODAY
  MAXIMUM         53     69    1928  38     15       29
  MINIMUM         35    -17    1909  16     19        5
  AVERAGE         44                 27     17       17

PRECIPITATION (IN)
  TODAY            0.00   0.16 1963   0.00   0.00     0.01
  MONTH TO DATE    T                  0.08  -0.08     0.08
  SINCE DEC 1      0.30               0.40  -0.10     0.90
  SINCE JAN 1      T                  0.08  -0.08     0.08

SNOWFALL (IN)
  TODAY            0.0    1.5  1963   0.1   -0.1      0.3
  MONTH TO DATE    0.0                1.5   -1.5      2.8
  SINCE DEC 1      7.3                6.7    0.6     14.9
  SINCE JUL 1      8.4               15.3   -6.9     18.6
  SNOW DEPTH       0

DEGREE DAYS
 HEATING
  TODAY           21                 38    -17       48
  MONTH TO DATE  343                380    -37      551
  SINCE DEC 1   1534               1547    -13     1944
  SINCE JUL 1   2914               3127   -213     2975

 COOLING
  TODAY            0                  0      0        0
  MONTH TO DATE    0                  0      0        0
  SINCE DEC 1      0                  0      0        0
  SINCE JAN 1      0                  0      0        0
...........................................................





WEATHER CONDITIONS
 THE FOLLOWING WEATHER WAS RECORDED TODAY.
  NO SIGNIFICANT WEATHER WAS OBSERVED.


..........................................................


THE EAST RAPID CITY SD CLIMATE NORMALS FOR TOMORROW
                         NORMAL    RECORD    YEAR
 MAXIMUM TEMPERATURE (F)   38        65      1996
 MINIMUM TEMPERATURE (F)   16       -25      1918


SUNRISE AND SUNSET
JANUARY 10 2018.......SUNRISE   727 AM MST   SUNSET   435 PM MST
JANUARY 11 2018.......SUNRISE   726 AM MST   SUNSET   436 PM MST


-  INDICATES NEGATIVE NUMBERS.
R  INDICATES RECORD WAS SET OR TIED.
MM INDICATES DATA IS MISSING.
T  INDICATES TRACE AMOUNT.




$$
