000
CDUS43 KUNR 180832
CLIUNR


CLIMATE REPORT
NATIONAL WEATHER SERVICE RAPID CITY SD
231 AM MDT SAT OCT 18 2014


...................................

...THE EAST RAPID CITY SD CLIMATE SUMMARY FOR OCTOBER 17 2014...

CLIMATE NORMAL PERIOD 1981 TO 2010
CLIMATE RECORD PERIOD 1888 TO 2014


WEATHER ITEM   OBSERVED RECORD YEAR NORMAL DEPARTURE LAST
                VALUE   VALUE       VALUE  FROM      YEAR
                                           NORMAL
...........................................................
TEMPERATURE (F)
 YESTERDAY
  MAXIMUM         54     88    1927  59     -5       43
  MINIMUM         37     16    1922  37      0       34
  AVERAGE         46                 48     -2       39

PRECIPITATION (IN)
  YESTERDAY        0.00   0.85 1998   0.06  -0.06      T
  MONTH TO DATE    0.47               0.93  -0.46     5.28
  SINCE SEP 1      5.29               2.47   2.82     6.23
  SINCE JAN 1     22.69              18.15   4.54    21.98

SNOWFALL (IN)
  YESTERDAY        0.0                0.0    0.0      0.0
  MONTH TO DATE    0.0                0.6   -0.6     24.2
  SINCE SEP 1      1.6                0.7    0.9     24.2
  SINCE JUL 1      1.6                0.7    0.9     24.2
  SNOW DEPTH       0

DEGREE DAYS
 HEATING
  YESTERDAY       19                 17      2       26
  MONTH TO DATE  205                246    -41      316
  SINCE SEP 1    390                425    -35      405
  SINCE JUL 1    414                455    -41      411

 COOLING
  YESTERDAY        0                  0      0        0
  MONTH TO DATE    0                  0      0        0
  SINCE SEP 1     78                 66     12      145
  SINCE JAN 1    514                661   -147      830
...........................................................


WIND (MPH)
  HIGHEST GUST SPEED    26   HIGHEST GUST DIRECTION     N (360)



WEATHER CONDITIONS
 THE FOLLOWING WEATHER WAS RECORDED YESTERDAY.
  NO SIGNIFICANT WEATHER WAS OBSERVED.


..........................................................


THE EAST RAPID CITY SD CLIMATE NORMALS FOR TODAY
                         NORMAL    RECORD    YEAR
 MAXIMUM TEMPERATURE (F)   58        85      2000
 MINIMUM TEMPERATURE (F)   37        16      1925


SUNRISE AND SUNSET
OCTOBER 18 2014.......SUNRISE   711 AM MDT   SUNSET   604 PM MDT
OCTOBER 19 2014.......SUNRISE   713 AM MDT   SUNSET   602 PM MDT


-  INDICATES NEGATIVE NUMBERS.
R  INDICATES RECORD WAS SET OR TIED.
MM INDICATES DATA IS MISSING.
T  INDICATES TRACE AMOUNT.




$$
