000
CDUS43 KUNR 270837
CLIUNR


CLIMATE REPORT
NATIONAL WEATHER SERVICE RAPID CITY SD
135 AM MST TUE JAN 27 2015


...................................

...THE EAST RAPID CITY SD CLIMATE SUMMARY FOR JANUARY 26 2015...

CLIMATE NORMAL PERIOD 1981 TO 2010
CLIMATE RECORD PERIOD 1888 TO 2015


WEATHER ITEM   OBSERVED RECORD YEAR NORMAL DEPARTURE LAST
                VALUE   VALUE       VALUE  FROM      YEAR
                                           NORMAL
...........................................................
TEMPERATURE (F)
 YESTERDAY
  MAXIMUM         66R    64    1931  37     29       45
  MINIMUM         50    -22    1918  16     34        4
  AVERAGE         58                 27     31       25

PRECIPITATION (IN)
  YESTERDAY        0.00   0.21 1918   0.01  -0.01     0.05
  MONTH TO DATE    0.11               0.23  -0.12     0.22
  SINCE DEC 1      0.49               0.55  -0.06     0.76
  SINCE JAN 1      0.11               0.23  -0.12     0.22

SNOWFALL (IN)
  YESTERDAY        0.0    4.4  1918   0.3   -0.3      0.4
  MONTH TO DATE    2.1                4.4   -2.3      3.7
  SINCE DEC 1      9.6                9.6    0.0     12.9
  SINCE JUL 1     24.9               18.2    6.7     42.7
  SNOW DEPTH       0

DEGREE DAYS
 HEATING
  YESTERDAY        7                 38    -31       40
  MONTH TO DATE  903                988    -85      912
  SINCE DEC 1   1967               2155   -188     2259
  SINCE JUL 1   3581               3735   -154     3848

 COOLING
  YESTERDAY        0                  0      0        0
  MONTH TO DATE    0                  0      0        0
  SINCE DEC 1      0                  0      0        0
  SINCE JAN 1      0                  0      0        0
...........................................................


WIND (MPH)
  HIGHEST GUST SPEED    29   HIGHEST GUST DIRECTION    NW (300)



WEATHER CONDITIONS
 THE FOLLOWING WEATHER WAS RECORDED YESTERDAY.
  NO SIGNIFICANT WEATHER WAS OBSERVED.


..........................................................


THE EAST RAPID CITY SD CLIMATE NORMALS FOR TODAY
                         NORMAL    RECORD    YEAR
 MAXIMUM TEMPERATURE (F)   37        63      1896
 MINIMUM TEMPERATURE (F)   16       -25      1918


SUNRISE AND SUNSET
JANUARY 27 2015.......SUNRISE   716 AM MST   SUNSET   456 PM MST
JANUARY 28 2015.......SUNRISE   715 AM MST   SUNSET   457 PM MST


-  INDICATES NEGATIVE NUMBERS.
R  INDICATES RECORD WAS SET OR TIED.
MM INDICATES DATA IS MISSING.
T  INDICATES TRACE AMOUNT.




$$
