000
CDUS43 KUNR 030035
CLIUNR


CLIMATE REPORT
NATIONAL WEATHER SERVICE RAPID CITY SD
535 PM MST SAT DEC 2 2017


...................................

...THE EAST RAPID CITY SD CLIMATE SUMMARY FOR DECEMBER 2 2017...
VALID TODAY AS OF 0500 PM LOCAL TIME.

CLIMATE NORMAL PERIOD 1981 TO 2010
CLIMATE RECORD PERIOD 1888 TO 2017


WEATHER ITEM   OBSERVED RECORD YEAR NORMAL DEPARTURE LAST
                VALUE   VALUE       VALUE  FROM      YEAR
                                           NORMAL
...........................................................
TEMPERATURE (F)
 TODAY
  MAXIMUM         55     70    1941  38     17       38
  MINIMUM         28    -17    1919  21      7       22
  AVERAGE         42                 30     12       30

PRECIPITATION (IN)
  TODAY            0.00   0.39 1902   0.01  -0.01     0.00
  MONTH TO DATE    0.00               0.02  -0.02     0.00
  SINCE DEC 1      0.00               0.02  -0.02     0.00
  SINCE JAN 1     12.57              19.49  -6.92    12.95

SNOWFALL (IN)
  TODAY            0.0    3.9  1902   0.2   -0.2      0.0
  MONTH TO DATE    0.0                0.4   -0.4      0.0
  SINCE DEC 1      0.0                0.4   -0.4      0.0
  SINCE JUL 1      1.1                9.0   -7.9      3.7
  SNOW DEPTH       0

DEGREE DAYS
 HEATING
  TODAY           23                 35    -12       35
  MONTH TO DATE   44                 70    -26       72
  SINCE DEC 1     44                 70    -26       72
  SINCE JUL 1   1424               1650   -226     1103

 COOLING
  TODAY            0                  0      0        0
  MONTH TO DATE    0                  0      0        0
  SINCE DEC 1      0                  0      0        0
  SINCE JAN 1    854                665    189      813
...........................................................





WEATHER CONDITIONS
 THE FOLLOWING WEATHER WAS RECORDED TODAY.
  NO SIGNIFICANT WEATHER WAS OBSERVED.


..........................................................


THE EAST RAPID CITY SD CLIMATE NORMALS FOR TOMORROW
                         NORMAL    RECORD    YEAR
 MAXIMUM TEMPERATURE (F)   38        74      1941
 MINIMUM TEMPERATURE (F)   21       -13      1897


SUNRISE AND SUNSET
DECEMBER  2 2017......SUNRISE   709 AM MST   SUNSET   415 PM MST
DECEMBER  3 2017......SUNRISE   710 AM MST   SUNSET   415 PM MST


-  INDICATES NEGATIVE NUMBERS.
R  INDICATES RECORD WAS SET OR TIED.
MM INDICATES DATA IS MISSING.
T  INDICATES TRACE AMOUNT.




$$
