953
CDUS43 KUNR 230831
CLIUNR


CLIMATE REPORT
NATIONAL WEATHER SERVICE RAPID CITY SD
231 AM MDT FRI SEP 23 2016


...................................

...THE EAST RAPID CITY SD CLIMATE SUMMARY FOR SEPTEMBER 22 2016...

CLIMATE NORMAL PERIOD 1981 TO 2010
CLIMATE RECORD PERIOD 1888 TO 2016


WEATHER ITEM   OBSERVED RECORD YEAR NORMAL DEPARTURE LAST
                VALUE   VALUE       VALUE  FROM      YEAR
                                           NORMAL
...........................................................
TEMPERATURE (F)
 YESTERDAY
  MAXIMUM         58     94    1936  69    -11       62
  MINIMUM         51     30    1895  47      4       50
  AVERAGE         55                 58     -3       56

PRECIPITATION (IN)
  YESTERDAY        0.02   0.92 2006   0.05  -0.03     0.00
  MONTH TO DATE    0.50               1.15  -0.65      T
  SINCE SEP 1      0.50               1.15  -0.65      T
  SINCE JAN 1     11.80              16.83  -5.03    22.10

SNOWFALL (IN)
  YESTERDAY        0.0    1.6  1895   0.0    0.0      0.0
  MONTH TO DATE    0.0                0.0    0.0      0.0
  SINCE SEP 1      0.0                0.0    0.0      0.0
  SINCE JUL 1      0.0                0.0    0.0      0.0
  SNOW DEPTH       0

DEGREE DAYS
 HEATING
  YESTERDAY       10                  8      2        9
  MONTH TO DATE   68                100    -32       38
  SINCE SEP 1     68                100    -32       38
  SINCE JUL 1     93                130    -37       68

 COOLING
  YESTERDAY        0                  1     -1        0
  MONTH TO DATE   47                 61    -14      113
  SINCE SEP 1     47                 61    -14      113
  SINCE JAN 1    807                656    151      690
...........................................................


WIND (MPH)
  HIGHEST GUST SPEED    15   HIGHEST GUST DIRECTION    SE (120)



WEATHER CONDITIONS
 THE FOLLOWING WEATHER WAS RECORDED YESTERDAY.
  LIGHT RAIN


..........................................................


THE EAST RAPID CITY SD CLIMATE NORMALS FOR TODAY
                         NORMAL    RECORD    YEAR
 MAXIMUM TEMPERATURE (F)   69        92      1958
 MINIMUM TEMPERATURE (F)   47        28      1965


SUNRISE AND SUNSET
SEPTEMBER 23 2016.....SUNRISE   642 AM MDT   SUNSET   647 PM MDT
SEPTEMBER 24 2016.....SUNRISE   643 AM MDT   SUNSET   646 PM MDT


-  INDICATES NEGATIVE NUMBERS.
R  INDICATES RECORD WAS SET OR TIED.
MM INDICATES DATA IS MISSING.
T  INDICATES TRACE AMOUNT.




$$
