000
CDUS43 KUNR 150044
CLIUNR


CLIMATE REPORT
NATIONAL WEATHER SERVICE RAPID CITY SD
644 PM MDT THU AUG 14 2014


...................................

...THE EAST RAPID CITY SD CLIMATE SUMMARY FOR AUGUST 14 2014...
VALID TODAY AS OF 0500 PM LOCAL TIME.

CLIMATE NORMAL PERIOD 1981 TO 2010
CLIMATE RECORD PERIOD 1888 TO 2014


WEATHER ITEM   OBSERVED RECORD YEAR NORMAL DEPARTURE LAST
                VALUE   VALUE       VALUE  FROM      YEAR
                                           NORMAL
...........................................................
TEMPERATURE (F)
 TODAY
  MAXIMUM         90    106    1935  84      6       75
  MINIMUM         69     48    1895  61      8       55
  AVERAGE         80                 72      8       65

PRECIPITATION (IN)
  TODAY            0.00   1.73 1948   0.07  -0.07     0.00
  MONTH TO DATE    2.80               1.06   1.74     1.88
  SINCE JUN 1     10.27               6.72   3.55     5.87
  SINCE JAN 1     15.45              14.77   0.68    14.59

SNOWFALL (IN)
  TODAY            0.0                0.0    0.0      0.0
  MONTH TO DATE    0.0                0.0    0.0      0.0
  SINCE JUN 1      0.0                0.0    0.0      0.0
  SINCE JUL 1      0.0                0.0    0.0      0.0
  SNOW DEPTH       0

DEGREE DAYS
 HEATING
  TODAY            0                  0      0        0
  MONTH TO DATE    0                  0      0        0
  SINCE JUN 1    119                100     19       64
  SINCE JUL 1     11                 12     -1        6

 COOLING
  TODAY           15                  8      7        0
  MONTH TO DATE  101                120    -19       63
  SINCE JUN 1    338                471   -133      436
  SINCE JAN 1    366                489   -123      460
...........................................................





WEATHER CONDITIONS
 THE FOLLOWING WEATHER WAS RECORDED TODAY.
  NO SIGNIFICANT WEATHER WAS OBSERVED.


..........................................................


THE EAST RAPID CITY SD CLIMATE NORMALS FOR TOMORROW
                         NORMAL    RECORD    YEAR
 MAXIMUM TEMPERATURE (F)   84       103      1929
 MINIMUM TEMPERATURE (F)   60        47      1959


SUNRISE AND SUNSET
AUGUST 14 2014........SUNRISE   555 AM MDT   SUNSET   759 PM MDT
AUGUST 15 2014........SUNRISE   557 AM MDT   SUNSET   757 PM MDT


-  INDICATES NEGATIVE NUMBERS.
R  INDICATES RECORD WAS SET OR TIED.
MM INDICATES DATA IS MISSING.
T  INDICATES TRACE AMOUNT.




$$
