428
CDUS43 KUNR 170835
CLIUNR


CLIMATE REPORT
NATIONAL WEATHER SERVICE RAPID CITY SD
234 AM MDT FRI MAR 17 2017


...................................

...THE EAST RAPID CITY SD CLIMATE SUMMARY FOR MARCH 16 2017...

CLIMATE NORMAL PERIOD 1981 TO 2010
CLIMATE RECORD PERIOD 1888 TO 2017


WEATHER ITEM   OBSERVED RECORD YEAR NORMAL DEPARTURE LAST
                VALUE   VALUE       VALUE  FROM      YEAR
                                           NORMAL
...........................................................
TEMPERATURE (F)
 YESTERDAY
  MAXIMUM         71     78    2012  47     24       48
  MINIMUM         44    -15    1906  25     19       30
  AVERAGE         58                 36     22       39

PRECIPITATION (IN)
  YESTERDAY        0.00   1.80 1963   0.03  -0.03      T
  MONTH TO DATE    0.02               0.39  -0.37     0.04
  SINCE MAR 1      0.02               0.39  -0.37     0.04
  SINCE JAN 1      0.81               1.16  -0.35     0.85

SNOWFALL (IN)
  YESTERDAY        0.0   16.0  1963   0.4   -0.4       T
  MONTH TO DATE    1.1                5.7   -4.6       T
  SINCE MAR 1      1.1                5.7   -4.6       T
  SINCE JUL 1     34.3               32.4    1.9     29.9
  SNOW DEPTH       0

DEGREE DAYS
 HEATING
  YESTERDAY        7                 29    -22       26
  MONTH TO DATE  473                502    -29      280
  SINCE MAR 1    473                502    -29      280
  SINCE JUL 1   5069               5456   -387     4529

 COOLING
  YESTERDAY        0                  0      0        0
  MONTH TO DATE    0                  0      0        0
  SINCE MAR 1      0                  0      0        0
  SINCE JAN 1      0                  0      0        0
...........................................................


WIND (MPH)
  HIGHEST GUST SPEED    53   HIGHEST GUST DIRECTION    NW (330)



WEATHER CONDITIONS
 THE FOLLOWING WEATHER WAS RECORDED YESTERDAY.
  NO SIGNIFICANT WEATHER WAS OBSERVED.


..........................................................


THE EAST RAPID CITY SD CLIMATE NORMALS FOR TODAY
                         NORMAL    RECORD    YEAR
 MAXIMUM TEMPERATURE (F)   47        78      2012
 MINIMUM TEMPERATURE (F)   25        -8      1902


SUNRISE AND SUNSET
MARCH 17 2017.........SUNRISE   701 AM MDT   SUNSET   702 PM MDT
MARCH 18 2017.........SUNRISE   659 AM MDT   SUNSET   703 PM MDT


-  INDICATES NEGATIVE NUMBERS.
R  INDICATES RECORD WAS SET OR TIED.
MM INDICATES DATA IS MISSING.
T  INDICATES TRACE AMOUNT.




$$
