000
CDUS43 KUNR 270837
CLIUNR


CLIMATE REPORT
NATIONAL WEATHER SERVICE RAPID CITY SD
134 AM MST SUN NOV 27 2016


...................................

...THE EAST RAPID CITY SD CLIMATE SUMMARY FOR NOVEMBER 26 2016...

CLIMATE NORMAL PERIOD 1981 TO 2010
CLIMATE RECORD PERIOD 1888 TO 2016


WEATHER ITEM   OBSERVED RECORD YEAR NORMAL DEPARTURE LAST
                VALUE   VALUE       VALUE  FROM      YEAR
                                           NORMAL
...........................................................
TEMPERATURE (F)
 YESTERDAY
  MAXIMUM         56     70    1998  40     16       21
  MINIMUM         31     -2    1919  23      8       12
  AVERAGE         44                 32     12       17

PRECIPITATION (IN)
  YESTERDAY        0.00   0.19 1966   0.01  -0.01     0.03
  MONTH TO DATE    0.17               0.56  -0.39     0.14
  SINCE SEP 1      1.60               3.75  -2.15     1.50
  SINCE JAN 1     12.90              19.43  -6.53    23.60

SNOWFALL (IN)
  YESTERDAY        0.0    4.7  2001   0.2   -0.2      1.2
  MONTH TO DATE    3.0                5.5   -2.5      3.7
  SINCE SEP 1      3.0                7.9   -4.9      3.7
  SINCE JUL 1      3.0                7.9   -4.9      3.7
  SNOW DEPTH       0

DEGREE DAYS
 HEATING
  YESTERDAY       21                 33    -12       48
  MONTH TO DATE  432                715   -283      617
  SINCE SEP 1    873               1414   -541     1044
  SINCE JUL 1    898               1444   -546     1074

 COOLING
  YESTERDAY        0                  0      0        0
  MONTH TO DATE    0                  0      0        0
  SINCE SEP 1     53                 70    -17      139
  SINCE JAN 1    813                665    148      716
...........................................................


WIND (MPH)
  HIGHEST GUST SPEED    21   HIGHEST GUST DIRECTION    SE (150)



WEATHER CONDITIONS
 THE FOLLOWING WEATHER WAS RECORDED YESTERDAY.
  NO SIGNIFICANT WEATHER WAS OBSERVED.


..........................................................


THE EAST RAPID CITY SD CLIMATE NORMALS FOR TODAY
                         NORMAL    RECORD    YEAR
 MAXIMUM TEMPERATURE (F)   40        72      1949
 MINIMUM TEMPERATURE (F)   23        -5      1955


SUNRISE AND SUNSET
NOVEMBER 27 2016......SUNRISE   704 AM MST   SUNSET   417 PM MST
NOVEMBER 28 2016......SUNRISE   705 AM MST   SUNSET   417 PM MST


-  INDICATES NEGATIVE NUMBERS.
R  INDICATES RECORD WAS SET OR TIED.
MM INDICATES DATA IS MISSING.
T  INDICATES TRACE AMOUNT.




$$
