000
CDUS43 KUNR 141836
CLIUNR


CLIMATE REPORT
NATIONAL WEATHER SERVICE RAPID CITY SD
1236 PM MDT WED JUN 14 2017


...................................

...THE EAST RAPID CITY SD CLIMATE SUMMARY FOR JUNE 14 2017...
VALID AS OF 1100 AM LOCAL TIME.

CLIMATE NORMAL PERIOD 1981 TO 2010
CLIMATE RECORD PERIOD 1888 TO 2017


WEATHER ITEM   OBSERVED RECORD YEAR NORMAL DEPARTURE LAST
                VALUE   VALUE       VALUE  FROM      YEAR
                                           NORMAL
...........................................................
TEMPERATURE (F)
 TODAY
  MAXIMUM         73     97    2006  75     -2       80
  MINIMUM         56     36    1969  54      2       59
  AVERAGE         65                 64      1       70

PRECIPITATION (IN)
  TODAY            0.00   1.16 1999   0.10  -0.10     0.00
  MONTH TO DATE    0.87               1.85  -0.98     0.49
  SINCE JUN 1      0.87               1.85  -0.98     0.49
  SINCE JAN 1      5.50               9.90  -4.40     5.03

SNOWFALL (IN)
  TODAY            0.0    0.0  2002   0.0    0.0      0.0
                               2001
                               2000
  MONTH TO DATE    0.0                0.0    0.0      0.0
  SINCE JUN 1      0.0                0.0    0.0      0.0
  SINCE JUL 1     39.2               49.3  -10.1     41.6
  SNOW DEPTH       0

DEGREE DAYS
 HEATING
  TODAY            0                  3     -3        0
  MONTH TO DATE    0                 61    -61        5
  SINCE JUN 1      0                 61    -61        5
  SINCE JUL 1   6176               6833   -657     5719

 COOLING
  TODAY            0                  2     -2        5
  MONTH TO DATE   81                 24     57       94
  SINCE JUN 1     81                 24     57       94
  SINCE JAN 1     94                 42     52      100
...........................................................





WEATHER CONDITIONS
 THE FOLLOWING WEATHER WAS RECORDED TODAY.
  NO SIGNIFICANT WEATHER WAS OBSERVED.


..........................................................


THE EAST RAPID CITY SD CLIMATE NORMALS FOR TOMORROW
                         NORMAL    RECORD    YEAR
 MAXIMUM TEMPERATURE (F)   76       102      1936
 MINIMUM TEMPERATURE (F)   54        40      1969


SUNRISE AND SUNSET
JUNE 14 2017..........SUNRISE   509 AM MDT   SUNSET   837 PM MDT
JUNE 15 2017..........SUNRISE   509 AM MDT   SUNSET   838 PM MDT


-  INDICATES NEGATIVE NUMBERS.
R  INDICATES RECORD WAS SET OR TIED.
MM INDICATES DATA IS MISSING.
T  INDICATES TRACE AMOUNT.




$$
