000
CDUS43 KUNR 070037
CLIUNR


CLIMATE REPORT
NATIONAL WEATHER SERVICE RAPID CITY SD
636 PM MDT FRI OCT 6 2017


...................................

...THE EAST RAPID CITY SD CLIMATE SUMMARY FOR OCTOBER 6 2017...
VALID TODAY AS OF 0500 PM LOCAL TIME.

CLIMATE NORMAL PERIOD 1981 TO 2010
CLIMATE RECORD PERIOD 1888 TO 2017


WEATHER ITEM   OBSERVED RECORD YEAR NORMAL DEPARTURE LAST
                VALUE   VALUE       VALUE  FROM      YEAR
                                           NORMAL
...........................................................
TEMPERATURE (F)
 TODAY
  MAXIMUM         61     86    1920  63     -2       49
  MINIMUM         46     19    1952  41      5       36
  AVERAGE         54                 52      2       43

PRECIPITATION (IN)
  TODAY            0.03   1.20 1962   0.06  -0.03     0.00
  MONTH TO DATE    0.49               0.34   0.15     0.27
  SINCE SEP 1      2.11               1.88   0.23     1.14
  SINCE JAN 1     12.08              17.56  -5.48    12.44

SNOWFALL (IN)
  TODAY            0.0    2.9  1925   0.0    0.0      0.0
  MONTH TO DATE    0.0                0.1   -0.1      0.0
  SINCE SEP 1      0.0                0.2   -0.2      0.0
  SINCE JUL 1      0.0                0.2   -0.2      0.0
  SNOW DEPTH       0

DEGREE DAYS
 HEATING
  TODAY           11                 13     -2       22
  MONTH TO DATE   92                 74     18       61
  SINCE SEP 1    274                253     21      160
  SINCE JUL 1    279                283     -4      185

 COOLING
  TODAY            0                  0      0        0
  MONTH TO DATE    0                  0      0        2
  SINCE SEP 1    113                 66     47       49
  SINCE JAN 1    850                661    189      809
...........................................................





WEATHER CONDITIONS
 THE FOLLOWING WEATHER WAS RECORDED TODAY.
  LIGHT RAIN


..........................................................


THE EAST RAPID CITY SD CLIMATE NORMALS FOR TOMORROW
                         NORMAL    RECORD    YEAR
 MAXIMUM TEMPERATURE (F)   62        89      1934
 MINIMUM TEMPERATURE (F)   41        23      2000


SUNRISE AND SUNSET
OCTOBER  6 2017.......SUNRISE   657 AM MDT   SUNSET   624 PM MDT
OCTOBER  7 2017.......SUNRISE   658 AM MDT   SUNSET   622 PM MDT


-  INDICATES NEGATIVE NUMBERS.
R  INDICATES RECORD WAS SET OR TIED.
MM INDICATES DATA IS MISSING.
T  INDICATES TRACE AMOUNT.




$$
