213
CDUS43 KUNR 030833
CLIUNR


CLIMATE REPORT
NATIONAL WEATHER SERVICE RAPID CITY SD
132 AM MST WED FEB 3 2016


...................................

...THE EAST RAPID CITY SD CLIMATE SUMMARY FOR FEBRUARY 2 2016...

CLIMATE NORMAL PERIOD 1981 TO 2010
CLIMATE RECORD PERIOD 1888 TO 2016


WEATHER ITEM   OBSERVED RECORD YEAR NORMAL DEPARTURE LAST
                VALUE   VALUE       VALUE  FROM      YEAR
                                           NORMAL
...........................................................
TEMPERATURE (F)
 YESTERDAY
  MAXIMUM         27     65    1962  37    -10       37
  MINIMUM         22    -25    1917  17      5        2
  AVERAGE         25                 27     -2       20

PRECIPITATION (IN)
  YESTERDAY        0.19   0.55 1912   0.01   0.18      T
  MONTH TO DATE    0.21               0.03   0.18      T
  SINCE DEC 1      1.11               0.64   0.47     0.53
  SINCE JAN 1      0.38               0.32   0.06     0.15

SNOWFALL (IN)
  YESTERDAY        2.8    3.0  1919   0.2    2.6       T
  MONTH TO DATE    3.1                0.5    2.6      0.1
  SINCE DEC 1     21.1               11.2    9.9     11.9
  SINCE JUL 1     27.1               19.8    7.3     27.2
  SNOW DEPTH       T

DEGREE DAYS
 HEATING
  YESTERDAY       40                 38      2       45
  MONTH TO DATE   76                 76      0      104
  SINCE DEC 1   2302               2424   -122     2194
  SINCE JUL 1   3560               4004   -444     3808

 COOLING
  YESTERDAY        0                  0      0        0
  MONTH TO DATE    0                  0      0        0
  SINCE DEC 1      0                  0      0        0
  SINCE JAN 1      0                  0      0        0
...........................................................


WIND (MPH)
  HIGHEST GUST SPEED    22   HIGHEST GUST DIRECTION     N (10)



WEATHER CONDITIONS
 THE FOLLOWING WEATHER WAS RECORDED YESTERDAY.
  SNOW
  LIGHT SNOW


..........................................................


THE EAST RAPID CITY SD CLIMATE NORMALS FOR TODAY
                         NORMAL    RECORD    YEAR
 MAXIMUM TEMPERATURE (F)   37        72      1962
 MINIMUM TEMPERATURE (F)   17       -23      1899


SUNRISE AND SUNSET
FEBRUARY  3 2016......SUNRISE   709 AM MST   SUNSET   505 PM MST
FEBRUARY  4 2016......SUNRISE   707 AM MST   SUNSET   507 PM MST


-  INDICATES NEGATIVE NUMBERS.
R  INDICATES RECORD WAS SET OR TIED.
MM INDICATES DATA IS MISSING.
T  INDICATES TRACE AMOUNT.




$$
