000
CDUS43 KUNR 080040
CLIUNR


CLIMATE REPORT
NATIONAL WEATHER SERVICE RAPID CITY SD
540 PM MST TUE FEB 7 2017


...................................

...THE EAST RAPID CITY SD CLIMATE SUMMARY FOR FEBRUARY 7 2017...
VALID TODAY AS OF 0500 PM LOCAL TIME.

CLIMATE NORMAL PERIOD 1981 TO 2010
CLIMATE RECORD PERIOD 1888 TO 2017


WEATHER ITEM   OBSERVED RECORD YEAR NORMAL DEPARTURE LAST
                VALUE   VALUE       VALUE  FROM      YEAR
                                           NORMAL
...........................................................
TEMPERATURE (F)
 TODAY
  MAXIMUM         15     69    2015  37    -22       38
  MINIMUM          9    -28    1933  17     -8       30
  AVERAGE         12                 27    -15       34

PRECIPITATION (IN)
  TODAY            0.01   0.51 1888   0.02  -0.01     0.00
  MONTH TO DATE    0.06               0.12  -0.06     0.24
  SINCE DEC 1      1.23               0.73   0.50     1.14
  SINCE JAN 1      0.41               0.41   0.00     0.41

SNOWFALL (IN)
  TODAY            0.2   10.8  2001   0.2    0.0      0.0
  MONTH TO DATE    1.8                1.8    0.0      3.8
  SINCE DEC 1     22.0               12.5    9.5     21.8
  SINCE JUL 1     25.7               21.1    4.6     27.8
  SNOW DEPTH       T

DEGREE DAYS
 HEATING
  TODAY           53                 38     15       31
  MONTH TO DATE  323                266     57      234
  SINCE DEC 1   3017               2614    403     2460
  SINCE JUL 1   4048               4194   -146     3718

 COOLING
  TODAY            0                  0      0        0
  MONTH TO DATE    0                  0      0        0
  SINCE DEC 1      0                  0      0        0
  SINCE JAN 1      0                  0      0        0
...........................................................





WEATHER CONDITIONS
 THE FOLLOWING WEATHER WAS RECORDED TODAY.
  LIGHT SNOW
  FOG


..........................................................


THE EAST RAPID CITY SD CLIMATE NORMALS FOR TOMORROW
                         NORMAL    RECORD    YEAR
 MAXIMUM TEMPERATURE (F)   37        74      1954
 MINIMUM TEMPERATURE (F)   17       -33      1936


SUNRISE AND SUNSET
FEBRUARY  7 2017......SUNRISE   703 AM MST   SUNSET   512 PM MST
FEBRUARY  8 2017......SUNRISE   701 AM MST   SUNSET   513 PM MST


-  INDICATES NEGATIVE NUMBERS.
R  INDICATES RECORD WAS SET OR TIED.
MM INDICATES DATA IS MISSING.
T  INDICATES TRACE AMOUNT.




$$
