000
CDUS43 KUNR 090043
CLIUNR


CLIMATE REPORT
NATIONAL WEATHER SERVICE RAPID CITY SD
643 PM MDT FRI SEP 8 2017


...................................

...THE EAST RAPID CITY SD CLIMATE SUMMARY FOR SEPTEMBER 8 2017...
VALID TODAY AS OF 0500 PM LOCAL TIME.

CLIMATE NORMAL PERIOD 1981 TO 2010
CLIMATE RECORD PERIOD 1888 TO 2017


WEATHER ITEM   OBSERVED RECORD YEAR NORMAL DEPARTURE LAST
                VALUE   VALUE       VALUE  FROM      YEAR
                                           NORMAL
...........................................................
TEMPERATURE (F)
 TODAY
  MAXIMUM         87    100    1959  76     11       83
  MINIMUM         60     36    1929  53      7       52
  AVERAGE         74                 65      9       68

PRECIPITATION (IN)
  TODAY            0.00   0.88 1946   0.05  -0.05     0.00
  MONTH TO DATE    0.02               0.40  -0.38     0.30
  SINCE SEP 1      0.02               0.40  -0.38     0.30
  SINCE JAN 1      9.99              16.08  -6.09    11.60

SNOWFALL (IN)
  TODAY            0.0    0.0  2002   0.0    0.0      0.0
                               2001
                               2000
  MONTH TO DATE    0.0                0.0    0.0      0.0
  SINCE SEP 1      0.0                0.0    0.0      0.0
  SINCE JUL 1      0.0                0.0    0.0      0.0
  SNOW DEPTH       0

DEGREE DAYS
 HEATING
  TODAY            0                  3     -3        0
  MONTH TO DATE   11                 21    -10        6
  SINCE SEP 1     11                 21    -10        6
  SINCE JUL 1     16                 51    -35       31

 COOLING
  TODAY            9                  3      6        3
  MONTH TO DATE   51                 33     18       22
  SINCE SEP 1     51                 33     18       22
  SINCE JAN 1    788                628    160      782
...........................................................





WEATHER CONDITIONS
 THE FOLLOWING WEATHER WAS RECORDED TODAY.
  NO SIGNIFICANT WEATHER WAS OBSERVED.


..........................................................


THE EAST RAPID CITY SD CLIMATE NORMALS FOR TOMORROW
                         NORMAL    RECORD    YEAR
 MAXIMUM TEMPERATURE (F)   76       100      1931
 MINIMUM TEMPERATURE (F)   53        35      1898


SUNRISE AND SUNSET
SEPTEMBER  8 2017.....SUNRISE   624 AM MDT   SUNSET   716 PM MDT
SEPTEMBER  9 2017.....SUNRISE   625 AM MDT   SUNSET   714 PM MDT


-  INDICATES NEGATIVE NUMBERS.
R  INDICATES RECORD WAS SET OR TIED.
MM INDICATES DATA IS MISSING.
T  INDICATES TRACE AMOUNT.




$$
