640
CDUS43 KUNR 110836
CLIUNR


CLIMATE REPORT
NATIONAL WEATHER SERVICE RAPID CITY SD
135 AM MST WED JAN 11 2017


...................................

...THE EAST RAPID CITY SD CLIMATE SUMMARY FOR JANUARY 10 2017...

CLIMATE NORMAL PERIOD 1981 TO 2010
CLIMATE RECORD PERIOD 1888 TO 2017


WEATHER ITEM   OBSERVED RECORD YEAR NORMAL DEPARTURE LAST
                VALUE   VALUE       VALUE  FROM      YEAR
                                           NORMAL
...........................................................
TEMPERATURE (F)
 YESTERDAY
  MAXIMUM         29     69    1928  38     -9       35
  MINIMUM          5    -17    1909  16    -11        2
  AVERAGE         17                 27    -10       19

PRECIPITATION (IN)
  YESTERDAY        0.01   0.16 1963   0.00   0.01     0.00
  MONTH TO DATE    0.08               0.08   0.00      T
  SINCE DEC 1      0.90               0.40   0.50     0.73
  SINCE JAN 1      0.08               0.08   0.00      T

SNOWFALL (IN)
  YESTERDAY        0.3    1.5  1963   0.1    0.2      0.0
  MONTH TO DATE    2.8                1.5    1.3       T
  SINCE DEC 1     14.9                6.7    8.2     15.5
  SINCE JUL 1     18.6               15.3    3.3     21.5
  SNOW DEPTH       3

DEGREE DAYS
 HEATING
  YESTERDAY       48                 38     10       46
  MONTH TO DATE  551                380    171      429
  SINCE DEC 1   1944               1547    397     1531
  SINCE JUL 1   2975               3127   -152     2789

 COOLING
  YESTERDAY        0                  0      0        0
  MONTH TO DATE    0                  0      0        0
  SINCE DEC 1      0                  0      0        0
  SINCE JAN 1      0                  0      0        0
...........................................................


WIND (MPH)
  HIGHEST GUST SPEED    33   HIGHEST GUST DIRECTION     N (360)



WEATHER CONDITIONS
 THE FOLLOWING WEATHER WAS RECORDED YESTERDAY.
  LIGHT SNOW
  FOG


..........................................................


THE EAST RAPID CITY SD CLIMATE NORMALS FOR TODAY
                         NORMAL    RECORD    YEAR
 MAXIMUM TEMPERATURE (F)   38        65      1996
 MINIMUM TEMPERATURE (F)   16       -25      1918


SUNRISE AND SUNSET
JANUARY 11 2017.......SUNRISE   726 AM MST   SUNSET   436 PM MST
JANUARY 12 2017.......SUNRISE   726 AM MST   SUNSET   437 PM MST


-  INDICATES NEGATIVE NUMBERS.
R  INDICATES RECORD WAS SET OR TIED.
MM INDICATES DATA IS MISSING.
T  INDICATES TRACE AMOUNT.




$$
