000
CDUS43 KUNR 231834
CLIUNR


CLIMATE REPORT
NATIONAL WEATHER SERVICE RAPID CITY SD
1233 PM MDT SAT AUG 23 2014


...................................

...THE EAST RAPID CITY SD CLIMATE SUMMARY FOR AUGUST 23 2014...
VALID AS OF 1100 AM LOCAL TIME.

CLIMATE NORMAL PERIOD 1981 TO 2010
CLIMATE RECORD PERIOD 1888 TO 2014


WEATHER ITEM   OBSERVED RECORD YEAR NORMAL DEPARTURE LAST
                VALUE   VALUE       VALUE  FROM      YEAR
                                           NORMAL
...........................................................
TEMPERATURE (F)
 TODAY
  MAXIMUM         69    102    1949  83    -14       90
  MINIMUM         63     42    1934  59      4       63
  AVERAGE         66                 70     -4       77

PRECIPITATION (IN)
  TODAY            0.00   0.75 1911   0.05  -0.05     0.00
  MONTH TO DATE    3.35               1.57   1.78     1.88
  SINCE JUN 1     10.82               7.23   3.59     5.87
  SINCE JAN 1     16.00              15.28   0.72    14.59

SNOWFALL (IN)
  TODAY            0.0                0.0    0.0      0.0
  MONTH TO DATE    0.0                0.0    0.0      0.0
  SINCE JUN 1      0.0                0.0    0.0      0.0
  SINCE JUL 1      0.0                0.0    0.0      0.0
  SNOW DEPTH       0

DEGREE DAYS
 HEATING
  TODAY            0                  1     -1        0
  MONTH TO DATE    0                  3     -3        0
  SINCE JUN 1    119                103     16       64
  SINCE JUL 1     11                 15     -4        6

 COOLING
  TODAY            1                  6     -5       12
  MONTH TO DATE  157                182    -25      153
  SINCE JUN 1    394                533   -139      526
  SINCE JAN 1    422                551   -129      550
...........................................................





WEATHER CONDITIONS
 THE FOLLOWING WEATHER WAS RECORDED TODAY.
  NO SIGNIFICANT WEATHER WAS OBSERVED.


..........................................................


THE EAST RAPID CITY SD CLIMATE NORMALS FOR TOMORROW
                         NORMAL    RECORD    YEAR
 MAXIMUM TEMPERATURE (F)   82        99      2000
 MINIMUM TEMPERATURE (F)   58        41      1910


SUNRISE AND SUNSET
AUGUST 23 2014........SUNRISE   606 AM MDT   SUNSET   744 PM MDT
AUGUST 24 2014........SUNRISE   607 AM MDT   SUNSET   743 PM MDT


-  INDICATES NEGATIVE NUMBERS.
R  INDICATES RECORD WAS SET OR TIED.
MM INDICATES DATA IS MISSING.
T  INDICATES TRACE AMOUNT.




$$
