000
CDUS43 KUNR 180037
CLIUNR


CLIMATE REPORT
NATIONAL WEATHER SERVICE RAPID CITY SD
637 PM MDT SUN APR 17 2016


...................................

...THE EAST RAPID CITY SD CLIMATE SUMMARY FOR APRIL 17 2016...
VALID TODAY AS OF 0500 PM LOCAL TIME.

CLIMATE NORMAL PERIOD 1981 TO 2010
CLIMATE RECORD PERIOD 1888 TO 2016


WEATHER ITEM   OBSERVED RECORD YEAR NORMAL DEPARTURE LAST
                VALUE   VALUE       VALUE  FROM      YEAR
                                           NORMAL
...........................................................
TEMPERATURE (F)
 TODAY
  MAXIMUM         37     86    2005  56    -19       57
  MINIMUM         31     20    2001  34     -3       42
                               1953
  AVERAGE         34                 45    -11       50

PRECIPITATION (IN)
  TODAY            0.13   1.06 1920   0.07   0.06     0.01
  MONTH TO DATE    0.33               0.99  -0.66     0.20
  SINCE MAR 1      1.38               1.98  -0.60     0.30
  SINCE JAN 1      2.19               2.75  -0.56     0.85

SNOWFALL (IN)
  TODAY            1.2    6.8  1920   0.3    0.9      0.0
  MONTH TO DATE    1.2                5.9   -4.7       T
  SINCE MAR 1      9.1               17.7   -8.6      1.4
  SINCE JUL 1     39.0               44.4   -5.4     37.1
  SNOW DEPTH       T

DEGREE DAYS
 HEATING
  TODAY           31                 20     11       15
  MONTH TO DATE  259                382   -123      302
  SINCE MAR 1    944               1290   -346      927
  SINCE JUL 1   5193               6244  -1051     5623

 COOLING
  TODAY            0                  0      0        0
  MONTH TO DATE    0                  0      0        0
  SINCE MAR 1      0                  0      0        6
  SINCE JAN 1      0                  0      0        6
...........................................................





WEATHER CONDITIONS
 THE FOLLOWING WEATHER WAS RECORDED TODAY.
  NO SIGNIFICANT WEATHER WAS OBSERVED.


..........................................................


THE EAST RAPID CITY SD CLIMATE NORMALS FOR TOMORROW
                         NORMAL    RECORD    YEAR
 MAXIMUM TEMPERATURE (F)   57        84      1923
 MINIMUM TEMPERATURE (F)   35        16      1953


SUNRISE AND SUNSET
APRIL 17 2016.........SUNRISE   605 AM MDT   SUNSET   740 PM MDT
APRIL 18 2016.........SUNRISE   604 AM MDT   SUNSET   741 PM MDT


-  INDICATES NEGATIVE NUMBERS.
R  INDICATES RECORD WAS SET OR TIED.
MM INDICATES DATA IS MISSING.
T  INDICATES TRACE AMOUNT.




$$
