000
CDUS43 KUNR 100036
CLIUNR


CLIMATE REPORT
NATIONAL WEATHER SERVICE RAPID CITY SD
636 PM MDT SUN JUL 9 2017


...................................

...THE EAST RAPID CITY SD CLIMATE SUMMARY FOR JULY 9 2017...
VALID TODAY AS OF 0500 PM LOCAL TIME.

CLIMATE NORMAL PERIOD 1981 TO 2010
CLIMATE RECORD PERIOD 1888 TO 2017


WEATHER ITEM   OBSERVED RECORD YEAR NORMAL DEPARTURE LAST
                VALUE   VALUE       VALUE  FROM      YEAR
                                           NORMAL
...........................................................
TEMPERATURE (F)
 TODAY
  MAXIMUM        101    107    1954  84     17       95
  MINIMUM         68     45    1929  61      7       64
  AVERAGE         85                 72     13       80

PRECIPITATION (IN)
  TODAY            T      0.75 1918   0.07  -0.07      T
  MONTH TO DATE    0.05               0.64  -0.59     1.46
  SINCE JUN 1      1.58               3.80  -2.22     2.04
  SINCE JAN 1      6.21              11.85  -5.64     6.58

SNOWFALL (IN)
  TODAY            0.0    0.0  2002   0.0    0.0      0.0
                               2001
                               2000
  MONTH TO DATE    0.0                0.0    0.0      0.0
  SINCE JUN 1      0.0                0.0    0.0      0.0
  SINCE JUL 1      0.0                0.0    0.0      0.0
  SNOW DEPTH       0

DEGREE DAYS
 HEATING
  TODAY            0                  0      0        0
  MONTH TO DATE    0                  6     -6        1
  SINCE JUN 1     12                 94    -82        6
  SINCE JUL 1      0                  6     -6        1

 COOLING
  TODAY           20                  8     12       15
  MONTH TO DATE  134                 63     71       61
  SINCE JUN 1    276                154    122      306
  SINCE JAN 1    289                172    117      312
...........................................................





WEATHER CONDITIONS
 THE FOLLOWING WEATHER WAS RECORDED TODAY.
  LIGHT RAIN


..........................................................


THE EAST RAPID CITY SD CLIMATE NORMALS FOR TOMORROW
                         NORMAL    RECORD    YEAR
 MAXIMUM TEMPERATURE (F)   84       105      1936
 MINIMUM TEMPERATURE (F)   61        47      1895


SUNRISE AND SUNSET
JULY  9 2017..........SUNRISE   519 AM MDT   SUNSET   837 PM MDT
JULY 10 2017..........SUNRISE   520 AM MDT   SUNSET   836 PM MDT


-  INDICATES NEGATIVE NUMBERS.
R  INDICATES RECORD WAS SET OR TIED.
MM INDICATES DATA IS MISSING.
T  INDICATES TRACE AMOUNT.




$$
