000
CDUS43 KUNR 230850
CLIUNR


CLIMATE REPORT
NATIONAL WEATHER SERVICE RAPID CITY SD
250 AM MDT THU JUL 23 2015


...................................

...THE EAST RAPID CITY SD CLIMATE SUMMARY FOR JULY 22 2015...

CLIMATE NORMAL PERIOD 1981 TO 2010
CLIMATE RECORD PERIOD 1888 TO 2015


WEATHER ITEM   OBSERVED RECORD YEAR NORMAL DEPARTURE LAST
                VALUE   VALUE       VALUE  FROM      YEAR
                                           NORMAL
...........................................................
TEMPERATURE (F)
 YESTERDAY
  MAXIMUM         86    104    1940  85      1       85
  MINIMUM         59     50    1949  63     -4       65
  AVERAGE         73                 74     -1       75

PRECIPITATION (IN)
  YESTERDAY        0.00   2.77 1910   0.09  -0.09     0.36
  MONTH TO DATE    2.12               1.66   0.46     0.96
  SINCE JUN 1      8.99               4.82   4.17     7.01
  SINCE JAN 1     18.35              12.87   5.48    12.19

SNOWFALL (IN)
  YESTERDAY        0.0    0.0  2002   0.0    0.0      0.0
                               2001
                               2000
  MONTH TO DATE    0.0                0.0    0.0      0.0
  SINCE JUN 1      0.0                0.0    0.0      0.0
  SINCE JUL 1      0.0                0.0    0.0      0.0
  SNOW DEPTH       0

DEGREE DAYS
 HEATING
  YESTERDAY        0                  0      0        0
  MONTH TO DATE    1                  6     -5       11
  SINCE JUN 1     34                 94    -60      119
  SINCE JUL 1      1                  6     -5       11

 COOLING
  YESTERDAY        8                  9     -1       10
  MONTH TO DATE  138                176    -38      146
  SINCE JUN 1    245                267    -22      174
  SINCE JAN 1    253                285    -32      202
...........................................................


WIND (MPH)
  HIGHEST GUST SPEED    17   HIGHEST GUST DIRECTION    SE (150)



WEATHER CONDITIONS
 THE FOLLOWING WEATHER WAS RECORDED YESTERDAY.
  NO SIGNIFICANT WEATHER WAS OBSERVED.


..........................................................


THE EAST RAPID CITY SD CLIMATE NORMALS FOR TODAY
                         NORMAL    RECORD    YEAR
 MAXIMUM TEMPERATURE (F)   85       106      1936
 MINIMUM TEMPERATURE (F)   63        50      1911


SUNRISE AND SUNSET
JULY 23 2015..........SUNRISE   531 AM MDT   SUNSET   827 PM MDT
JULY 24 2015..........SUNRISE   532 AM MDT   SUNSET   826 PM MDT


-  INDICATES NEGATIVE NUMBERS.
R  INDICATES RECORD WAS SET OR TIED.
MM INDICATES DATA IS MISSING.
T  INDICATES TRACE AMOUNT.




$$
