000
CDUS43 KUNR 130038
CLIUNR


CLIMATE REPORT
NATIONAL WEATHER SERVICE RAPID CITY SD
638 PM MDT WED APR 12 2017


...................................

...THE EAST RAPID CITY SD CLIMATE SUMMARY FOR APRIL 12 2017...
VALID TODAY AS OF 0500 PM LOCAL TIME.

CLIMATE NORMAL PERIOD 1981 TO 2010
CLIMATE RECORD PERIOD 1888 TO 2017


WEATHER ITEM   OBSERVED RECORD YEAR NORMAL DEPARTURE LAST
                VALUE   VALUE       VALUE  FROM      YEAR
                                           NORMAL
...........................................................
TEMPERATURE (F)
 TODAY
  MAXIMUM         61     83    2003  54      7       76
  MINIMUM         44      7    1940  33     11       32
  AVERAGE         53                 44      9       54

PRECIPITATION (IN)
  TODAY            0.00   1.21 1927   0.07  -0.07     0.00
  MONTH TO DATE    0.95               0.64   0.31     0.02
  SINCE MAR 1      1.75               1.63   0.12     1.07
  SINCE JAN 1      2.54               2.40   0.14     1.88

SNOWFALL (IN)
  TODAY            0.0   11.0  1927   0.4   -0.4      0.0
  MONTH TO DATE    1.4                4.3   -2.9       T
  SINCE MAR 1      2.7               16.1  -13.4      7.9
  SINCE JUL 1     35.9               42.8   -6.9     37.8
  SNOW DEPTH       0

DEGREE DAYS
 HEATING
  TODAY           12                 22    -10       11
  MONTH TO DATE  221                280    -59      185
  SINCE MAR 1    990               1188   -198      870
  SINCE JUL 1   5586               6142   -556     5119

 COOLING
  TODAY            0                  0      0        0
  MONTH TO DATE    0                  0      0        0
  SINCE MAR 1      0                  0      0        0
  SINCE JAN 1      0                  0      0        0
...........................................................





WEATHER CONDITIONS
 THE FOLLOWING WEATHER WAS RECORDED TODAY.
  NO SIGNIFICANT WEATHER WAS OBSERVED.


..........................................................


THE EAST RAPID CITY SD CLIMATE NORMALS FOR TOMORROW
                         NORMAL    RECORD    YEAR
 MAXIMUM TEMPERATURE (F)   55        83      2003
                                             1908
 MINIMUM TEMPERATURE (F)   33        17      1997


SUNRISE AND SUNSET
APRIL 12 2017.........SUNRISE   614 AM MDT   SUNSET   734 PM MDT
APRIL 13 2017.........SUNRISE   612 AM MDT   SUNSET   735 PM MDT


-  INDICATES NEGATIVE NUMBERS.
R  INDICATES RECORD WAS SET OR TIED.
MM INDICATES DATA IS MISSING.
T  INDICATES TRACE AMOUNT.




$$
