000
CDUS43 KUNR 250037
CLIUNR


CLIMATE REPORT
NATIONAL WEATHER SERVICE RAPID CITY SD
636 PM MDT WED JUN 24 2015


...................................

...THE EAST RAPID CITY SD CLIMATE SUMMARY FOR JUNE 24 2015...
VALID TODAY AS OF 0500 PM LOCAL TIME.

CLIMATE NORMAL PERIOD 1981 TO 2010
CLIMATE RECORD PERIOD 1888 TO 2015


WEATHER ITEM   OBSERVED RECORD YEAR NORMAL DEPARTURE LAST
                VALUE   VALUE       VALUE  FROM      YEAR
                                           NORMAL
...........................................................
TEMPERATURE (F)
 TODAY
  MAXIMUM         77    103    1936  79     -2       76
  MINIMUM         59     41    1967  57      2       58
  AVERAGE         68                 68      0       67

PRECIPITATION (IN)
  TODAY            T      3.10 1962   0.08  -0.08     0.00
  MONTH TO DATE    5.58               2.75   2.83     4.17
  SINCE JUN 1      5.58               2.75   2.83     4.17
  SINCE JAN 1     14.94              10.80   4.14     9.35

SNOWFALL (IN)
  TODAY            0.0    0.0  2002   0.0    0.0      0.0
                               2001
                               2000
  MONTH TO DATE    0.0                0.0    0.0      0.0
  SINCE JUN 1      0.0                0.0    0.0      0.0
  SINCE JUL 1     50.7               49.3    1.4     73.5
  SNOW DEPTH       0

DEGREE DAYS
 HEATING
  TODAY            0                  1     -1        0
  MONTH TO DATE   33                 81    -48      107
  SINCE JUN 1     33                 81    -48      107
  SINCE JUL 1   6273               6853   -580     7403

 COOLING
  TODAY            3                  4     -1        2
  MONTH TO DATE   60                 58      2       17
  SINCE JUN 1     60                 58      2       17
  SINCE JAN 1     68                 76     -8       45
...........................................................





WEATHER CONDITIONS
 THE FOLLOWING WEATHER WAS RECORDED TODAY.
  THUNDERSTORM
  LIGHT RAIN
  HAIL


..........................................................


THE EAST RAPID CITY SD CLIMATE NORMALS FOR TOMORROW
                         NORMAL    RECORD    YEAR
 MAXIMUM TEMPERATURE (F)   79        99      1890
 MINIMUM TEMPERATURE (F)   57        37      1904


SUNRISE AND SUNSET
JUNE 24 2015..........SUNRISE   510 AM MDT   SUNSET   840 PM MDT
JUNE 25 2015..........SUNRISE   511 AM MDT   SUNSET   840 PM MDT


-  INDICATES NEGATIVE NUMBERS.
R  INDICATES RECORD WAS SET OR TIED.
MM INDICATES DATA IS MISSING.
T  INDICATES TRACE AMOUNT.




$$
