000
CDUS43 KUNR 140840
CLIUNR


CLIMATE REPORT
NATIONAL WEATHER SERVICE RAPID CITY SD
230 AM MDT THU SEP 14 2017


...................................

...THE EAST RAPID CITY SD CLIMATE SUMMARY FOR SEPTEMBER 13 2017...

CLIMATE NORMAL PERIOD 1981 TO 2010
CLIMATE RECORD PERIOD 1888 TO 2017


WEATHER ITEM   OBSERVED RECORD YEAR NORMAL DEPARTURE LAST
                VALUE   VALUE       VALUE  FROM      YEAR
                                           NORMAL
...........................................................
TEMPERATURE (F)
 YESTERDAY
  MAXIMUM         89    100    1895  74     15       51
  MINIMUM         61     31    1970  51     10       42
  AVERAGE         75                 63     12       47

PRECIPITATION (IN)
  YESTERDAY        0.00   1.62 1998   0.06  -0.06     0.06
  MONTH TO DATE    0.59               0.68  -0.09     0.40
  SINCE SEP 1      0.59               0.68  -0.09     0.40
  SINCE JAN 1     10.56              16.36  -5.80    11.70

SNOWFALL (IN)
  YESTERDAY        0.0    0.7  1970   0.0    0.0      0.0
  MONTH TO DATE    0.0                0.0    0.0      0.0
  SINCE SEP 1      0.0                0.0    0.0      0.0
  SINCE JUL 1      0.0                0.0    0.0      0.0
  SNOW DEPTH       0

DEGREE DAYS
 HEATING
  YESTERDAY        0                  5     -5       18
  MONTH TO DATE   11                 42    -31       46
  SINCE SEP 1     11                 42    -31       46
  SINCE JUL 1     16                 72    -56       71

 COOLING
  YESTERDAY       10                  2      8        0
  MONTH TO DATE  110                 47     63       30
  SINCE SEP 1    110                 47     63       30
  SINCE JAN 1    847                642    205      790
...........................................................


WIND (MPH)
  HIGHEST GUST SPEED    28   HIGHEST GUST DIRECTION     S (160)



WEATHER CONDITIONS
 THE FOLLOWING WEATHER WAS RECORDED YESTERDAY.
  NO SIGNIFICANT WEATHER WAS OBSERVED.


..........................................................


THE EAST RAPID CITY SD CLIMATE NORMALS FOR TODAY
                         NORMAL    RECORD    YEAR
 MAXIMUM TEMPERATURE (F)   73        99      1948
 MINIMUM TEMPERATURE (F)   51        23      1904


SUNRISE AND SUNSET
SEPTEMBER 14 2017.....SUNRISE   631 AM MDT   SUNSET   705 PM MDT
SEPTEMBER 15 2017.....SUNRISE   632 AM MDT   SUNSET   703 PM MDT


-  INDICATES NEGATIVE NUMBERS.
R  INDICATES RECORD WAS SET OR TIED.
MM INDICATES DATA IS MISSING.
T  INDICATES TRACE AMOUNT.




$$
