000
CDUS43 KUNR 131226 CCA
CLIUNR

CLIMATE REPORT
NATIONAL WEATHER SERVICE RAPID CITY SD
144 AM MST THU NOV 13 2014


...................................

...THE EAST RAPID CITY SD CLIMATE SUMMARY FOR NOVEMBER 12 2014...

CLIMATE NORMAL PERIOD 1981 TO 2010
CLIMATE RECORD PERIOD 1888 TO 2014


WEATHER ITEM   OBSERVED RECORD YEAR NORMAL DEPARTURE LAST
                VALUE   VALUE       VALUE  FROM      YEAR
                                           NORMAL
...........................................................
TEMPERATURE (F)
 YESTERDAY
  MAXIMUM         12     76    1999  48    -36       52
  MINIMUM          0    -10    1916  29    -29       14
  AVERAGE          6                 38    -32       33

PRECIPITATION (IN)
  YESTERDAY        0.00   0.45 1959   0.03  -0.03     0.00
  MONTH TO DATE    0.32               0.38  -0.06     0.31
  SINCE SEP 1      5.61               3.57   2.04     6.70
  SINCE JAN 1     23.01              19.25   3.76    22.45

SNOWFALL (IN)
  YESTERDAY        0.0    8.6  1959   0.2   -0.2      0.0
  MONTH TO DATE    6.0                2.6    3.4      4.0
  SINCE SEP 1      7.6                5.0    2.6     29.5
  SINCE JUL 1      7.6                5.0    2.6     29.5
  SNOW DEPTH       4

DEGREE DAYS
 HEATING
  YESTERDAY       59                 27     32       32
  MONTH TO DATE  318                293     25      326
  SINCE SEP 1    872                992   -120     1051
  SINCE JUL 1    896               1022   -126     1057

 COOLING
  YESTERDAY        0                  0      0        0
  MONTH TO DATE    0                  0      0        0
  SINCE SEP 1     78                 70      8      145
  SINCE JAN 1    514                665   -151      830
...........................................................


WIND (MPH)
  HIGHEST GUST SPEED    31   HIGHEST GUST DIRECTION    NW (330)



WEATHER CONDITIONS
 THE FOLLOWING WEATHER WAS RECORDED YESTERDAY.
  NO SIGNIFICANT WEATHER WAS OBSERVED.


..........................................................


THE EAST RAPID CITY SD CLIMATE NORMALS FOR TODAY
                         NORMAL    RECORD    YEAR
 MAXIMUM TEMPERATURE (F)   47        73      1999
 MINIMUM TEMPERATURE (F)   29       -13      1916


SUNRISE AND SUNSET
NOVEMBER 13 2014......SUNRISE   645 AM MST   SUNSET   428 PM MST
NOVEMBER 14 2014......SUNRISE   647 AM MST   SUNSET   427 PM MST


-  INDICATES NEGATIVE NUMBERS.
R  INDICATES RECORD WAS SET OR TIED.
MM INDICATES DATA IS MISSING.
T  INDICATES TRACE AMOUNT.




$$
