000
CDUS43 KUNR 210830
CLIUNR


CLIMATE REPORT
NATIONAL WEATHER SERVICE RAPID CITY SD
230 AM MDT THU AUG 21 2014


...................................

...THE EAST RAPID CITY SD CLIMATE SUMMARY FOR AUGUST 20 2014...

CLIMATE NORMAL PERIOD 1981 TO 2010
CLIMATE RECORD PERIOD 1888 TO 2014


WEATHER ITEM   OBSERVED RECORD YEAR NORMAL DEPARTURE LAST
                VALUE   VALUE       VALUE  FROM      YEAR
                                           NORMAL
...........................................................
TEMPERATURE (F)
 YESTERDAY
  MAXIMUM         87    102    1898  83      4       95
  MINIMUM         65     43    1964  59      6       70
  AVERAGE         76                 71      5       83

PRECIPITATION (IN)
  YESTERDAY        0.01   0.80 1906   0.06  -0.05      T
  MONTH TO DATE    3.13               1.42   1.71     1.88
  SINCE JUN 1     10.60               7.08   3.52     5.87
  SINCE JAN 1     15.78              15.13   0.65    14.59

SNOWFALL (IN)
  YESTERDAY        0.0                0.0    0.0      0.0
  MONTH TO DATE    0.0                0.0    0.0      0.0
  SINCE JUN 1      0.0                0.0    0.0      0.0
  SINCE JUL 1      0.0                0.0    0.0      0.0
  SNOW DEPTH       0

DEGREE DAYS
 HEATING
  YESTERDAY        0                  0      0        0
  MONTH TO DATE    0                  0      0        0
  SINCE JUN 1    119                100     19       64
  SINCE JUL 1     11                 12     -1        6

 COOLING
  YESTERDAY       11                  7      4       18
  MONTH TO DATE  147                163    -16      125
  SINCE JUN 1    384                514   -130      498
  SINCE JAN 1    412                532   -120      522
...........................................................


WIND (MPH)
  HIGHEST GUST SPEED    28   HIGHEST GUST DIRECTION     N (350)



WEATHER CONDITIONS
 THE FOLLOWING WEATHER WAS RECORDED YESTERDAY.
  LIGHT RAIN


..........................................................


THE EAST RAPID CITY SD CLIMATE NORMALS FOR TODAY
                         NORMAL    RECORD    YEAR
 MAXIMUM TEMPERATURE (F)   83        99      1898
 MINIMUM TEMPERATURE (F)   59        45      1964


SUNRISE AND SUNSET
AUGUST 21 2014........SUNRISE   603 AM MDT   SUNSET   748 PM MDT
AUGUST 22 2014........SUNRISE   605 AM MDT   SUNSET   746 PM MDT


-  INDICATES NEGATIVE NUMBERS.
R  INDICATES RECORD WAS SET OR TIED.
MM INDICATES DATA IS MISSING.
T  INDICATES TRACE AMOUNT.




$$
