000
CDUS43 KUNR 150041
CLIUNR


CLIMATE REPORT
NATIONAL WEATHER SERVICE RAPID CITY SD
639 PM MDT SAT MAY 14 2016


...................................

...THE EAST RAPID CITY SD CLIMATE SUMMARY FOR MAY 14 2016...
VALID TODAY AS OF 0500 PM LOCAL TIME.

CLIMATE NORMAL PERIOD 1981 TO 2010
CLIMATE RECORD PERIOD 1888 TO 2016


WEATHER ITEM   OBSERVED RECORD YEAR NORMAL DEPARTURE LAST
                VALUE   VALUE       VALUE  FROM      YEAR
                                           NORMAL
...........................................................
TEMPERATURE (F)
 TODAY
  MAXIMUM         54     91    1931  66    -12       62
  MINIMUM         32     28    2004  45    -13       47
  AVERAGE         43                 55    -12       55

PRECIPITATION (IN)
  TODAY            0.00   2.71 1965   0.14  -0.14      T
  MONTH TO DATE    0.27               1.67  -1.40     2.60
  SINCE MAR 1      2.50               4.76  -2.26     3.65
  SINCE JAN 1      3.31               5.53  -2.22     4.20

SNOWFALL (IN)
  TODAY            0.0    0.3  1945   0.1   -0.1      0.0
  MONTH TO DATE    T                  1.6   -1.6     13.6
  SINCE MAR 1     11.7               22.2  -10.5     15.0
  SINCE JUL 1     41.6               48.9   -7.3     50.7
  SNOW DEPTH       0

DEGREE DAYS
 HEATING
  TODAY           22                 10     12       10
  MONTH TO DATE  160                173    -13      195
  SINCE MAR 1   1357               1685   -328     1334
  SINCE JUL 1   5606               6639  -1033     6030

 COOLING
  TODAY            0                  0      0        0
  MONTH TO DATE    2                  0      2        2
  SINCE MAR 1      4                  1      3        8
  SINCE JAN 1      4                  1      3        8
...........................................................





WEATHER CONDITIONS
 THE FOLLOWING WEATHER WAS RECORDED TODAY.
  NO SIGNIFICANT WEATHER WAS OBSERVED.


..........................................................


THE EAST RAPID CITY SD CLIMATE NORMALS FOR TOMORROW
                         NORMAL    RECORD    YEAR
 MAXIMUM TEMPERATURE (F)   66        95      1936
 MINIMUM TEMPERATURE (F)   45        29      1945


SUNRISE AND SUNSET
MAY 14 2016...........SUNRISE   527 AM MDT   SUNSET   812 PM MDT
MAY 15 2016...........SUNRISE   526 AM MDT   SUNSET   813 PM MDT


-  INDICATES NEGATIVE NUMBERS.
R  INDICATES RECORD WAS SET OR TIED.
MM INDICATES DATA IS MISSING.
T  INDICATES TRACE AMOUNT.




$$
