000
CDUS43 KUNR 131832
CLIUNR


CLIMATE REPORT
NATIONAL WEATHER SERVICE RAPID CITY SD
1232 PM MDT SAT MAY 13 2017


...................................

...THE EAST RAPID CITY SD CLIMATE SUMMARY FOR MAY 13 2017...
VALID AS OF 1100 AM LOCAL TIME.

CLIMATE NORMAL PERIOD 1981 TO 2010
CLIMATE RECORD PERIOD 1888 TO 2017


WEATHER ITEM   OBSERVED RECORD YEAR NORMAL DEPARTURE LAST
                VALUE   VALUE       VALUE  FROM      YEAR
                                           NORMAL
...........................................................
TEMPERATURE (F)
 TODAY
  MAXIMUM         77     94    2001  66     11       48
  MINIMUM         52     24    1953  44      8       33
  AVERAGE         65                 55     10       41

PRECIPITATION (IN)
  TODAY            0.00   1.10 1942   0.14  -0.14      T
  MONTH TO DATE    0.38               1.53  -1.15     0.27
  SINCE MAR 1      2.81               4.62  -1.81     2.50
  SINCE JAN 1      3.60               5.39  -1.79     3.31

SNOWFALL (IN)
  TODAY            0.0    0.1  2005   0.1   -0.1       T
  MONTH TO DATE    0.0                1.5   -1.5       T
  SINCE MAR 1      6.0               22.1  -16.1     11.7
  SINCE JUL 1     39.2               48.8   -9.6     41.6
  SNOW DEPTH       0

DEGREE DAYS
 HEATING
  TODAY            0                 11    -11       24
  MONTH TO DATE   88                163    -75      138
  SINCE MAR 1   1401               1675   -274     1335
  SINCE JUL 1   5997               6629   -632     5584

 COOLING
  TODAY            0                  0      0        0
  MONTH TO DATE    9                  0      9        2
  SINCE MAR 1      9                  1      8        4
  SINCE JAN 1      9                  1      8        4
...........................................................





WEATHER CONDITIONS
 THE FOLLOWING WEATHER WAS RECORDED TODAY.
  NO SIGNIFICANT WEATHER WAS OBSERVED.


..........................................................


THE EAST RAPID CITY SD CLIMATE NORMALS FOR TOMORROW
                         NORMAL    RECORD    YEAR
 MAXIMUM TEMPERATURE (F)   66        91      1931
 MINIMUM TEMPERATURE (F)   45        28      2004


SUNRISE AND SUNSET
MAY 13 2017...........SUNRISE   528 AM MDT   SUNSET   811 PM MDT
MAY 14 2017...........SUNRISE   527 AM MDT   SUNSET   812 PM MDT


-  INDICATES NEGATIVE NUMBERS.
R  INDICATES RECORD WAS SET OR TIED.
MM INDICATES DATA IS MISSING.
T  INDICATES TRACE AMOUNT.




$$
