000
CDUS43 KUNR 070038
CLIUNR


CLIMATE REPORT
NATIONAL WEATHER SERVICE RAPID CITY SD
538 PM MST SAT JAN 6 2018


...................................

...THE EAST RAPID CITY SD CLIMATE SUMMARY FOR JANUARY 6 2018...
VALID TODAY AS OF 0500 PM LOCAL TIME.

CLIMATE NORMAL PERIOD 1981 TO 2010
CLIMATE RECORD PERIOD 1888 TO 2018


WEATHER ITEM   OBSERVED RECORD YEAR NORMAL DEPARTURE LAST
                VALUE   VALUE       VALUE  FROM      YEAR
                                           NORMAL
...........................................................
TEMPERATURE (F)
 TODAY
  MAXIMUM         52     66    1954  38     14       21
  MINIMUM         14    -23    1912  16     -2       -2
  AVERAGE         33                 27      6       10

PRECIPITATION (IN)
  TODAY            0.00   0.21 1926   0.01  -0.01     0.00
  MONTH TO DATE    0.00               0.05  -0.05     0.07
  SINCE DEC 1      0.30               0.37  -0.07     0.89
  SINCE JAN 1      0.00               0.05  -0.05     0.07

SNOWFALL (IN)
  TODAY            0.0    2.5  2010   0.1   -0.1      0.0
  MONTH TO DATE    0.0                0.9   -0.9      2.4
  SINCE DEC 1      7.3                6.1    1.2     14.5
  SINCE JUL 1      8.4               14.7   -6.3     18.2
  SNOW DEPTH       T

DEGREE DAYS
 HEATING
  TODAY           32                 38     -6       55
  MONTH TO DATE  256                228     28      350
  SINCE DEC 1   1447               1395     52     1743
  SINCE JUL 1   2827               2975   -148     2774

 COOLING
  TODAY            0                  0      0        0
  MONTH TO DATE    0                  0      0        0
  SINCE DEC 1      0                  0      0        0
  SINCE JAN 1      0                  0      0        0
...........................................................





WEATHER CONDITIONS
 THE FOLLOWING WEATHER WAS RECORDED TODAY.
  NO SIGNIFICANT WEATHER WAS OBSERVED.


..........................................................


THE EAST RAPID CITY SD CLIMATE NORMALS FOR TOMORROW
                         NORMAL    RECORD    YEAR
 MAXIMUM TEMPERATURE (F)   38        65      1948
 MINIMUM TEMPERATURE (F)   16       -28      1888


SUNRISE AND SUNSET
JANUARY  6 2018.......SUNRISE   728 AM MST   SUNSET   430 PM MST
JANUARY  7 2018.......SUNRISE   727 AM MST   SUNSET   431 PM MST


-  INDICATES NEGATIVE NUMBERS.
R  INDICATES RECORD WAS SET OR TIED.
MM INDICATES DATA IS MISSING.
T  INDICATES TRACE AMOUNT.




$$
