383
CDUS43 KUNR 180833
CLIUNR


CLIMATE REPORT
NATIONAL WEATHER SERVICE RAPID CITY SD
230 AM MDT THU AUG 18 2016


...................................

...THE EAST RAPID CITY SD CLIMATE SUMMARY FOR AUGUST 17 2016...

CLIMATE NORMAL PERIOD 1981 TO 2010
CLIMATE RECORD PERIOD 1888 TO 2016


WEATHER ITEM   OBSERVED RECORD YEAR NORMAL DEPARTURE LAST
                VALUE   VALUE       VALUE  FROM      YEAR
                                           NORMAL
...........................................................
TEMPERATURE (F)
 YESTERDAY
  MAXIMUM         92    100    1970  84      8       62
  MINIMUM         65     45    2002  60      5       53
  AVERAGE         79                 72      7       58

PRECIPITATION (IN)
  YESTERDAY        0.11   1.26 2015   0.06   0.05     1.26
  MONTH TO DATE    1.89               1.25   0.64     1.35
  SINCE JUN 1      5.33               6.91  -1.58    11.84
  SINCE JAN 1      9.87              14.96  -5.09    21.20

SNOWFALL (IN)
  YESTERDAY        0.0    0.0  2002   0.0    0.0      0.0
                               2001
                               2000
  MONTH TO DATE    0.0                0.0    0.0      0.0
  SINCE JUN 1      0.0                0.0    0.0      0.0
  SINCE JUL 1      0.0                0.0    0.0      0.0
  SNOW DEPTH       0

DEGREE DAYS
 HEATING
  YESTERDAY        0                  0      0        7
  MONTH TO DATE    0                  0      0        7
  SINCE JUN 1      6                100    -94       41
  SINCE JUL 1      1                 12    -11        8

 COOLING
  YESTERDAY       14                  7      7        0
  MONTH TO DATE  161                142     19      163
  SINCE JUN 1    691                493    198      493
  SINCE JAN 1    697                511    186      501
...........................................................


WIND (MPH)
  HIGHEST GUST SPEED    29   HIGHEST GUST DIRECTION    SW (210)



WEATHER CONDITIONS
 THE FOLLOWING WEATHER WAS RECORDED YESTERDAY.
  THUNDERSTORM
  RAIN
  LIGHT RAIN


..........................................................


THE EAST RAPID CITY SD CLIMATE NORMALS FOR TODAY
                         NORMAL    RECORD    YEAR
 MAXIMUM TEMPERATURE (F)   84       101      1959
 MINIMUM TEMPERATURE (F)   60        48      1950


SUNRISE AND SUNSET
AUGUST 18 2016........SUNRISE   601 AM MDT   SUNSET   752 PM MDT
AUGUST 19 2016........SUNRISE   602 AM MDT   SUNSET   750 PM MDT


-  INDICATES NEGATIVE NUMBERS.
R  INDICATES RECORD WAS SET OR TIED.
MM INDICATES DATA IS MISSING.
T  INDICATES TRACE AMOUNT.




$$
