000
CDUS43 KUNR 220833
CLIUNR


CLIMATE REPORT
NATIONAL WEATHER SERVICE RAPID CITY SD
232 AM MDT FRI JUL 22 2016


...................................

...THE EAST RAPID CITY SD CLIMATE SUMMARY FOR JULY 21 2016...

CLIMATE NORMAL PERIOD 1981 TO 2010
CLIMATE RECORD PERIOD 1888 TO 2016


WEATHER ITEM   OBSERVED RECORD YEAR NORMAL DEPARTURE LAST
                VALUE   VALUE       VALUE  FROM      YEAR
                                           NORMAL
...........................................................
TEMPERATURE (F)
 YESTERDAY
  MAXIMUM         95    104    1934  85     10       79
  MINIMUM         75     49    1947  63     12       60
  AVERAGE         85                 74     11       70

PRECIPITATION (IN)
  YESTERDAY        0.00   0.50 1997   0.08  -0.08     0.00
  MONTH TO DATE    2.28               1.57   0.71     2.12
  SINCE JUN 1      2.86               4.73  -1.87     8.99
  SINCE JAN 1      7.40              12.78  -5.38    18.35

SNOWFALL (IN)
  YESTERDAY        0.0    0.0  2002   0.0    0.0      0.0
                               2001
                               2000
  MONTH TO DATE    0.0                0.0    0.0      0.0
  SINCE JUN 1      0.0                0.0    0.0      0.0
  SINCE JUL 1      0.0                0.0    0.0      0.0
  SNOW DEPTH       0

DEGREE DAYS
 HEATING
  YESTERDAY        0                  0      0        0
  MONTH TO DATE    1                  6     -5        1
  SINCE JUN 1      6                 94    -88       34
  SINCE JUL 1      1                  6     -5        1

 COOLING
  YESTERDAY       20                  9     11        5
  MONTH TO DATE  188                167     21      130
  SINCE JUN 1    433                258    175      237
  SINCE JAN 1    439                276    163      245
...........................................................


WIND (MPH)
  HIGHEST GUST SPEED    28   HIGHEST GUST DIRECTION     N (360)



WEATHER CONDITIONS
 THE FOLLOWING WEATHER WAS RECORDED YESTERDAY.
  NO SIGNIFICANT WEATHER WAS OBSERVED.


..........................................................


THE EAST RAPID CITY SD CLIMATE NORMALS FOR TODAY
                         NORMAL    RECORD    YEAR
 MAXIMUM TEMPERATURE (F)   85       104      1940
 MINIMUM TEMPERATURE (F)   63        50      1949


SUNRISE AND SUNSET
JULY 22 2016..........SUNRISE   531 AM MDT   SUNSET   827 PM MDT
JULY 23 2016..........SUNRISE   532 AM MDT   SUNSET   826 PM MDT


-  INDICATES NEGATIVE NUMBERS.
R  INDICATES RECORD WAS SET OR TIED.
MM INDICATES DATA IS MISSING.
T  INDICATES TRACE AMOUNT.




$$
