000
CDUS43 KUNR 030835
CLIUNR


CLIMATE REPORT
NATIONAL WEATHER SERVICE RAPID CITY SD
235 AM MDT THU JUL 3 2014


...................................

...THE EAST RAPID CITY SD CLIMATE SUMMARY FOR JULY 2 2014...

CLIMATE NORMAL PERIOD 1981 TO 2010
CLIMATE RECORD PERIOD 1888 TO 2014


WEATHER ITEM   OBSERVED RECORD YEAR NORMAL DEPARTURE LAST
                VALUE   VALUE       VALUE  FROM      YEAR
                                           NORMAL
...........................................................
TEMPERATURE (F)
 YESTERDAY
  MAXIMUM         73    102    1949  82     -9       85
  MINIMUM         54     44    1915  60     -6       55
  AVERAGE         64                 71     -7       70

PRECIPITATION (IN)
  YESTERDAY        0.00   1.74 1905   0.07  -0.07     0.00
  MONTH TO DATE    T                  0.14  -0.14     0.00
  SINCE JUN 1      6.05               3.30   2.75     1.67
  SINCE JAN 1     11.23              11.35  -0.12    10.39

SNOWFALL (IN)
  YESTERDAY        0.0                0.0    0.0      0.0
  MONTH TO DATE    0.0                0.0    0.0      0.0
  SINCE JUN 1      0.0                0.0    0.0      0.0
  SINCE JUL 1      0.0                0.0    0.0      0.0
  SNOW DEPTH       0

DEGREE DAYS
 HEATING
  YESTERDAY        1                  1      0        0
  MONTH TO DATE    4                  2      2        0
  SINCE JUN 1    112                 90     22       58
  SINCE JUL 1      4                  2      2        0

 COOLING
  YESTERDAY        0                  6     -6        5
  MONTH TO DATE    0                 12    -12       12
  SINCE JUN 1     28                103    -75      107
  SINCE JAN 1     56                121    -65      131
...........................................................


WIND (MPH)
  HIGHEST GUST SPEED    16   HIGHEST GUST DIRECTION     E (100)



WEATHER CONDITIONS
 THE FOLLOWING WEATHER WAS RECORDED YESTERDAY.
  NO SIGNIFICANT WEATHER WAS OBSERVED.


..........................................................


THE EAST RAPID CITY SD CLIMATE NORMALS FOR TODAY
                         NORMAL    RECORD    YEAR
 MAXIMUM TEMPERATURE (F)   82       104      1936
 MINIMUM TEMPERATURE (F)   60        43      1915


SUNRISE AND SUNSET
JULY  3 2014..........SUNRISE   515 AM MDT   SUNSET   839 PM MDT
JULY  4 2014..........SUNRISE   515 AM MDT   SUNSET   839 PM MDT


-  INDICATES NEGATIVE NUMBERS.
R  INDICATES RECORD WAS SET OR TIED.
MM INDICATES DATA IS MISSING.
T  INDICATES TRACE AMOUNT.




$$
