000
CDUS43 KUNR 240832
CLIUNR


CLIMATE REPORT
NATIONAL WEATHER SERVICE RAPID CITY SD
231 AM MDT FRI JUL 24 2015


...................................

...THE EAST RAPID CITY SD CLIMATE SUMMARY FOR JULY 23 2015...

CLIMATE NORMAL PERIOD 1981 TO 2010
CLIMATE RECORD PERIOD 1888 TO 2015


WEATHER ITEM   OBSERVED RECORD YEAR NORMAL DEPARTURE LAST
                VALUE   VALUE       VALUE  FROM      YEAR
                                           NORMAL
...........................................................
TEMPERATURE (F)
 YESTERDAY
  MAXIMUM         96    106    1936  85     11       84
  MINIMUM         62     50    1911  63     -1       60
  AVERAGE         79                 74      5       72

PRECIPITATION (IN)
  YESTERDAY        0.00   1.20 1969   0.08  -0.08     0.46
  MONTH TO DATE    2.12               1.74   0.38     1.42
  SINCE JUN 1      8.99               4.90   4.09     7.47
  SINCE JAN 1     18.35              12.95   5.40    12.65

SNOWFALL (IN)
  YESTERDAY        0.0    0.0  2002   0.0    0.0      0.0
                               2001
                               2000
  MONTH TO DATE    0.0                0.0    0.0      0.0
  SINCE JUN 1      0.0                0.0    0.0      0.0
  SINCE JUL 1      0.0                0.0    0.0      0.0
  SNOW DEPTH       0

DEGREE DAYS
 HEATING
  YESTERDAY        0                  0      0        0
  MONTH TO DATE    1                  6     -5       11
  SINCE JUN 1     34                 94    -60      119
  SINCE JUL 1      1                  6     -5       11

 COOLING
  YESTERDAY       14                  9      5        7
  MONTH TO DATE  152                185    -33      153
  SINCE JUN 1    259                276    -17      181
  SINCE JAN 1    267                294    -27      209
...........................................................


WIND (MPH)
  HIGHEST GUST SPEED    28   HIGHEST GUST DIRECTION    NW (320)



WEATHER CONDITIONS
 THE FOLLOWING WEATHER WAS RECORDED YESTERDAY.
  NO SIGNIFICANT WEATHER WAS OBSERVED.


..........................................................


THE EAST RAPID CITY SD CLIMATE NORMALS FOR TODAY
                         NORMAL    RECORD    YEAR
 MAXIMUM TEMPERATURE (F)   86       105      1952
 MINIMUM TEMPERATURE (F)   63        46      1911


SUNRISE AND SUNSET
JULY 24 2015..........SUNRISE   532 AM MDT   SUNSET   826 PM MDT
JULY 25 2015..........SUNRISE   533 AM MDT   SUNSET   825 PM MDT


-  INDICATES NEGATIVE NUMBERS.
R  INDICATES RECORD WAS SET OR TIED.
MM INDICATES DATA IS MISSING.
T  INDICATES TRACE AMOUNT.




$$
