000
CDUS43 KUNR 150832
CLIUNR


CLIMATE REPORT
NATIONAL WEATHER SERVICE RAPID CITY SD
131 AM MST WED FEB 15 2017


...................................

...THE EAST RAPID CITY SD CLIMATE SUMMARY FOR FEBRUARY 14 2017...

CLIMATE NORMAL PERIOD 1981 TO 2010
CLIMATE RECORD PERIOD 1888 TO 2017


WEATHER ITEM   OBSERVED RECORD YEAR NORMAL DEPARTURE LAST
                VALUE   VALUE       VALUE  FROM      YEAR
                                           NORMAL
...........................................................
TEMPERATURE (F)
 YESTERDAY
  MAXIMUM         48     70    1921  38     10       42
  MINIMUM         33    -31    1936  18     15       36
  AVERAGE         41                 28     13       39

PRECIPITATION (IN)
  YESTERDAY        0.00   0.86 1889   0.02  -0.02      T
  MONTH TO DATE    0.18               0.23  -0.05     0.38
  SINCE DEC 1      1.35               0.84   0.51     1.28
  SINCE JAN 1      0.53               0.52   0.01     0.55

SNOWFALL (IN)
  YESTERDAY        0.0   10.0  1889   0.2   -0.2       T
  MONTH TO DATE    4.8                3.5    1.3      3.8
  SINCE DEC 1     25.0               14.2   10.8     21.8
  SINCE JUL 1     28.7               22.8    5.9     27.8
  SNOW DEPTH       0

DEGREE DAYS
 HEATING
  YESTERDAY       24                 37    -13       26
  MONTH TO DATE  527                529     -2      426
  SINCE DEC 1   3221               2877    344     2652
  SINCE JUL 1   4252               4457   -205     3910

 COOLING
  YESTERDAY        0                  0      0        0
  MONTH TO DATE    0                  0      0        0
  SINCE DEC 1      0                  0      0        0
  SINCE JAN 1      0                  0      0        0
...........................................................


WIND (MPH)
  HIGHEST GUST SPEED    30   HIGHEST GUST DIRECTION     N (360)



WEATHER CONDITIONS
 THE FOLLOWING WEATHER WAS RECORDED YESTERDAY.
  NO SIGNIFICANT WEATHER WAS OBSERVED.


..........................................................


THE EAST RAPID CITY SD CLIMATE NORMALS FOR TODAY
                         NORMAL    RECORD    YEAR
 MAXIMUM TEMPERATURE (F)   38        66      2011
 MINIMUM TEMPERATURE (F)   18       -26      1936


SUNRISE AND SUNSET
FEBRUARY 15 2017......SUNRISE   652 AM MST   SUNSET   523 PM MST
FEBRUARY 16 2017......SUNRISE   650 AM MST   SUNSET   524 PM MST


-  INDICATES NEGATIVE NUMBERS.
R  INDICATES RECORD WAS SET OR TIED.
MM INDICATES DATA IS MISSING.
T  INDICATES TRACE AMOUNT.




$$
