000
CDUS43 KUNR 180036
CLIUNR


CLIMATE REPORT
NATIONAL WEATHER SERVICE RAPID CITY SD
536 PM MST SAT JAN 17 2015


...................................

...THE EAST RAPID CITY SD CLIMATE SUMMARY FOR JANUARY 17 2015...
VALID TODAY AS OF 0500 PM LOCAL TIME.

CLIMATE NORMAL PERIOD 1981 TO 2010
CLIMATE RECORD PERIOD 1888 TO 2015


WEATHER ITEM   OBSERVED RECORD YEAR NORMAL DEPARTURE LAST
                VALUE   VALUE       VALUE  FROM      YEAR
                                           NORMAL
...........................................................
TEMPERATURE (F)
 TODAY
  MAXIMUM         47     64    1946  38      9       52
  MINIMUM         35    -33    1930  16     19       23
  AVERAGE         41                 27     14       38

PRECIPITATION (IN)
  TODAY            T      0.25 1898   0.00   0.00     0.00
  MONTH TO DATE    0.10               0.14  -0.04     0.15
  SINCE DEC 1      0.48               0.46   0.02     0.69
  SINCE JAN 1      0.10               0.14  -0.04     0.15

SNOWFALL (IN)
  TODAY            T      2.6  1898   0.2   -0.2      0.0
  MONTH TO DATE    2.1                2.7   -0.6      2.5
  SINCE DEC 1      9.6                7.9    1.7     11.7
  SINCE JUL 1     24.9               16.5    8.4     41.5
  SNOW DEPTH       0

DEGREE DAYS
 HEATING
  TODAY           24                 38    -14       27
  MONTH TO DATE  698                646     52      623
  SINCE DEC 1   1762               1813    -51     1970
  SINCE JUL 1   3376               3393    -17     3559

 COOLING
  TODAY            0                  0      0        0
  MONTH TO DATE    0                  0      0        0
  SINCE DEC 1      0                  0      0        0
  SINCE JAN 1      0                  0      0        0
...........................................................





WEATHER CONDITIONS
 THE FOLLOWING WEATHER WAS RECORDED TODAY.
  LIGHT SNOW


..........................................................


THE EAST RAPID CITY SD CLIMATE NORMALS FOR TOMORROW
                         NORMAL    RECORD    YEAR
 MAXIMUM TEMPERATURE (F)   38        63      1914
 MINIMUM TEMPERATURE (F)   16       -25      1892


SUNRISE AND SUNSET
JANUARY 17 2015.......SUNRISE   724 AM MST   SUNSET   443 PM MST
JANUARY 18 2015.......SUNRISE   723 AM MST   SUNSET   444 PM MST


-  INDICATES NEGATIVE NUMBERS.
R  INDICATES RECORD WAS SET OR TIED.
MM INDICATES DATA IS MISSING.
T  INDICATES TRACE AMOUNT.




$$
