000
CDUS43 KUNR 141843
CLIUNR


CLIMATE REPORT
NATIONAL WEATHER SERVICE RAPID CITY SD
1243 PM MDT SUN AUG 14 2016


...................................

...THE EAST RAPID CITY SD CLIMATE SUMMARY FOR AUGUST 14 2016...
VALID AS OF 1100 AM LOCAL TIME.

CLIMATE NORMAL PERIOD 1981 TO 2010
CLIMATE RECORD PERIOD 1888 TO 2016


WEATHER ITEM   OBSERVED RECORD YEAR NORMAL DEPARTURE LAST
                VALUE   VALUE       VALUE  FROM      YEAR
                                           NORMAL
...........................................................
TEMPERATURE (F)
 TODAY
  MAXIMUM         81    106    1935  84     -3       94
  MINIMUM         59     48    1895  61     -2       72
  AVERAGE         70                 72     -2       83

PRECIPITATION (IN)
  TODAY            0.00   1.73 1948   0.07  -0.07     0.00
  MONTH TO DATE    1.28               1.06   0.22     0.09
  SINCE JUN 1      4.72               6.72  -2.00    10.58
  SINCE JAN 1      9.26              14.77  -5.51    19.94

SNOWFALL (IN)
  TODAY            0.0    0.0  2002   0.0    0.0      0.0
                               2001
                               2000
  MONTH TO DATE    0.0                0.0    0.0      0.0
  SINCE JUN 1      0.0                0.0    0.0      0.0
  SINCE JUL 1      0.0                0.0    0.0      0.0
  SNOW DEPTH       0

DEGREE DAYS
 HEATING
  TODAY            0                  0      0        0
  MONTH TO DATE    0                  0      0        0
  SINCE JUN 1      6                100    -94       34
  SINCE JUL 1      1                 12    -11        1

 COOLING
  TODAY            5                  8     -3       18
  MONTH TO DATE  123                120      3      142
  SINCE JUN 1    653                471    182      472
  SINCE JAN 1    659                489    170      480
...........................................................





WEATHER CONDITIONS
 THE FOLLOWING WEATHER WAS RECORDED TODAY.
  NO SIGNIFICANT WEATHER WAS OBSERVED.


..........................................................


THE EAST RAPID CITY SD CLIMATE NORMALS FOR TOMORROW
                         NORMAL    RECORD    YEAR
 MAXIMUM TEMPERATURE (F)   84       103      1929
 MINIMUM TEMPERATURE (F)   60        47      1959


SUNRISE AND SUNSET
AUGUST 14 2016........SUNRISE   556 AM MDT   SUNSET   758 PM MDT
AUGUST 15 2016........SUNRISE   557 AM MDT   SUNSET   756 PM MDT


-  INDICATES NEGATIVE NUMBERS.
R  INDICATES RECORD WAS SET OR TIED.
MM INDICATES DATA IS MISSING.
T  INDICATES TRACE AMOUNT.




$$
