000
CDUS43 KUNR 260039
CLIUNR


CLIMATE REPORT
NATIONAL WEATHER SERVICE RAPID CITY SD
639 PM MDT THU SEP 25 2014


...................................

...THE EAST RAPID CITY SD CLIMATE SUMMARY FOR SEPTEMBER 25 2014...
VALID TODAY AS OF 0500 PM LOCAL TIME.

CLIMATE NORMAL PERIOD 1981 TO 2010
CLIMATE RECORD PERIOD 1888 TO 2014


WEATHER ITEM   OBSERVED RECORD YEAR NORMAL DEPARTURE LAST
                VALUE   VALUE       VALUE  FROM      YEAR
                                           NORMAL
...........................................................
TEMPERATURE (F)
 TODAY
  MAXIMUM         90     93    1894  68     22       80
  MINIMUM         54     15    1926  46      8       53
  AVERAGE         72                 57     15       67

PRECIPITATION (IN)
  TODAY            0.00   1.00 1959   0.05  -0.05      T
  MONTH TO DATE    1.01               1.31  -0.30     0.89
  SINCE SEP 1      1.01               1.31  -0.30     0.89
  SINCE JAN 1     18.41              16.99   1.42    16.64

SNOWFALL (IN)
  TODAY            0.0                0.0    0.0      0.0
  MONTH TO DATE    1.6                0.0    1.6      0.0
  SINCE SEP 1      1.6                0.0    1.6      0.0
  SINCE JUL 1      1.6                0.0    1.6      0.0
  SNOW DEPTH       0

DEGREE DAYS
 HEATING
  TODAY            0                  9     -9        0
  MONTH TO DATE  153                126     27       42
  SINCE SEP 1    153                126     27       42
  SINCE JUL 1    177                156     21       48

 COOLING
  TODAY            7                  1      6        2
  MONTH TO DATE   63                 64     -1      141
  SINCE SEP 1     63                 64     -1      141
  SINCE JAN 1    499                659   -160      826
...........................................................





WEATHER CONDITIONS
 THE FOLLOWING WEATHER WAS RECORDED TODAY.
  NO SIGNIFICANT WEATHER WAS OBSERVED.


..........................................................


THE EAST RAPID CITY SD CLIMATE NORMALS FOR TOMORROW
                         NORMAL    RECORD    YEAR
 MAXIMUM TEMPERATURE (F)   67        92      1963
 MINIMUM TEMPERATURE (F)   45        19      1934


SUNRISE AND SUNSET
SEPTEMBER 25 2014.....SUNRISE   643 AM MDT   SUNSET   645 PM MDT
SEPTEMBER 26 2014.....SUNRISE   645 AM MDT   SUNSET   643 PM MDT


-  INDICATES NEGATIVE NUMBERS.
R  INDICATES RECORD WAS SET OR TIED.
MM INDICATES DATA IS MISSING.
T  INDICATES TRACE AMOUNT.




$$
