000
CDUS43 KUNR 060850
CLIUNR


CLIMATE REPORT
NATIONAL WEATHER SERVICE RAPID CITY SD
150 AM MST SAT FEB 6 2016


...................................

...THE EAST RAPID CITY SD CLIMATE SUMMARY FOR FEBRUARY 5 2016...

CLIMATE NORMAL PERIOD 1981 TO 2010
CLIMATE RECORD PERIOD 1888 TO 2016


WEATHER ITEM   OBSERVED RECORD YEAR NORMAL DEPARTURE LAST
                VALUE   VALUE       VALUE  FROM      YEAR
                                           NORMAL
...........................................................
TEMPERATURE (F)
 YESTERDAY
  MAXIMUM         41     67    1963  37      4       52
  MINIMUM         29    -20    1936  17     12       14
  AVERAGE         35                 27      8       33

PRECIPITATION (IN)
  YESTERDAY        T      0.29 1890   0.02  -0.02     0.00
  MONTH TO DATE    0.24               0.09   0.15     0.01
  SINCE DEC 1      1.14               0.70   0.44     0.54
  SINCE JAN 1      0.41               0.38   0.03     0.16

SNOWFALL (IN)
  YESTERDAY        T      2.1  1929   0.2   -0.2      0.0
  MONTH TO DATE    3.8                1.3    2.5      0.4
  SINCE DEC 1     21.8               12.0    9.8     12.2
  SINCE JUL 1     27.8               20.6    7.2     27.5
  SNOW DEPTH       T

DEGREE DAYS
 HEATING
  YESTERDAY       30                 38     -8       32
  MONTH TO DATE  183                190     -7      222
  SINCE DEC 1   2409               2538   -129     2312
  SINCE JUL 1   3667               4118   -451     3926

 COOLING
  YESTERDAY        0                  0      0        0
  MONTH TO DATE    0                  0      0        0
  SINCE DEC 1      0                  0      0        0
  SINCE JAN 1      0                  0      0        0
...........................................................


WIND (MPH)
  HIGHEST GUST SPEED    43   HIGHEST GUST DIRECTION    NW (330)



WEATHER CONDITIONS
 THE FOLLOWING WEATHER WAS RECORDED YESTERDAY.
  NO SIGNIFICANT WEATHER WAS OBSERVED.


..........................................................


THE EAST RAPID CITY SD CLIMATE NORMALS FOR TODAY
                         NORMAL    RECORD    YEAR
 MAXIMUM TEMPERATURE (F)   37        73      2015
 MINIMUM TEMPERATURE (F)   17       -24      1936


SUNRISE AND SUNSET
FEBRUARY  6 2016......SUNRISE   705 AM MST   SUNSET   509 PM MST
FEBRUARY  7 2016......SUNRISE   704 AM MST   SUNSET   511 PM MST


-  INDICATES NEGATIVE NUMBERS.
R  INDICATES RECORD WAS SET OR TIED.
MM INDICATES DATA IS MISSING.
T  INDICATES TRACE AMOUNT.




$$
