000
CDUS43 KUNR 231831
CLIUNR


CLIMATE REPORT
NATIONAL WEATHER SERVICE RAPID CITY SD
1230 PM MDT SAT APR 23 2016


...................................

...THE EAST RAPID CITY SD CLIMATE SUMMARY FOR APRIL 23 2016...
VALID AS OF 1100 AM LOCAL TIME.

CLIMATE NORMAL PERIOD 1981 TO 2010
CLIMATE RECORD PERIOD 1888 TO 2016


WEATHER ITEM   OBSERVED RECORD YEAR NORMAL DEPARTURE LAST
                VALUE   VALUE       VALUE  FROM      YEAR
                                           NORMAL
...........................................................
TEMPERATURE (F)
 TODAY
  MAXIMUM         78     85    1906  58     20       67
  MINIMUM         52     16    1902  37     15       32
  AVERAGE         65                 48     17       50

PRECIPITATION (IN)
  TODAY            0.00   1.63 1932   0.08  -0.08     0.17
  MONTH TO DATE    0.42               1.46  -1.04     0.68
  SINCE MAR 1      1.47               2.45  -0.98     0.78
  SINCE JAN 1      2.28               3.22  -0.94     1.33

SNOWFALL (IN)
  TODAY            0.0   12.0  1958   0.2   -0.2      0.0
  MONTH TO DATE    1.2                7.4   -6.2       T
  SINCE MAR 1      9.1               19.2  -10.1      1.4
  SINCE JUL 1     39.0               45.9   -6.9     37.1
  SNOW DEPTH       0

DEGREE DAYS
 HEATING
  TODAY            0                 17    -17       15
  MONTH TO DATE  339                492   -153      416
  SINCE MAR 1   1024               1400   -376     1041
  SINCE JUL 1   5273               6354  -1081     5737

 COOLING
  TODAY            0                  0      0        0
  MONTH TO DATE    0                  0      0        0
  SINCE MAR 1      0                  0      0        6
  SINCE JAN 1      0                  0      0        6
...........................................................





WEATHER CONDITIONS
 THE FOLLOWING WEATHER WAS RECORDED TODAY.
  NO SIGNIFICANT WEATHER WAS OBSERVED.


..........................................................


THE EAST RAPID CITY SD CLIMATE NORMALS FOR TOMORROW
                         NORMAL    RECORD    YEAR
 MAXIMUM TEMPERATURE (F)   59        88      1962
 MINIMUM TEMPERATURE (F)   37        23      1907


SUNRISE AND SUNSET
APRIL 23 2016.........SUNRISE   556 AM MDT   SUNSET   747 PM MDT
APRIL 24 2016.........SUNRISE   554 AM MDT   SUNSET   749 PM MDT


-  INDICATES NEGATIVE NUMBERS.
R  INDICATES RECORD WAS SET OR TIED.
MM INDICATES DATA IS MISSING.
T  INDICATES TRACE AMOUNT.




$$
