000
CDUS43 KUNR 170040
CLIUNR


CLIMATE REPORT
NATIONAL WEATHER SERVICE RAPID CITY SD
640 PM MDT SAT MAY 16 2015


...................................

...THE EAST RAPID CITY SD CLIMATE SUMMARY FOR MAY 16 2015...
VALID TODAY AS OF 0500 PM LOCAL TIME.

CLIMATE NORMAL PERIOD 1981 TO 2010
CLIMATE RECORD PERIOD 1888 TO 2015


WEATHER ITEM   OBSERVED RECORD YEAR NORMAL DEPARTURE LAST
                VALUE   VALUE       VALUE  FROM      YEAR
                                           NORMAL
...........................................................
TEMPERATURE (F)
 TODAY
  MAXIMUM         72     90    2012  66      6       57
                               1934
  MINIMUM         47     32    2009  45      2       41
                               1942
  AVERAGE         60                 56      4       49

PRECIPITATION (IN)
  TODAY            0.00   0.70 1957   0.13  -0.13     0.01
  MONTH TO DATE    4.04               1.94   2.10     0.84
  SINCE MAR 1      5.09               5.03   0.06     3.65
  SINCE JAN 1      5.64               5.80  -0.16     4.16

SNOWFALL (IN)
  TODAY            0.0    1.0  1942   0.1   -0.1      0.0
  MONTH TO DATE   13.6                1.7   11.9      0.6
  SINCE MAR 1     15.0               22.3   -7.3     23.4
  SINCE JUL 1     50.7               49.0    1.7     73.5
  SNOW DEPTH       0

DEGREE DAYS
 HEATING
  TODAY            5                 10     -5       16
  MONTH TO DATE  216                193     23      275
  SINCE MAR 1   1355               1705   -350     1900
  SINCE JUL 1   6051               6659   -608     7248

 COOLING
  TODAY            0                  0      0        0
  MONTH TO DATE    2                  0      2        0
  SINCE MAR 1      8                  1      7        0
  SINCE JAN 1      8                  1      7        0
...........................................................





WEATHER CONDITIONS
 THE FOLLOWING WEATHER WAS RECORDED TODAY.
  NO SIGNIFICANT WEATHER WAS OBSERVED.


..........................................................


THE EAST RAPID CITY SD CLIMATE NORMALS FOR TOMORROW
                         NORMAL    RECORD    YEAR
 MAXIMUM TEMPERATURE (F)   67        91      1964
 MINIMUM TEMPERATURE (F)   46        31      1888


SUNRISE AND SUNSET
MAY 16 2015...........SUNRISE   526 AM MDT   SUNSET   813 PM MDT
MAY 17 2015...........SUNRISE   525 AM MDT   SUNSET   814 PM MDT


-  INDICATES NEGATIVE NUMBERS.
R  INDICATES RECORD WAS SET OR TIED.
MM INDICATES DATA IS MISSING.
T  INDICATES TRACE AMOUNT.




$$
