000
CDUS43 KUNR 160842
CLIUNR


CLIMATE REPORT
NATIONAL WEATHER SERVICE RAPID CITY SD
240 AM MDT SAT JUL 16 2016


...................................

...THE EAST RAPID CITY SD CLIMATE SUMMARY FOR JULY 15 2016...

CLIMATE NORMAL PERIOD 1981 TO 2010
CLIMATE RECORD PERIOD 1888 TO 2016


WEATHER ITEM   OBSERVED RECORD YEAR NORMAL DEPARTURE LAST
                VALUE   VALUE       VALUE  FROM      YEAR
                                           NORMAL
...........................................................
TEMPERATURE (F)
 YESTERDAY
  MAXIMUM         81    106    2006  85     -4       81
  MINIMUM         57     42    1912  62     -5       60
  AVERAGE         69                 73     -4       71

PRECIPITATION (IN)
  YESTERDAY        0.20   1.25 2001   0.07   0.13     1.07
  MONTH TO DATE    1.69               1.09   0.60     2.09
  SINCE JUN 1      2.27               4.25  -1.98     8.96
  SINCE JAN 1      6.81              12.30  -5.49    18.32

SNOWFALL (IN)
  YESTERDAY        0.0    T    2001   0.0    0.0      0.0
  MONTH TO DATE    0.0                0.0    0.0      0.0
  SINCE JUN 1      0.0                0.0    0.0      0.0
  SINCE JUL 1      0.0                0.0    0.0      0.0
  SNOW DEPTH       0

DEGREE DAYS
 HEATING
  YESTERDAY        0                  0      0        0
  MONTH TO DATE    1                  6     -5        1
  SINCE JUN 1      6                 94    -88       34
  SINCE JUL 1      1                  6     -5        1

 COOLING
  YESTERDAY        4                  9     -5        6
  MONTH TO DATE  107                113     -6       99
  SINCE JUN 1    352                204    148      206
  SINCE JAN 1    358                222    136      214
...........................................................


WIND (MPH)
  HIGHEST GUST SPEED    30   HIGHEST GUST DIRECTION    SE (150)



WEATHER CONDITIONS
 THE FOLLOWING WEATHER WAS RECORDED YESTERDAY.
  THUNDERSTORM
  RAIN
  LIGHT RAIN


..........................................................


THE EAST RAPID CITY SD CLIMATE NORMALS FOR TODAY
                         NORMAL    RECORD    YEAR
 MAXIMUM TEMPERATURE (F)   85       105      2005
 MINIMUM TEMPERATURE (F)   62        48      1950


SUNRISE AND SUNSET
JULY 16 2016..........SUNRISE   525 AM MDT   SUNSET   832 PM MDT
JULY 17 2016..........SUNRISE   526 AM MDT   SUNSET   832 PM MDT


-  INDICATES NEGATIVE NUMBERS.
R  INDICATES RECORD WAS SET OR TIED.
MM INDICATES DATA IS MISSING.
T  INDICATES TRACE AMOUNT.




$$
