000
CDUS43 KUNR 111833
CLIUNR


CLIMATE REPORT
NATIONAL WEATHER SERVICE RAPID CITY SD
1133 AM MST SAT MAR 11 2017


...................................

...THE EAST RAPID CITY SD CLIMATE SUMMARY FOR MARCH 11 2017...
VALID AS OF 1100 AM LOCAL TIME.

CLIMATE NORMAL PERIOD 1981 TO 2010
CLIMATE RECORD PERIOD 1888 TO 2017


WEATHER ITEM   OBSERVED RECORD YEAR NORMAL DEPARTURE LAST
                VALUE   VALUE       VALUE  FROM      YEAR
                                           NORMAL
...........................................................
TEMPERATURE (F)
 TODAY
  MAXIMUM         16     76    1900  45    -29       66
  MINIMUM          9    -15    1998  24    -15       40
  AVERAGE         13                 34    -21       53

PRECIPITATION (IN)
  TODAY            T      0.31 1896   0.03  -0.03     0.00
  MONTH TO DATE    T                  0.25  -0.25     0.04
  SINCE MAR 1      T                  0.25  -0.25     0.04
  SINCE JAN 1      0.79               1.02  -0.23     0.85

SNOWFALL (IN)
  TODAY            T      3.5  1896   0.4   -0.4      0.0
  MONTH TO DATE    0.2                3.8   -3.6       T
  SINCE MAR 1      0.2                3.8   -3.6       T
  SINCE JUL 1     33.4               30.5    2.9     29.9
  SNOW DEPTH       T

DEGREE DAYS
 HEATING
  TODAY           52                 31     21       12
  MONTH TO DATE  336                353    -17      203
  SINCE MAR 1    336                353    -17      203
  SINCE JUL 1   4932               5307   -375     4452

 COOLING
  TODAY            0                  0      0        0
  MONTH TO DATE    0                  0      0        0
  SINCE MAR 1      0                  0      0        0
  SINCE JAN 1      0                  0      0        0
...........................................................





WEATHER CONDITIONS
 THE FOLLOWING WEATHER WAS RECORDED TODAY.
  LIGHT SNOW


..........................................................


THE EAST RAPID CITY SD CLIMATE NORMALS FOR TOMORROW
                         NORMAL    RECORD    YEAR
 MAXIMUM TEMPERATURE (F)   45        79      2007
 MINIMUM TEMPERATURE (F)   24        -8      1956


SUNRISE AND SUNSET
MARCH 11 2017.........SUNRISE   612 AM MST   SUNSET   554 PM MST
MARCH 12 2017.........SUNRISE   710 AM MDT   SUNSET   656 PM MDT


-  INDICATES NEGATIVE NUMBERS.
R  INDICATES RECORD WAS SET OR TIED.
MM INDICATES DATA IS MISSING.
T  INDICATES TRACE AMOUNT.




$$
