000
CDUS43 KUNR 280839
CLIUNR


CLIMATE REPORT
NATIONAL WEATHER SERVICE RAPID CITY SD
137 AM MST MON NOV 28 2016


...................................

...THE EAST RAPID CITY SD CLIMATE SUMMARY FOR NOVEMBER 27 2016...

CLIMATE NORMAL PERIOD 1981 TO 2010
CLIMATE RECORD PERIOD 1888 TO 2016


WEATHER ITEM   OBSERVED RECORD YEAR NORMAL DEPARTURE LAST
                VALUE   VALUE       VALUE  FROM      YEAR
                                           NORMAL
...........................................................
TEMPERATURE (F)
 YESTERDAY
  MAXIMUM         47     72    1949  40      7       28
  MINIMUM         24     -5    1955  23      1       10
  AVERAGE         36                 32      4       19

PRECIPITATION (IN)
  YESTERDAY        0.00   0.31 1905   0.01  -0.01     0.00
  MONTH TO DATE    0.17               0.57  -0.40     0.14
  SINCE SEP 1      1.60               3.76  -2.16     1.50
  SINCE JAN 1     12.90              19.44  -6.54    23.60

SNOWFALL (IN)
  YESTERDAY        0.0    2.8  1905   0.1   -0.1      0.0
  MONTH TO DATE    3.0                5.6   -2.6      3.7
  SINCE SEP 1      3.0                8.0   -5.0      3.7
  SINCE JUL 1      3.0                8.0   -5.0      3.7
  SNOW DEPTH       0

DEGREE DAYS
 HEATING
  YESTERDAY       29                 33     -4       46
  MONTH TO DATE  461                748   -287      663
  SINCE SEP 1    902               1447   -545     1090
  SINCE JUL 1    927               1477   -550     1120

 COOLING
  YESTERDAY        0                  0      0        0
  MONTH TO DATE    0                  0      0        0
  SINCE SEP 1     53                 70    -17      139
  SINCE JAN 1    813                665    148      716
...........................................................


WIND (MPH)
  HIGHEST GUST SPEED    39   HIGHEST GUST DIRECTION    NW (320)



WEATHER CONDITIONS
 THE FOLLOWING WEATHER WAS RECORDED YESTERDAY.
  NO SIGNIFICANT WEATHER WAS OBSERVED.


..........................................................


THE EAST RAPID CITY SD CLIMATE NORMALS FOR TODAY
                         NORMAL    RECORD    YEAR
 MAXIMUM TEMPERATURE (F)   40        68      1932
 MINIMUM TEMPERATURE (F)   23        -9      1896


SUNRISE AND SUNSET
NOVEMBER 28 2016......SUNRISE   705 AM MST   SUNSET   417 PM MST
NOVEMBER 29 2016......SUNRISE   706 AM MST   SUNSET   416 PM MST


-  INDICATES NEGATIVE NUMBERS.
R  INDICATES RECORD WAS SET OR TIED.
MM INDICATES DATA IS MISSING.
T  INDICATES TRACE AMOUNT.




$$
