057
CDUS43 KUNR 170834
CLIUNR


CLIMATE REPORT
NATIONAL WEATHER SERVICE RAPID CITY SD
134 AM MST TUE JAN 17 2017


...................................

...THE EAST RAPID CITY SD CLIMATE SUMMARY FOR JANUARY 16 2017...

CLIMATE NORMAL PERIOD 1981 TO 2010
CLIMATE RECORD PERIOD 1888 TO 2017


WEATHER ITEM   OBSERVED RECORD YEAR NORMAL DEPARTURE LAST
                VALUE   VALUE       VALUE  FROM      YEAR
                                           NORMAL
...........................................................
TEMPERATURE (F)
 YESTERDAY
  MAXIMUM         38     65    1972  38      0       26
  MINIMUM         23    -22    1916  16      7        0
  AVERAGE         31                 27      4       13

PRECIPITATION (IN)
  YESTERDAY        0.00   0.20 1897   0.01  -0.01     0.05
  MONTH TO DATE    0.12               0.14  -0.02     0.07
  SINCE DEC 1      0.94               0.46   0.48     0.80
  SINCE JAN 1      0.12               0.14  -0.02     0.07

SNOWFALL (IN)
  YESTERDAY        0.0    2.3  1936   0.2   -0.2      1.3
  MONTH TO DATE    3.6                2.5    1.1      1.3
  SINCE DEC 1     15.7                7.7    8.0     16.8
  SINCE JUL 1     19.4               16.3    3.1     22.8
  SNOW DEPTH       3

DEGREE DAYS
 HEATING
  YESTERDAY       34                 38     -4       52
  MONTH TO DATE  827                608    219      638
  SINCE DEC 1   2220               1775    445     1740
  SINCE JUL 1   3251               3355   -104     2998

 COOLING
  YESTERDAY        0                  0      0        0
  MONTH TO DATE    0                  0      0        0
  SINCE DEC 1      0                  0      0        0
  SINCE JAN 1      0                  0      0        0
...........................................................


WIND (MPH)
  HIGHEST GUST SPEED    21   HIGHEST GUST DIRECTION     N (360)



WEATHER CONDITIONS
 THE FOLLOWING WEATHER WAS RECORDED YESTERDAY.
  NO SIGNIFICANT WEATHER WAS OBSERVED.


..........................................................


THE EAST RAPID CITY SD CLIMATE NORMALS FOR TODAY
                         NORMAL    RECORD    YEAR
 MAXIMUM TEMPERATURE (F)   38        64      1946
 MINIMUM TEMPERATURE (F)   16       -33      1930


SUNRISE AND SUNSET
JANUARY 17 2017.......SUNRISE   723 AM MST   SUNSET   443 PM MST
JANUARY 18 2017.......SUNRISE   723 AM MST   SUNSET   445 PM MST


-  INDICATES NEGATIVE NUMBERS.
R  INDICATES RECORD WAS SET OR TIED.
MM INDICATES DATA IS MISSING.
T  INDICATES TRACE AMOUNT.




$$
