000
CDUS43 KUNR 190051
CLIUNR


CLIMATE REPORT
NATIONAL WEATHER SERVICE RAPID CITY SD
651 PM MDT SUN SEP 18 2016


...................................

...THE EAST RAPID CITY SD CLIMATE SUMMARY FOR SEPTEMBER 18 2016...
VALID TODAY AS OF 0500 PM LOCAL TIME.

CLIMATE NORMAL PERIOD 1981 TO 2010
CLIMATE RECORD PERIOD 1888 TO 2016


WEATHER ITEM   OBSERVED RECORD YEAR NORMAL DEPARTURE LAST
                VALUE   VALUE       VALUE  FROM      YEAR
                                           NORMAL
...........................................................
TEMPERATURE (F)
 TODAY
  MAXIMUM         82     96    2004  71     11       60
  MINIMUM         58     27    1901  49      9       46
  AVERAGE         70                 60     10       53

PRECIPITATION (IN)
  TODAY            0.00   1.01 1946   0.05  -0.05      T
  MONTH TO DATE    0.48               0.94  -0.46      T
  SINCE SEP 1      0.48               0.94  -0.46      T
  SINCE JAN 1     11.78              16.62  -4.84    22.10

SNOWFALL (IN)
  TODAY            0.0    0.5  1942   0.0    0.0      0.0
  MONTH TO DATE    0.0                0.0    0.0      0.0
  SINCE SEP 1      0.0                0.0    0.0      0.0
  SINCE JUL 1      0.0                0.0    0.0      0.0
  SNOW DEPTH       0

DEGREE DAYS
 HEATING
  TODAY            0                  6     -6       12
  MONTH TO DATE   56                 70    -14       24
  SINCE SEP 1     56                 70    -14       24
  SINCE JUL 1     81                100    -19       54

 COOLING
  TODAY            5                  2      3        0
  MONTH TO DATE   39                 57    -18      101
  SINCE SEP 1     39                 57    -18      101
  SINCE JAN 1    799                652    147      678
...........................................................





WEATHER CONDITIONS
 THE FOLLOWING WEATHER WAS RECORDED TODAY.
  NO SIGNIFICANT WEATHER WAS OBSERVED.


..........................................................


THE EAST RAPID CITY SD CLIMATE NORMALS FOR TOMORROW
                         NORMAL    RECORD    YEAR
 MAXIMUM TEMPERATURE (F)   71        98      1914
 MINIMUM TEMPERATURE (F)   49        30      1896


SUNRISE AND SUNSET
SEPTEMBER 18 2016.....SUNRISE   636 AM MDT   SUNSET   657 PM MDT
SEPTEMBER 19 2016.....SUNRISE   637 AM MDT   SUNSET   655 PM MDT


-  INDICATES NEGATIVE NUMBERS.
R  INDICATES RECORD WAS SET OR TIED.
MM INDICATES DATA IS MISSING.
T  INDICATES TRACE AMOUNT.




$$
