000
CDUS43 KUNR 131832
CLIUNR


CLIMATE REPORT
NATIONAL WEATHER SERVICE RAPID CITY SD
1231 PM MDT SUN APR 13 2014


...................................

...THE EAST RAPID CITY SD CLIMATE SUMMARY FOR APRIL 13 2014...
VALID AS OF 1100 AM LOCAL TIME.

CLIMATE NORMAL PERIOD 1981 TO 2010
CLIMATE RECORD PERIOD 1888 TO 2014


WEATHER ITEM   OBSERVED RECORD YEAR NORMAL DEPARTURE LAST
                VALUE   VALUE       VALUE  FROM      YEAR
                                           NORMAL
...........................................................
TEMPERATURE (F)
 TODAY
  MAXIMUM         33     83    2003  55    -22       42
                               1908
  MINIMUM         22     17    1997  33    -11       19
  AVERAGE         28                 44    -16       31

PRECIPITATION (IN)
  TODAY            0.02   3.45 1941   0.07  -0.05      T
  MONTH TO DATE    0.65               0.71  -0.06     1.58
  SINCE MAR 1      1.78               1.70   0.08     2.27
  SINCE JAN 1      2.29               2.47  -0.18     2.95

SNOWFALL (IN)
  TODAY            0.2                0.3   -0.1      0.0
  MONTH TO DATE    7.8                4.6    3.2     22.4
  SINCE MAR 1     22.2               16.4    5.8     34.2
  SINCE JUL 1     72.3               43.1   29.2     55.9
  SNOW DEPTH       T

DEGREE DAYS
 HEATING
  TODAY           37                 21     16       34
  MONTH TO DATE  304                301      3      369
  SINCE MAR 1   1324               1209    115     1313
  SINCE JUL 1   6672               6163    509     5941

 COOLING
  TODAY            0                  0      0        0
  MONTH TO DATE    0                  0      0        0
  SINCE MAR 1      0                  0      0        0
  SINCE JAN 1      0                  0      0        0
...........................................................





WEATHER CONDITIONS
 THE FOLLOWING WEATHER WAS RECORDED TODAY.
  LIGHT SNOW


..........................................................


THE EAST RAPID CITY SD CLIMATE NORMALS FOR TOMORROW
                         NORMAL    RECORD    YEAR
 MAXIMUM TEMPERATURE (F)   55        85      1942
 MINIMUM TEMPERATURE (F)   33        14      1928


SUNRISE AND SUNSET
APRIL 13 2014.........SUNRISE   613 AM MDT   SUNSET   735 PM MDT
APRIL 14 2014.........SUNRISE   611 AM MDT   SUNSET   736 PM MDT


-  INDICATES NEGATIVE NUMBERS.
R  INDICATES RECORD WAS SET OR TIED.
MM INDICATES DATA IS MISSING.
T  INDICATES TRACE AMOUNT.




$$
