000
CDUS43 KUNR 111832
CLIUNR


CLIMATE REPORT
NATIONAL WEATHER SERVICE RAPID CITY SD
1232 PM MDT SUN JUN 11 2017


...................................

...THE EAST RAPID CITY SD CLIMATE SUMMARY FOR JUNE 11 2017...
VALID AS OF 1100 AM LOCAL TIME.

CLIMATE NORMAL PERIOD 1981 TO 2010
CLIMATE RECORD PERIOD 1888 TO 2017


WEATHER ITEM   OBSERVED RECORD YEAR NORMAL DEPARTURE LAST
                VALUE   VALUE       VALUE  FROM      YEAR
                                           NORMAL
...........................................................
TEMPERATURE (F)
 TODAY
  MAXIMUM         73    103    1893  74     -1      101
  MINIMUM         57     37    1947  53      4       66
  AVERAGE         65                 64      1       84

PRECIPITATION (IN)
  TODAY            0.02   1.36 1901   0.11  -0.09     0.00
  MONTH TO DATE    0.30               1.52  -1.22      T
  SINCE JUN 1      0.30               1.52  -1.22      T
  SINCE JAN 1      4.93               9.57  -4.64     4.54

SNOWFALL (IN)
  TODAY            0.0    0.0  2002   0.0    0.0      0.0
                               2001
                               2000
  MONTH TO DATE    0.0                0.0    0.0      0.0
  SINCE JUN 1      0.0                0.0    0.0      0.0
  SINCE JUL 1     39.2               49.3  -10.1     41.6
  SNOW DEPTH       0

DEGREE DAYS
 HEATING
  TODAY            0                  4     -4        0
  MONTH TO DATE    0                 52    -52        5
  SINCE JUN 1      0                 52    -52        5
  SINCE JUL 1   6176               6824   -648     5719

 COOLING
  TODAY            0                  2     -2       19
  MONTH TO DATE   72                 18     54       77
  SINCE JUN 1     72                 18     54       77
  SINCE JAN 1     85                 36     49       83
...........................................................





WEATHER CONDITIONS
 THE FOLLOWING WEATHER WAS RECORDED TODAY.
  NO SIGNIFICANT WEATHER WAS OBSERVED.


..........................................................


THE EAST RAPID CITY SD CLIMATE NORMALS FOR TOMORROW
                         NORMAL    RECORD    YEAR
 MAXIMUM TEMPERATURE (F)   75        98      1952
 MINIMUM TEMPERATURE (F)   53        37      2008


SUNRISE AND SUNSET
JUNE 11 2017..........SUNRISE   509 AM MDT   SUNSET   836 PM MDT
JUNE 12 2017..........SUNRISE   509 AM MDT   SUNSET   837 PM MDT


-  INDICATES NEGATIVE NUMBERS.
R  INDICATES RECORD WAS SET OR TIED.
MM INDICATES DATA IS MISSING.
T  INDICATES TRACE AMOUNT.




$$
