512
CDUS43 KUNR 130050
CLIUNR


CLIMATE REPORT
NATIONAL WEATHER SERVICE RAPID CITY SD
549 PM MST THU JAN 12 2017


...................................

...THE EAST RAPID CITY SD CLIMATE SUMMARY FOR JANUARY 12 2017...
VALID TODAY AS OF 0500 PM LOCAL TIME.

CLIMATE NORMAL PERIOD 1981 TO 2010
CLIMATE RECORD PERIOD 1888 TO 2017


WEATHER ITEM   OBSERVED RECORD YEAR NORMAL DEPARTURE LAST
                VALUE   VALUE       VALUE  FROM      YEAR
                                           NORMAL
...........................................................
TEMPERATURE (F)
 TODAY
  MAXIMUM         14     68    1953  38    -24       45
  MINIMUM          0    -33    1916  16    -16       13
  AVERAGE          7                 27    -20       29

PRECIPITATION (IN)
  TODAY            0.00   0.15 1888   0.01  -0.01     0.00
  MONTH TO DATE    0.12               0.10   0.02      T
  SINCE DEC 1      0.94               0.42   0.52     0.73
  SINCE JAN 1      0.12               0.10   0.02      T

SNOWFALL (IN)
  TODAY            0.0    1.5  1888   0.1   -0.1      0.0
  MONTH TO DATE    3.6                1.8    1.8       T
  SINCE DEC 1     15.7                7.0    8.7     15.5
  SINCE JUL 1     19.4               15.6    3.8     21.5
  SNOW DEPTH       4

DEGREE DAYS
 HEATING
  TODAY           58                 38     20       36
  MONTH TO DATE  670                456    214      496
  SINCE DEC 1   2063               1623    440     1598
  SINCE JUL 1   3094               3203   -109     2856

 COOLING
  TODAY            0                  0      0        0
  MONTH TO DATE    0                  0      0        0
  SINCE DEC 1      0                  0      0        0
  SINCE JAN 1      0                  0      0        0
...........................................................





WEATHER CONDITIONS
 THE FOLLOWING WEATHER WAS RECORDED TODAY.
  NO SIGNIFICANT WEATHER WAS OBSERVED.


..........................................................


THE EAST RAPID CITY SD CLIMATE NORMALS FOR TOMORROW
                         NORMAL    RECORD    YEAR
 MAXIMUM TEMPERATURE (F)   38        61      1943
 MINIMUM TEMPERATURE (F)   16       -24      1888


SUNRISE AND SUNSET
JANUARY 12 2017.......SUNRISE   726 AM MST   SUNSET   437 PM MST
JANUARY 13 2017.......SUNRISE   725 AM MST   SUNSET   438 PM MST


-  INDICATES NEGATIVE NUMBERS.
R  INDICATES RECORD WAS SET OR TIED.
MM INDICATES DATA IS MISSING.
T  INDICATES TRACE AMOUNT.




$$
