000
CDUS43 KUNR 250039
CLIUNR


CLIMATE REPORT
NATIONAL WEATHER SERVICE RAPID CITY SD
639 PM MDT WED SEP 24 2014


...................................

...THE EAST RAPID CITY SD CLIMATE SUMMARY FOR SEPTEMBER 24 2014...
VALID TODAY AS OF 0500 PM LOCAL TIME.

CLIMATE NORMAL PERIOD 1981 TO 2010
CLIMATE RECORD PERIOD 1888 TO 2014


WEATHER ITEM   OBSERVED RECORD YEAR NORMAL DEPARTURE LAST
                VALUE   VALUE       VALUE  FROM      YEAR
                                           NORMAL
...........................................................
TEMPERATURE (F)
 TODAY
  MAXIMUM         86     88    1938  68     18       75
  MINIMUM         65     16    1926  46     19       51
  AVERAGE         76                 57     19       63

PRECIPITATION (IN)
  TODAY            0.00   0.68 1900   0.06  -0.06     0.00
  MONTH TO DATE    1.01               1.26  -0.25     0.89
  SINCE SEP 1      1.01               1.26  -0.25     0.89
  SINCE JAN 1     18.41              16.94   1.47    16.64

SNOWFALL (IN)
  TODAY            0.0                0.0    0.0      0.0
  MONTH TO DATE    1.6                0.0    1.6      0.0
  SINCE SEP 1      1.6                0.0    1.6      0.0
  SINCE JUL 1      1.6                0.0    1.6      0.0
  SNOW DEPTH       0

DEGREE DAYS
 HEATING
  TODAY            0                  9     -9        2
  MONTH TO DATE  153                117     36       42
  SINCE SEP 1    153                117     36       42
  SINCE JUL 1    177                147     30       48

 COOLING
  TODAY           11                  1     10        0
  MONTH TO DATE   56                 63     -7      139
  SINCE SEP 1     56                 63     -7      139
  SINCE JAN 1    492                658   -166      824
...........................................................





WEATHER CONDITIONS
 THE FOLLOWING WEATHER WAS RECORDED TODAY.
  NO SIGNIFICANT WEATHER WAS OBSERVED.


..........................................................


THE EAST RAPID CITY SD CLIMATE NORMALS FOR TOMORROW
                         NORMAL    RECORD    YEAR
 MAXIMUM TEMPERATURE (F)   68        93      1894
 MINIMUM TEMPERATURE (F)   46        15      1926


SUNRISE AND SUNSET
SEPTEMBER 24 2014.....SUNRISE   642 AM MDT   SUNSET   646 PM MDT
SEPTEMBER 25 2014.....SUNRISE   643 AM MDT   SUNSET   645 PM MDT


-  INDICATES NEGATIVE NUMBERS.
R  INDICATES RECORD WAS SET OR TIED.
MM INDICATES DATA IS MISSING.
T  INDICATES TRACE AMOUNT.




$$
