000
CDUS43 KUNR 240038
CLIUNR


CLIMATE REPORT
NATIONAL WEATHER SERVICE RAPID CITY SD
537 PM MST MON FEB 23 2015


...................................

...THE EAST RAPID CITY SD CLIMATE SUMMARY FOR FEBRUARY 23 2015...
VALID TODAY AS OF 0500 PM LOCAL TIME.

CLIMATE NORMAL PERIOD 1981 TO 2010
CLIMATE RECORD PERIOD 1888 TO 2015


WEATHER ITEM   OBSERVED RECORD YEAR NORMAL DEPARTURE LAST
                VALUE   VALUE       VALUE  FROM      YEAR
                                           NORMAL
...........................................................
TEMPERATURE (F)
 TODAY
  MAXIMUM         44     67    1958  40      4       21
  MINIMUM          4    -14    1965  20    -16       11
  AVERAGE         24                 30     -6       16

PRECIPITATION (IN)
  TODAY            0.00   0.24 1947   0.02  -0.02     0.02
  MONTH TO DATE    0.25               0.38  -0.13     0.16
  SINCE DEC 1      0.78               0.99  -0.21     0.96
  SINCE JAN 1      0.40               0.67  -0.27     0.42

SNOWFALL (IN)
  TODAY            0.0    4.0  1947   0.3   -0.3      0.5
  MONTH TO DATE    5.8                6.0   -0.2      4.5
  SINCE DEC 1     17.6               16.7    0.9     17.8
  SINCE JUL 1     32.9               25.3    7.6     47.6
  SNOW DEPTH       0

DEGREE DAYS
 HEATING
  TODAY           41                 35      6       49
  MONTH TO DATE  767                854    -87     1011
  SINCE DEC 1   2857               3202   -345     3499
  SINCE JUL 1   4471               4782   -311     5088

 COOLING
  TODAY            0                  0      0        0
  MONTH TO DATE    0                  0      0        0
  SINCE DEC 1      0                  0      0        0
  SINCE JAN 1      0                  0      0        0
...........................................................





WEATHER CONDITIONS
 THE FOLLOWING WEATHER WAS RECORDED TODAY.
  NO SIGNIFICANT WEATHER WAS OBSERVED.


..........................................................


THE EAST RAPID CITY SD CLIMATE NORMALS FOR TOMORROW
                         NORMAL    RECORD    YEAR
 MAXIMUM TEMPERATURE (F)   41        67      1932
 MINIMUM TEMPERATURE (F)   20       -12      1922


SUNRISE AND SUNSET
FEBRUARY 23 2015......SUNRISE   640 AM MST   SUNSET   533 PM MST
FEBRUARY 24 2015......SUNRISE   638 AM MST   SUNSET   534 PM MST


-  INDICATES NEGATIVE NUMBERS.
R  INDICATES RECORD WAS SET OR TIED.
MM INDICATES DATA IS MISSING.
T  INDICATES TRACE AMOUNT.




$$
