000
CDUS43 KUNR 030831
CLIUNR


CLIMATE REPORT
NATIONAL WEATHER SERVICE RAPID CITY SD
130 AM MST SAT DEC 3 2016


...................................

...THE EAST RAPID CITY SD CLIMATE SUMMARY FOR DECEMBER 2 2016...

CLIMATE NORMAL PERIOD 1981 TO 2010
CLIMATE RECORD PERIOD 1888 TO 2016


WEATHER ITEM   OBSERVED RECORD YEAR NORMAL DEPARTURE LAST
                VALUE   VALUE       VALUE  FROM      YEAR
                                           NORMAL
...........................................................
TEMPERATURE (F)
 YESTERDAY
  MAXIMUM         38     70    1941  38      0       48
  MINIMUM         22    -17    1919  21      1       29
  AVERAGE         30                 30      0       39

PRECIPITATION (IN)
  YESTERDAY        0.00   0.39 1902   0.01  -0.01     0.00
  MONTH TO DATE    0.00               0.02  -0.02     0.24
  SINCE DEC 1      0.00               0.02  -0.02     0.24
  SINCE JAN 1     12.95              19.49  -6.54    24.00

SNOWFALL (IN)
  YESTERDAY        0.0    3.9  1902   0.2   -0.2      0.0
  MONTH TO DATE    0.0                0.4   -0.4      4.3
  SINCE DEC 1      0.0                0.4   -0.4      4.3
  SINCE JUL 1      3.7                9.0   -5.3     10.3
  SNOW DEPTH       0

DEGREE DAYS
 HEATING
  YESTERDAY       35                 35      0       26
  MONTH TO DATE   72                 70      2       62
  SINCE DEC 1     72                 70      2       62
  SINCE JUL 1   1103               1650   -547     1320

 COOLING
  YESTERDAY        0                  0      0        0
  MONTH TO DATE    0                  0      0        0
  SINCE DEC 1      0                  0      0        0
  SINCE JAN 1    813                665    148      716
...........................................................


WIND (MPH)
  HIGHEST GUST SPEED    18   HIGHEST GUST DIRECTION     N (360)



WEATHER CONDITIONS
 THE FOLLOWING WEATHER WAS RECORDED YESTERDAY.
  NO SIGNIFICANT WEATHER WAS OBSERVED.


..........................................................


THE EAST RAPID CITY SD CLIMATE NORMALS FOR TODAY
                         NORMAL    RECORD    YEAR
 MAXIMUM TEMPERATURE (F)   38        74      1941
 MINIMUM TEMPERATURE (F)   21       -13      1897


SUNRISE AND SUNSET
DECEMBER  3 2016......SUNRISE   710 AM MST   SUNSET   415 PM MST
DECEMBER  4 2016......SUNRISE   712 AM MST   SUNSET   415 PM MST


-  INDICATES NEGATIVE NUMBERS.
R  INDICATES RECORD WAS SET OR TIED.
MM INDICATES DATA IS MISSING.
T  INDICATES TRACE AMOUNT.




$$
