000
CDUS43 KUNR 200037
CLIUNR


CLIMATE REPORT
NATIONAL WEATHER SERVICE RAPID CITY SD
636 PM MDT TUE JUL 19 2016


...................................

...THE EAST RAPID CITY SD CLIMATE SUMMARY FOR JULY 19 2016...
VALID TODAY AS OF 0500 PM LOCAL TIME.

CLIMATE NORMAL PERIOD 1981 TO 2010
CLIMATE RECORD PERIOD 1888 TO 2016


WEATHER ITEM   OBSERVED RECORD YEAR NORMAL DEPARTURE LAST
                VALUE   VALUE       VALUE  FROM      YEAR
                                           NORMAL
...........................................................
TEMPERATURE (F)
 TODAY
  MAXIMUM         95    104    1936  85     10       83
  MINIMUM         65     50    1950  63      2       59
  AVERAGE         80                 74      6       71

PRECIPITATION (IN)
  TODAY            0.00   1.32 1958   0.08  -0.08     0.00
  MONTH TO DATE    2.28               1.41   0.87     2.12
  SINCE JUN 1      2.86               4.57  -1.71     8.99
  SINCE JAN 1      7.40              12.62  -5.22    18.35

SNOWFALL (IN)
  TODAY            0.0    0.0  2002   0.0    0.0      0.0
                               2001
                               2000
  MONTH TO DATE    0.0                0.0    0.0      0.0
  SINCE JUN 1      0.0                0.0    0.0      0.0
  SINCE JUL 1      0.0                0.0    0.0      0.0
  SNOW DEPTH       0

DEGREE DAYS
 HEATING
  TODAY            0                  0      0        0
  MONTH TO DATE    1                  6     -5        1
  SINCE JUN 1      6                 94    -88       34
  SINCE JUL 1      1                  6     -5        1

 COOLING
  TODAY           15                  9      6        6
  MONTH TO DATE  147                149     -2      117
  SINCE JUN 1    392                240    152      224
  SINCE JAN 1    398                258    140      232
...........................................................





WEATHER CONDITIONS
 THE FOLLOWING WEATHER WAS RECORDED TODAY.
  NO SIGNIFICANT WEATHER WAS OBSERVED.


..........................................................


THE EAST RAPID CITY SD CLIMATE NORMALS FOR TOMORROW
                         NORMAL    RECORD    YEAR
 MAXIMUM TEMPERATURE (F)   85       105      1939
 MINIMUM TEMPERATURE (F)   63        47      1915


SUNRISE AND SUNSET
JULY 19 2016..........SUNRISE   528 AM MDT   SUNSET   830 PM MDT
JULY 20 2016..........SUNRISE   529 AM MDT   SUNSET   829 PM MDT


-  INDICATES NEGATIVE NUMBERS.
R  INDICATES RECORD WAS SET OR TIED.
MM INDICATES DATA IS MISSING.
T  INDICATES TRACE AMOUNT.




$$
