818
CDUS43 KUNR 190043
CLIUNR


CLIMATE REPORT
NATIONAL WEATHER SERVICE RAPID CITY SD
642 PM MDT SAT MAR 18 2017


...................................

...THE EAST RAPID CITY SD CLIMATE SUMMARY FOR MARCH 18 2017...
VALID TODAY AS OF 0500 PM LOCAL TIME.

CLIMATE NORMAL PERIOD 1981 TO 2010
CLIMATE RECORD PERIOD 1888 TO 2017


WEATHER ITEM   OBSERVED RECORD YEAR NORMAL DEPARTURE LAST
                VALUE   VALUE       VALUE  FROM      YEAR
                                           NORMAL
...........................................................
TEMPERATURE (F)
 TODAY
  MAXIMUM         73     78    1921  47     26       33
  MINIMUM         30    -13    1923  25      5       23
  AVERAGE         52                 36     16       28

PRECIPITATION (IN)
  TODAY            0.00   0.55 2003   0.04  -0.04      T
  MONTH TO DATE    0.02               0.46  -0.44     0.04
  SINCE MAR 1      0.02               0.46  -0.44     0.04
  SINCE JAN 1      0.81               1.23  -0.42     0.85

SNOWFALL (IN)
  TODAY            0.0    5.3  1950   0.4   -0.4       T
  MONTH TO DATE    1.1                6.5   -5.4       T
  SINCE MAR 1      1.1                6.5   -5.4       T
  SINCE JUL 1     34.3               33.2    1.1     29.9
  SNOW DEPTH       0

DEGREE DAYS
 HEATING
  TODAY           13                 29    -16       37
  MONTH TO DATE  507                560    -53      348
  SINCE MAR 1    507                560    -53      348
  SINCE JUL 1   5103               5514   -411     4597

 COOLING
  TODAY            0                  0      0        0
  MONTH TO DATE    0                  0      0        0
  SINCE MAR 1      0                  0      0        0
  SINCE JAN 1      0                  0      0        0
...........................................................





WEATHER CONDITIONS
 THE FOLLOWING WEATHER WAS RECORDED TODAY.
  NO SIGNIFICANT WEATHER WAS OBSERVED.


..........................................................


THE EAST RAPID CITY SD CLIMATE NORMALS FOR TOMORROW
                         NORMAL    RECORD    YEAR
 MAXIMUM TEMPERATURE (F)   48        74      2004
 MINIMUM TEMPERATURE (F)   26        -1      1965


SUNRISE AND SUNSET
MARCH 18 2017.........SUNRISE   659 AM MDT   SUNSET   703 PM MDT
MARCH 19 2017.........SUNRISE   657 AM MDT   SUNSET   704 PM MDT


-  INDICATES NEGATIVE NUMBERS.
R  INDICATES RECORD WAS SET OR TIED.
MM INDICATES DATA IS MISSING.
T  INDICATES TRACE AMOUNT.




$$
