000
CDUS43 KUNR 060037
CLIUNR


CLIMATE REPORT
NATIONAL WEATHER SERVICE RAPID CITY SD
537 PM MST MON FEB 5 2018


...................................

...THE EAST RAPID CITY SD CLIMATE SUMMARY FOR FEBRUARY 5 2018...
VALID TODAY AS OF 0500 PM LOCAL TIME.

CLIMATE NORMAL PERIOD 1981 TO 2010
CLIMATE RECORD PERIOD 1888 TO 2018


WEATHER ITEM   OBSERVED RECORD YEAR NORMAL DEPARTURE LAST
                VALUE   VALUE       VALUE  FROM      YEAR
                                           NORMAL
...........................................................
TEMPERATURE (F)
 TODAY
  MAXIMUM         17     67    1963  37    -20       43
  MINIMUM          6    -20    1936  17    -11        8
  AVERAGE         12                 27    -15       26

PRECIPITATION (IN)
  TODAY            0.02   0.29 1890   0.02   0.00     0.00
  MONTH TO DATE    0.14               0.09   0.05     0.05
  SINCE DEC 1      0.70               0.70   0.00     1.22
  SINCE JAN 1      0.40               0.38   0.02     0.40

SNOWFALL (IN)
  TODAY            0.4    2.1  1929   0.2    0.2      0.0
  MONTH TO DATE    2.2                1.3    0.9      1.6
  SINCE DEC 1     13.3               12.0    1.3     21.8
  SINCE JUL 1     14.4               20.6   -6.2     25.5
  SNOW DEPTH       2

DEGREE DAYS
 HEATING
  TODAY           53                 38     15       39
  MONTH TO DATE  250                190     60      236
  SINCE DEC 1   2614               2538     76     2930
  SINCE JUL 1   3994               4118   -124     3961

 COOLING
  TODAY            0                  0      0        0
  MONTH TO DATE    0                  0      0        0
  SINCE DEC 1      0                  0      0        0
  SINCE JAN 1      0                  0      0        0
...........................................................





WEATHER CONDITIONS
 THE FOLLOWING WEATHER WAS RECORDED TODAY.
  LIGHT SNOW


..........................................................


THE EAST RAPID CITY SD CLIMATE NORMALS FOR TOMORROW
                         NORMAL    RECORD    YEAR
 MAXIMUM TEMPERATURE (F)   37        73      2015
 MINIMUM TEMPERATURE (F)   17       -24      1936


SUNRISE AND SUNSET
FEBRUARY  5 2018......SUNRISE   706 AM MST   SUNSET   509 PM MST
FEBRUARY  6 2018......SUNRISE   704 AM MST   SUNSET   510 PM MST


-  INDICATES NEGATIVE NUMBERS.
R  INDICATES RECORD WAS SET OR TIED.
MM INDICATES DATA IS MISSING.
T  INDICATES TRACE AMOUNT.




$$
