000
CDUS43 KUNR 150831
CLIUNR


CLIMATE REPORT
NATIONAL WEATHER SERVICE RAPID CITY SD
231 AM MDT SAT APR 15 2017


...................................

...THE EAST RAPID CITY SD CLIMATE SUMMARY FOR APRIL 14 2017...

CLIMATE NORMAL PERIOD 1981 TO 2010
CLIMATE RECORD PERIOD 1888 TO 2017


WEATHER ITEM   OBSERVED RECORD YEAR NORMAL DEPARTURE LAST
                VALUE   VALUE       VALUE  FROM      YEAR
                                           NORMAL
...........................................................
TEMPERATURE (F)
 YESTERDAY
  MAXIMUM         73     85    1942  55     18       76
  MINIMUM         48     14    1928  33     15       50
  AVERAGE         61                 44     17       63

PRECIPITATION (IN)
  YESTERDAY        0.00   0.99 1927   0.06  -0.06     0.11
  MONTH TO DATE    0.95               0.77   0.18     0.14
  SINCE MAR 1      1.75               1.76  -0.01     1.19
  SINCE JAN 1      2.54               2.53   0.01     2.00

SNOWFALL (IN)
  YESTERDAY        0.0    9.8  1927   0.4   -0.4      0.0
  MONTH TO DATE    1.4                5.0   -3.6       T
  SINCE MAR 1      2.7               16.8  -14.1      7.9
  SINCE JUL 1     35.9               43.5   -7.6     37.8
  SNOW DEPTH       0

DEGREE DAYS
 HEATING
  YESTERDAY        4                 21    -17        2
  MONTH TO DATE  233                322    -89      187
  SINCE MAR 1   1002               1230   -228      872
  SINCE JUL 1   5598               6184   -586     5121

 COOLING
  YESTERDAY        0                  0      0        0
  MONTH TO DATE    0                  0      0        0
  SINCE MAR 1      0                  0      0        0
  SINCE JAN 1      0                  0      0        0
...........................................................


WIND (MPH)
  HIGHEST GUST SPEED    37   HIGHEST GUST DIRECTION     N (360)



WEATHER CONDITIONS
 THE FOLLOWING WEATHER WAS RECORDED YESTERDAY.
  NO SIGNIFICANT WEATHER WAS OBSERVED.


..........................................................


THE EAST RAPID CITY SD CLIMATE NORMALS FOR TODAY
                         NORMAL    RECORD    YEAR
 MAXIMUM TEMPERATURE (F)   56        84      2008
                                             1913
 MINIMUM TEMPERATURE (F)   34        17      2000


SUNRISE AND SUNSET
APRIL 15 2017.........SUNRISE   609 AM MDT   SUNSET   737 PM MDT
APRIL 16 2017.........SUNRISE   607 AM MDT   SUNSET   739 PM MDT


-  INDICATES NEGATIVE NUMBERS.
R  INDICATES RECORD WAS SET OR TIED.
MM INDICATES DATA IS MISSING.
T  INDICATES TRACE AMOUNT.




$$
