000
CDUS43 KUNR 080835
CLIUNR


CLIMATE REPORT
NATIONAL WEATHER SERVICE RAPID CITY SD
231 AM MDT MON SEP 8 2014


...................................

...THE EAST RAPID CITY SD CLIMATE SUMMARY FOR SEPTEMBER 7 2014...

CLIMATE NORMAL PERIOD 1981 TO 2010
CLIMATE RECORD PERIOD 1888 TO 2014


WEATHER ITEM   OBSERVED RECORD YEAR NORMAL DEPARTURE LAST
                VALUE   VALUE       VALUE  FROM      YEAR
                                           NORMAL
...........................................................
TEMPERATURE (F)
 YESTERDAY
  MAXIMUM         84    102    1908  77      7       94
  MINIMUM         52     34    1929  54     -2       70
  AVERAGE         68                 65      3       82

PRECIPITATION (IN)
  YESTERDAY        0.00   0.55 1951   0.05  -0.05     0.00
  MONTH TO DATE    0.40               0.35   0.05     0.00
  SINCE SEP 1      0.40               0.35   0.05     0.00
  SINCE JAN 1     17.80              16.03   1.77    15.75

SNOWFALL (IN)
  YESTERDAY        0.0                0.0    0.0      0.0
  MONTH TO DATE    0.0                0.0    0.0      0.0
  SINCE SEP 1      0.0                0.0    0.0      0.0
  SINCE JUL 1      0.0                0.0    0.0      0.0
  SNOW DEPTH       0

DEGREE DAYS
 HEATING
  YESTERDAY        0                  3     -3        0
  MONTH TO DATE   16                 18     -2        0
  SINCE SEP 1     16                 18     -2        0
  SINCE JUL 1     40                 48     -8        6

 COOLING
  YESTERDAY        3                  4     -1       17
  MONTH TO DATE   15                 30    -15       89
  SINCE SEP 1     15                 30    -15       89
  SINCE JAN 1    451                625   -174      774
...........................................................


WIND (MPH)
  HIGHEST GUST SPEED    22   HIGHEST GUST DIRECTION     S (160)



WEATHER CONDITIONS
 THE FOLLOWING WEATHER WAS RECORDED YESTERDAY.
  THUNDERSTORM


..........................................................


THE EAST RAPID CITY SD CLIMATE NORMALS FOR TODAY
                         NORMAL    RECORD    YEAR
 MAXIMUM TEMPERATURE (F)   76       100      1959
 MINIMUM TEMPERATURE (F)   53        36      1929


SUNRISE AND SUNSET
SEPTEMBER  8 2014.....SUNRISE   624 AM MDT   SUNSET   716 PM MDT
SEPTEMBER  9 2014.....SUNRISE   625 AM MDT   SUNSET   714 PM MDT


-  INDICATES NEGATIVE NUMBERS.
R  INDICATES RECORD WAS SET OR TIED.
MM INDICATES DATA IS MISSING.
T  INDICATES TRACE AMOUNT.




$$
