000
CDUS43 KUNR 130036
CLIUNR


CLIMATE REPORT
NATIONAL WEATHER SERVICE RAPID CITY SD
636 PM MDT THU MAY 12 2016


...................................

...THE EAST RAPID CITY SD CLIMATE SUMMARY FOR MAY 12 2016...
VALID TODAY AS OF 0500 PM LOCAL TIME.

CLIMATE NORMAL PERIOD 1981 TO 2010
CLIMATE RECORD PERIOD 1888 TO 2016


WEATHER ITEM   OBSERVED RECORD YEAR NORMAL DEPARTURE LAST
                VALUE   VALUE       VALUE  FROM      YEAR
                                           NORMAL
...........................................................
TEMPERATURE (F)
 TODAY
  MAXIMUM         66     89    1941  65      1       69
  MINIMUM         39     23    1953  44     -5       32
  AVERAGE         53                 55     -2       51

PRECIPITATION (IN)
  TODAY            0.00   1.10 1920   0.14  -0.14     0.00
  MONTH TO DATE    0.27               1.39  -1.12     2.52
  SINCE MAR 1      2.50               4.48  -1.98     3.57
  SINCE JAN 1      3.31               5.25  -1.94     4.12

SNOWFALL (IN)
  TODAY            0.0    3.5  2010   0.0    0.0      0.0
  MONTH TO DATE    0.0                1.4   -1.4     13.6
  SINCE MAR 1     11.7               22.0  -10.3     15.0
  SINCE JUL 1     41.6               48.7   -7.1     50.7
  SNOW DEPTH       0

DEGREE DAYS
 HEATING
  TODAY           12                 11      1       14
  MONTH TO DATE  114                152    -38      173
  SINCE MAR 1   1311               1664   -353     1312
  SINCE JUL 1   5560               6618  -1058     6008

 COOLING
  TODAY            0                  0      0        0
  MONTH TO DATE    2                  0      2        2
  SINCE MAR 1      4                  1      3        8
  SINCE JAN 1      4                  1      3        8
...........................................................





WEATHER CONDITIONS
 THE FOLLOWING WEATHER WAS RECORDED TODAY.
  NO SIGNIFICANT WEATHER WAS OBSERVED.


..........................................................


THE EAST RAPID CITY SD CLIMATE NORMALS FOR TOMORROW
                         NORMAL    RECORD    YEAR
 MAXIMUM TEMPERATURE (F)   66        94      2001
 MINIMUM TEMPERATURE (F)   44        24      1953


SUNRISE AND SUNSET
MAY 12 2016...........SUNRISE   529 AM MDT   SUNSET   810 PM MDT
MAY 13 2016...........SUNRISE   528 AM MDT   SUNSET   811 PM MDT


-  INDICATES NEGATIVE NUMBERS.
R  INDICATES RECORD WAS SET OR TIED.
MM INDICATES DATA IS MISSING.
T  INDICATES TRACE AMOUNT.




$$
