000
CDUS43 KUNR 150831
CLIUNR


CLIMATE REPORT
NATIONAL WEATHER SERVICE RAPID CITY SD
230 AM MDT WED OCT 15 2014


...................................

...THE EAST RAPID CITY SD CLIMATE SUMMARY FOR OCTOBER 14 2014...

CLIMATE NORMAL PERIOD 1981 TO 2010
CLIMATE RECORD PERIOD 1888 TO 2014


WEATHER ITEM   OBSERVED RECORD YEAR NORMAL DEPARTURE LAST
                VALUE   VALUE       VALUE  FROM      YEAR
                                           NORMAL
...........................................................
TEMPERATURE (F)
 YESTERDAY
  MAXIMUM         69     83    1962  60      9       46
  MINIMUM         44     16    1969  38      6       32
  AVERAGE         57                 49      8       39

PRECIPITATION (IN)
  YESTERDAY        0.00   1.10 2013   0.06  -0.06     1.10
  MONTH TO DATE    0.47               0.75  -0.28     5.21
  SINCE SEP 1      5.29               2.29   3.00     6.16
  SINCE JAN 1     22.69              17.97   4.72    21.91

SNOWFALL (IN)
  YESTERDAY        0.0                0.0    0.0      0.7
  MONTH TO DATE    0.0                0.4   -0.4     23.8
  SINCE SEP 1      1.6                0.5    1.1     23.8
  SINCE JUL 1      1.6                0.5    1.1     23.8
  SNOW DEPTH       0

DEGREE DAYS
 HEATING
  YESTERDAY        8                 16     -8       26
  MONTH TO DATE  177                195    -18      241
  SINCE SEP 1    362                374    -12      330
  SINCE JUL 1    386                404    -18      336

 COOLING
  YESTERDAY        0                  0      0        0
  MONTH TO DATE    0                  0      0        0
  SINCE SEP 1     78                 66     12      145
  SINCE JAN 1    514                661   -147      830
...........................................................


WIND (MPH)
  HIGHEST GUST SPEED    23   HIGHEST GUST DIRECTION    SE (140)



WEATHER CONDITIONS
 THE FOLLOWING WEATHER WAS RECORDED YESTERDAY.
  NO SIGNIFICANT WEATHER WAS OBSERVED.


..........................................................


THE EAST RAPID CITY SD CLIMATE NORMALS FOR TODAY
                         NORMAL    RECORD    YEAR
 MAXIMUM TEMPERATURE (F)   59        87      1950
 MINIMUM TEMPERATURE (F)   38        24      1966


SUNRISE AND SUNSET
OCTOBER 15 2014.......SUNRISE   708 AM MDT   SUNSET   609 PM MDT
OCTOBER 16 2014.......SUNRISE   709 AM MDT   SUNSET   607 PM MDT


-  INDICATES NEGATIVE NUMBERS.
R  INDICATES RECORD WAS SET OR TIED.
MM INDICATES DATA IS MISSING.
T  INDICATES TRACE AMOUNT.




$$
