000
CDUS43 KUNR 060037
CLIUNR


CLIMATE REPORT
NATIONAL WEATHER SERVICE RAPID CITY SD
636 PM MDT SAT AUG 5 2017


...................................

...THE EAST RAPID CITY SD CLIMATE SUMMARY FOR AUGUST 5 2017...
VALID TODAY AS OF 0500 PM LOCAL TIME.

CLIMATE NORMAL PERIOD 1981 TO 2010
CLIMATE RECORD PERIOD 1888 TO 2017


WEATHER ITEM   OBSERVED RECORD YEAR NORMAL DEPARTURE LAST
                VALUE   VALUE       VALUE  FROM      YEAR
                                           NORMAL
...........................................................
TEMPERATURE (F)
 TODAY
  MAXIMUM         72     98    1964  85    -13       85
  MINIMUM         58     51    1948  62     -4       58
  AVERAGE         65                 74     -9       72

PRECIPITATION (IN)
  TODAY            T      1.87 2014   0.08  -0.08     0.00
  MONTH TO DATE    0.12               0.40  -0.28      T
  SINCE JUN 1      2.89               6.06  -3.17     3.44
  SINCE JAN 1      7.52              14.11  -6.59     7.98

SNOWFALL (IN)
  TODAY            0.0    0.0  2002   0.0    0.0      0.0
                               2001
                               2000
  MONTH TO DATE    0.0                0.0    0.0      0.0
  SINCE JUN 1      0.0                0.0    0.0      0.0
  SINCE JUL 1      0.0                0.0    0.0      0.0
  SNOW DEPTH       0

DEGREE DAYS
 HEATING
  TODAY            0                  0      0        0
  MONTH TO DATE    5                  0      5        0
  SINCE JUN 1     17                100    -83        6
  SINCE JUL 1      5                 12     -7        1

 COOLING
  TODAY            0                  9     -9        7
  MONTH TO DATE   21                 45    -24       54
  SINCE JUN 1    587                396    191      584
  SINCE JAN 1    600                414    186      590
...........................................................





WEATHER CONDITIONS
 THE FOLLOWING WEATHER WAS RECORDED TODAY.
  LIGHT RAIN


..........................................................


THE EAST RAPID CITY SD CLIMATE NORMALS FOR TOMORROW
                         NORMAL    RECORD    YEAR
 MAXIMUM TEMPERATURE (F)   85       103      1961
 MINIMUM TEMPERATURE (F)   62        46      1888


SUNRISE AND SUNSET
AUGUST  5 2017........SUNRISE   546 AM MDT   SUNSET   811 PM MDT
AUGUST  6 2017........SUNRISE   547 AM MDT   SUNSET   810 PM MDT


-  INDICATES NEGATIVE NUMBERS.
R  INDICATES RECORD WAS SET OR TIED.
MM INDICATES DATA IS MISSING.
T  INDICATES TRACE AMOUNT.




$$
