000
CDUS43 KUNR 190040
CLIUNR


CLIMATE REPORT
NATIONAL WEATHER SERVICE RAPID CITY SD
540 PM MST SUN JAN 18 2015


...................................

...THE EAST RAPID CITY SD CLIMATE SUMMARY FOR JANUARY 18 2015...
VALID TODAY AS OF 0500 PM LOCAL TIME.

CLIMATE NORMAL PERIOD 1981 TO 2010
CLIMATE RECORD PERIOD 1888 TO 2015


WEATHER ITEM   OBSERVED RECORD YEAR NORMAL DEPARTURE LAST
                VALUE   VALUE       VALUE  FROM      YEAR
                                           NORMAL
...........................................................
TEMPERATURE (F)
 TODAY
  MAXIMUM         53     63    1914  38     15       51
  MINIMUM         38    -25    1892  16     22       31
  AVERAGE         46                 27     19       41

PRECIPITATION (IN)
  TODAY            T      0.15 1926   0.01  -0.01     0.00
  MONTH TO DATE    0.10               0.15  -0.05     0.15
  SINCE DEC 1      0.48               0.47   0.01     0.69
  SINCE JAN 1      0.10               0.15  -0.05     0.15

SNOWFALL (IN)
  TODAY            0.0    1.7  1922   0.1   -0.1      0.0
  MONTH TO DATE    2.1                2.8   -0.7      2.5
  SINCE DEC 1      9.6                8.0    1.6     11.7
  SINCE JUL 1     24.9               16.6    8.3     41.5
  SNOW DEPTH       0

DEGREE DAYS
 HEATING
  TODAY           19                 38    -19       24
  MONTH TO DATE  717                684     33      647
  SINCE DEC 1   1781               1851    -70     1994
  SINCE JUL 1   3395               3431    -36     3583

 COOLING
  TODAY            0                  0      0        0
  MONTH TO DATE    0                  0      0        0
  SINCE DEC 1      0                  0      0        0
  SINCE JAN 1      0                  0      0        0
...........................................................





WEATHER CONDITIONS
 THE FOLLOWING WEATHER WAS RECORDED TODAY.
  NO SIGNIFICANT WEATHER WAS OBSERVED.


..........................................................


THE EAST RAPID CITY SD CLIMATE NORMALS FOR TOMORROW
                         NORMAL    RECORD    YEAR
 MAXIMUM TEMPERATURE (F)   38        66      1900
 MINIMUM TEMPERATURE (F)   16       -24      1943


SUNRISE AND SUNSET
JANUARY 18 2015.......SUNRISE   723 AM MST   SUNSET   444 PM MST
JANUARY 19 2015.......SUNRISE   722 AM MST   SUNSET   445 PM MST


-  INDICATES NEGATIVE NUMBERS.
R  INDICATES RECORD WAS SET OR TIED.
MM INDICATES DATA IS MISSING.
T  INDICATES TRACE AMOUNT.




$$
