455
CDUS43 KUNR 200833
CLIUNR


CLIMATE REPORT
NATIONAL WEATHER SERVICE RAPID CITY SD
232 AM MDT TUE SEP 20 2016


...................................

...THE EAST RAPID CITY SD CLIMATE SUMMARY FOR SEPTEMBER 19 2016...

CLIMATE NORMAL PERIOD 1981 TO 2010
CLIMATE RECORD PERIOD 1888 TO 2016


WEATHER ITEM   OBSERVED RECORD YEAR NORMAL DEPARTURE LAST
                VALUE   VALUE       VALUE  FROM      YEAR
                                           NORMAL
...........................................................
TEMPERATURE (F)
 YESTERDAY
  MAXIMUM         81     98    1914  71     10       77
  MINIMUM         59     30    1896  49     10       43
  AVERAGE         70                 60     10       60

PRECIPITATION (IN)
  YESTERDAY        T      0.72 1946   0.05  -0.05     0.00
  MONTH TO DATE    0.48               0.99  -0.51      T
  SINCE SEP 1      0.48               0.99  -0.51      T
  SINCE JAN 1     11.78              16.67  -4.89    22.10

SNOWFALL (IN)
  YESTERDAY        0.0    0.0  2002   0.0    0.0      0.0
                               2001
                               1957
  MONTH TO DATE    0.0                0.0    0.0      0.0
  SINCE SEP 1      0.0                0.0    0.0      0.0
  SINCE JUL 1      0.0                0.0    0.0      0.0
  SNOW DEPTH       0

DEGREE DAYS
 HEATING
  YESTERDAY        0                  7     -7        5
  MONTH TO DATE   56                 77    -21       29
  SINCE SEP 1     56                 77    -21       29
  SINCE JUL 1     81                107    -26       59

 COOLING
  YESTERDAY        5                  1      4        0
  MONTH TO DATE   44                 58    -14      101
  SINCE SEP 1     44                 58    -14      101
  SINCE JAN 1    804                653    151      678
...........................................................


WIND (MPH)
  HIGHEST GUST SPEED    24   HIGHEST GUST DIRECTION    SE (140)



WEATHER CONDITIONS
 THE FOLLOWING WEATHER WAS RECORDED YESTERDAY.
  LIGHT RAIN


..........................................................


THE EAST RAPID CITY SD CLIMATE NORMALS FOR TODAY
                         NORMAL    RECORD    YEAR
 MAXIMUM TEMPERATURE (F)   70        99      1898
 MINIMUM TEMPERATURE (F)   48        29      1927


SUNRISE AND SUNSET
SEPTEMBER 20 2016.....SUNRISE   638 AM MDT   SUNSET   653 PM MDT
SEPTEMBER 21 2016.....SUNRISE   639 AM MDT   SUNSET   651 PM MDT


-  INDICATES NEGATIVE NUMBERS.
R  INDICATES RECORD WAS SET OR TIED.
MM INDICATES DATA IS MISSING.
T  INDICATES TRACE AMOUNT.




$$
