000
CDUS43 KUNR 040038
CLIUNR


CLIMATE REPORT
NATIONAL WEATHER SERVICE RAPID CITY SD
636 PM MDT MON AUG 3 2015


...................................

...THE EAST RAPID CITY SD CLIMATE SUMMARY FOR AUGUST 3 2015...
VALID TODAY AS OF 0500 PM LOCAL TIME.

CLIMATE NORMAL PERIOD 1981 TO 2010
CLIMATE RECORD PERIOD 1888 TO 2015


WEATHER ITEM   OBSERVED RECORD YEAR NORMAL DEPARTURE LAST
                VALUE   VALUE       VALUE  FROM      YEAR
                                           NORMAL
...........................................................
TEMPERATURE (F)
 TODAY
  MAXIMUM         83    102    1947  86     -3       86
  MINIMUM         63     47    1894  62      1       65
  AVERAGE         73                 74     -1       76

PRECIPITATION (IN)
  TODAY            0.00   1.34 2007   0.09  -0.09      T
  MONTH TO DATE    0.03               0.25  -0.22     0.08
  SINCE JUN 1     10.52               5.91   4.61     7.55
  SINCE JAN 1     19.88              13.96   5.92    12.73

SNOWFALL (IN)
  TODAY            0.0    0.0  2002   0.0    0.0      0.0
                               2001
                               2000
  MONTH TO DATE    0.0                0.0    0.0      0.0
  SINCE JUN 1      0.0                0.0    0.0      0.0
  SINCE JUL 1      0.0                0.0    0.0      0.0
  SNOW DEPTH       0

DEGREE DAYS
 HEATING
  TODAY            0                  0      0        0
  MONTH TO DATE    0                  0      0        0
  SINCE JUN 1     34                100    -66      119
  SINCE JUL 1      1                 12    -11       11

 COOLING
  TODAY            8                  9     -1       11
  MONTH TO DATE   31                 27      4       33
  SINCE JUN 1    361                378    -17      270
  SINCE JAN 1    369                396    -27      298
...........................................................





WEATHER CONDITIONS
 THE FOLLOWING WEATHER WAS RECORDED TODAY.
  NO SIGNIFICANT WEATHER WAS OBSERVED.


..........................................................


THE EAST RAPID CITY SD CLIMATE NORMALS FOR TOMORROW
                         NORMAL    RECORD    YEAR
 MAXIMUM TEMPERATURE (F)   85       103      1941
 MINIMUM TEMPERATURE (F)   62        48      1948


SUNRISE AND SUNSET
AUGUST  3 2015........SUNRISE   543 AM MDT   SUNSET   815 PM MDT
AUGUST  4 2015........SUNRISE   544 AM MDT   SUNSET   813 PM MDT


-  INDICATES NEGATIVE NUMBERS.
R  INDICATES RECORD WAS SET OR TIED.
MM INDICATES DATA IS MISSING.
T  INDICATES TRACE AMOUNT.




$$
