000
CDUS43 KUNR 140037
CLIUNR


CLIMATE REPORT
NATIONAL WEATHER SERVICE RAPID CITY SD
637 PM MDT SUN JUL 13 2014


...................................

...THE EAST RAPID CITY SD CLIMATE SUMMARY FOR JULY 13 2014...
VALID TODAY AS OF 0500 PM LOCAL TIME.

CLIMATE NORMAL PERIOD 1981 TO 2010
CLIMATE RECORD PERIOD 1888 TO 2014


WEATHER ITEM   OBSERVED RECORD YEAR NORMAL DEPARTURE LAST
                VALUE   VALUE       VALUE  FROM      YEAR
                                           NORMAL
...........................................................
TEMPERATURE (F)
 TODAY
  MAXIMUM         83    102    2003  84     -1       92
  MINIMUM         62     47    1913  62      0       67
  AVERAGE         73                 73      0       80

PRECIPITATION (IN)
  TODAY            0.00   1.90 1902   0.07  -0.07     0.00
  MONTH TO DATE    0.32               0.94  -0.62     0.76
  SINCE JUN 1      6.37               4.10   2.27     2.43
  SINCE JAN 1     11.55              12.15  -0.60    11.15

SNOWFALL (IN)
  TODAY            0.0                0.0    0.0      0.0
  MONTH TO DATE    0.0                0.0    0.0      0.0
  SINCE JUN 1      0.0                0.0    0.0      0.0
  SINCE JUL 1      0.0                0.0    0.0      0.0
  SNOW DEPTH       0

DEGREE DAYS
 HEATING
  TODAY            0                  0      0        0
  MONTH TO DATE    4                  6     -2        0
  SINCE JUN 1    112                 94     18       58
  SINCE JUL 1      4                  6     -2        0

 COOLING
  TODAY            8                  8      0       15
  MONTH TO DATE   82                 95    -13      139
  SINCE JUN 1    110                186    -76      234
  SINCE JAN 1    138                204    -66      258
...........................................................





WEATHER CONDITIONS
 THE FOLLOWING WEATHER WAS RECORDED TODAY.
  NO SIGNIFICANT WEATHER WAS OBSERVED.


..........................................................


THE EAST RAPID CITY SD CLIMATE NORMALS FOR TOMORROW
                         NORMAL    RECORD    YEAR
 MAXIMUM TEMPERATURE (F)   85       101      2012
 MINIMUM TEMPERATURE (F)   62        46      1912


SUNRISE AND SUNSET
JULY 13 2014..........SUNRISE   522 AM MDT   SUNSET   835 PM MDT
JULY 14 2014..........SUNRISE   523 AM MDT   SUNSET   834 PM MDT


-  INDICATES NEGATIVE NUMBERS.
R  INDICATES RECORD WAS SET OR TIED.
MM INDICATES DATA IS MISSING.
T  INDICATES TRACE AMOUNT.




$$
