000
CDUS43 KUNR 270831
CLIUNR


CLIMATE REPORT
NATIONAL WEATHER SERVICE RAPID CITY SD
231 AM MDT THU APR 27 2017


...................................

...THE EAST RAPID CITY SD CLIMATE SUMMARY FOR APRIL 26 2017...

CLIMATE NORMAL PERIOD 1981 TO 2010
CLIMATE RECORD PERIOD 1888 TO 2017


WEATHER ITEM   OBSERVED RECORD YEAR NORMAL DEPARTURE LAST
                VALUE   VALUE       VALUE  FROM      YEAR
                                           NORMAL
...........................................................
TEMPERATURE (F)
 YESTERDAY
  MAXIMUM         38     88    1952  60    -22       38
  MINIMUM         25     21    1950  38    -13       31
  AVERAGE         32                 49    -17       35

PRECIPITATION (IN)
  YESTERDAY        0.00   0.71 1971   0.09  -0.09     0.54
  MONTH TO DATE    1.59               1.71  -0.12     0.96
  SINCE MAR 1      2.39               2.70  -0.31     2.01
  SINCE JAN 1      3.18               3.47  -0.29     2.82

SNOWFALL (IN)
  YESTERDAY        0.0    5.4  2009   0.2   -0.2      1.8
  MONTH TO DATE    4.7                8.0   -3.3      3.0
  SINCE MAR 1      6.0               19.8  -13.8     10.9
  SINCE JUL 1     39.2               46.5   -7.3     40.8
  SNOW DEPTH       3

DEGREE DAYS
 HEATING
  YESTERDAY       33                 16     17       30
  MONTH TO DATE  451                542    -91      402
  SINCE MAR 1   1220               1450   -230     1087
  SINCE JUL 1   5816               6404   -588     5336

 COOLING
  YESTERDAY        0                  0      0        0
  MONTH TO DATE    0                  0      0        2
  SINCE MAR 1      0                  0      0        2
  SINCE JAN 1      0                  0      0        2
...........................................................


WIND (MPH)
  HIGHEST GUST SPEED    24   HIGHEST GUST DIRECTION     N (350)



WEATHER CONDITIONS
 THE FOLLOWING WEATHER WAS RECORDED YESTERDAY.
  NO SIGNIFICANT WEATHER WAS OBSERVED.


..........................................................


THE EAST RAPID CITY SD CLIMATE NORMALS FOR TODAY
                         NORMAL    RECORD    YEAR
 MAXIMUM TEMPERATURE (F)   60        89      1910
 MINIMUM TEMPERATURE (F)   38        18      1956


SUNRISE AND SUNSET
APRIL 27 2017.........SUNRISE   550 AM MDT   SUNSET   752 PM MDT
APRIL 28 2017.........SUNRISE   548 AM MDT   SUNSET   753 PM MDT


-  INDICATES NEGATIVE NUMBERS.
R  INDICATES RECORD WAS SET OR TIED.
MM INDICATES DATA IS MISSING.
T  INDICATES TRACE AMOUNT.




$$
