012
CDUS43 KUNR 211831
CLIUNR


CLIMATE REPORT
NATIONAL WEATHER SERVICE RAPID CITY SD
1231 PM MDT SAT OCT 21 2017


...................................

...THE EAST RAPID CITY SD CLIMATE SUMMARY FOR OCTOBER 21 2017...
VALID AS OF 1100 AM LOCAL TIME.

CLIMATE NORMAL PERIOD 1981 TO 2010
CLIMATE RECORD PERIOD 1888 TO 2017


WEATHER ITEM   OBSERVED RECORD YEAR NORMAL DEPARTURE LAST
                VALUE   VALUE       VALUE  FROM      YEAR
                                           NORMAL
...........................................................
TEMPERATURE (F)
 TODAY
  MAXIMUM         57     85    1927  57      0       69
  MINIMUM         47     16    1936  36     11       38
  AVERAGE         52                 47      5       54

PRECIPITATION (IN)
  TODAY            T      0.42 1931   0.05  -0.05     0.00
  MONTH TO DATE    0.75               1.16  -0.41     0.48
  SINCE SEP 1      2.37               2.70  -0.33     1.35
  SINCE JAN 1     12.34              18.38  -6.04    12.65

SNOWFALL (IN)
  TODAY            0.0    1.7  1928   0.1   -0.1      0.0
  MONTH TO DATE    0.0                0.9   -0.9       T
  SINCE SEP 1      0.0                1.0   -1.0       T
  SINCE JUL 1      0.0                1.0   -1.0       T
  SNOW DEPTH       0

DEGREE DAYS
 HEATING
  TODAY           13                 18     -5       11
  MONTH TO DATE  260                318    -58      257
  SINCE SEP 1    442                497    -55      356
  SINCE JUL 1    447                527    -80      381

 COOLING
  TODAY            0                  0      0        0
  MONTH TO DATE    2                  0      2        2
  SINCE SEP 1    115                 66     49       49
  SINCE JAN 1    852                661    191      809
...........................................................





WEATHER CONDITIONS
 THE FOLLOWING WEATHER WAS RECORDED TODAY.
  LIGHT RAIN


..........................................................


THE EAST RAPID CITY SD CLIMATE NORMALS FOR TOMORROW
                         NORMAL    RECORD    YEAR
 MAXIMUM TEMPERATURE (F)   57        81      1915
 MINIMUM TEMPERATURE (F)   36        10      1936


SUNRISE AND SUNSET
OCTOBER 21 2017.......SUNRISE   715 AM MDT   SUNSET   559 PM MDT
OCTOBER 22 2017.......SUNRISE   717 AM MDT   SUNSET   557 PM MDT


-  INDICATES NEGATIVE NUMBERS.
R  INDICATES RECORD WAS SET OR TIED.
MM INDICATES DATA IS MISSING.
T  INDICATES TRACE AMOUNT.




$$
