000
CDUS43 KUNR 010834
CLIUNR


CLIMATE REPORT
NATIONAL WEATHER SERVICE RAPID CITY SD
234 AM MDT WED JUL 1 2015


...................................

...THE EAST RAPID CITY SD CLIMATE SUMMARY FOR JUNE 30 2015...

CLIMATE NORMAL PERIOD 1981 TO 2010
CLIMATE RECORD PERIOD 1888 TO 2015


WEATHER ITEM   OBSERVED RECORD YEAR NORMAL DEPARTURE LAST
                VALUE   VALUE       VALUE  FROM      YEAR
                                           NORMAL
...........................................................
TEMPERATURE (F)
 YESTERDAY
  MAXIMUM         86    102    1900  81      5       72
  MINIMUM         70     46    1959  59     11       58
  AVERAGE         78                 70      8       65

PRECIPITATION (IN)
  YESTERDAY        0.06   1.03 1962   0.06   0.00     0.00
  MONTH TO DATE    6.87               3.16   3.71     6.05
  SINCE JUN 1      6.87               3.16   3.71     6.05
  SINCE JAN 1     16.23              11.21   5.02    11.23

SNOWFALL (IN)
  YESTERDAY        0.0    0.0  2002   0.0    0.0      0.0
                               2001
                               2000
  MONTH TO DATE    0.0                0.0    0.0      0.0
  SINCE JUN 1      0.0                0.0    0.0      0.0
  SINCE JUL 1     50.7               49.3    1.4     73.5
  SNOW DEPTH       0

DEGREE DAYS
 HEATING
  YESTERDAY        0                  1     -1        0
  MONTH TO DATE   33                 87    -54      108
  SINCE JUN 1     33                 88    -55      108
  SINCE JUL 1   6273               6860   -587     7404

 COOLING
  YESTERDAY       13                  6      7        0
  MONTH TO DATE  107                 91     16       28
  SINCE JUN 1    107                 91     16       28
  SINCE JAN 1    115                109      6       56
...........................................................


WIND (MPH)
  HIGHEST GUST SPEED    22   HIGHEST GUST DIRECTION     N (10)



WEATHER CONDITIONS
 THE FOLLOWING WEATHER WAS RECORDED YESTERDAY.
  THUNDERSTORM
  LIGHT RAIN


..........................................................


THE EAST RAPID CITY SD CLIMATE NORMALS FOR TODAY
                         NORMAL    RECORD    YEAR
 MAXIMUM TEMPERATURE (F)   81        98      2007
                                             1919
 MINIMUM TEMPERATURE (F)   59        40      1959


SUNRISE AND SUNSET
JULY  1 2015..........SUNRISE   513 AM MDT   SUNSET   840 PM MDT
JULY  2 2015..........SUNRISE   514 AM MDT   SUNSET   839 PM MDT


-  INDICATES NEGATIVE NUMBERS.
R  INDICATES RECORD WAS SET OR TIED.
MM INDICATES DATA IS MISSING.
T  INDICATES TRACE AMOUNT.




$$
