000
CDUS43 KUNR 230851
CLIUNR


CLIMATE REPORT
NATIONAL WEATHER SERVICE RAPID CITY SD
248 AM MDT TUE MAY 23 2017


...................................

...THE EAST RAPID CITY SD CLIMATE SUMMARY FOR MAY 22 2017...

CLIMATE NORMAL PERIOD 1981 TO 2010
CLIMATE RECORD PERIOD 1888 TO 2017


WEATHER ITEM   OBSERVED RECORD YEAR NORMAL DEPARTURE LAST
                VALUE   VALUE       VALUE  FROM      YEAR
                                           NORMAL
...........................................................
TEMPERATURE (F)
 YESTERDAY
  MAXIMUM         59     89    2006  68     -9       81
  MINIMUM         46     30    1963  47     -1       52
  AVERAGE         53                 58     -5       67

PRECIPITATION (IN)
  YESTERDAY        0.03   3.03 2008   0.16  -0.13     0.01
  MONTH TO DATE    1.28               2.84  -1.56     0.62
  SINCE MAR 1      3.71               5.93  -2.22     2.85
  SINCE JAN 1      4.50               6.70  -2.20     3.66

SNOWFALL (IN)
  YESTERDAY        0.0    0.0  2002   0.0    0.0      0.0
                               2001
                               2000
  MONTH TO DATE    0.0                1.9   -1.9       T
  SINCE MAR 1      6.0               22.5  -16.5     11.7
  SINCE JUL 1     39.2               49.2  -10.0     41.6
  SNOW DEPTH       0

DEGREE DAYS
 HEATING
  YESTERDAY       12                  8      4        0
  MONTH TO DATE  213                245    -32      225
  SINCE MAR 1   1526               1757   -231     1422
  SINCE JUL 1   6122               6711   -589     5671

 COOLING
  YESTERDAY        0                  1     -1        2
  MONTH TO DATE   13                  6      7        4
  SINCE MAR 1     13                  7      6        6
  SINCE JAN 1     13                  7      6        6
...........................................................


WIND (MPH)
  HIGHEST GUST SPEED    51   HIGHEST GUST DIRECTION     N (10)



WEATHER CONDITIONS
 THE FOLLOWING WEATHER WAS RECORDED YESTERDAY.
  LIGHT RAIN
  HAIL


..........................................................


THE EAST RAPID CITY SD CLIMATE NORMALS FOR TODAY
                         NORMAL    RECORD    YEAR
 MAXIMUM TEMPERATURE (F)   69        88      1931
 MINIMUM TEMPERATURE (F)   47        31      2002


SUNRISE AND SUNSET
MAY 23 2017...........SUNRISE   519 AM MDT   SUNSET   821 PM MDT
MAY 24 2017...........SUNRISE   518 AM MDT   SUNSET   822 PM MDT


-  INDICATES NEGATIVE NUMBERS.
R  INDICATES RECORD WAS SET OR TIED.
MM INDICATES DATA IS MISSING.
T  INDICATES TRACE AMOUNT.




$$
