000
CDUS43 KUNR 121833
CLIUNR


CLIMATE REPORT
NATIONAL WEATHER SERVICE RAPID CITY SD
1133 AM MST SUN FEB 12 2017


...................................

...THE EAST RAPID CITY SD CLIMATE SUMMARY FOR FEBRUARY 12 2017...
VALID AS OF 1100 AM LOCAL TIME.

CLIMATE NORMAL PERIOD 1981 TO 2010
CLIMATE RECORD PERIOD 1888 TO 2017


WEATHER ITEM   OBSERVED RECORD YEAR NORMAL DEPARTURE LAST
                VALUE   VALUE       VALUE  FROM      YEAR
                                           NORMAL
...........................................................
TEMPERATURE (F)
 TODAY
  MAXIMUM         45     66    1890  38      7       30
  MINIMUM         27    -29    1905  17     10       21
  AVERAGE         36                 28      8       26

PRECIPITATION (IN)
  TODAY            0.00   0.85 1915   0.02  -0.02      T
  MONTH TO DATE    0.18               0.20  -0.02     0.24
  SINCE DEC 1      1.35               0.81   0.54     1.14
  SINCE JAN 1      0.53               0.49   0.04     0.41

SNOWFALL (IN)
  TODAY            0.0    5.4  1915   0.3   -0.3       T
  MONTH TO DATE    4.8                3.1    1.7      3.8
  SINCE DEC 1     25.0               13.8   11.2     21.8
  SINCE JUL 1     28.7               22.4    6.3     27.8
  SNOW DEPTH       0

DEGREE DAYS
 HEATING
  TODAY           29                 37     -8       39
  MONTH TO DATE  482                455     27      373
  SINCE DEC 1   3176               2803    373     2599
  SINCE JUL 1   4207               4383   -176     3857

 COOLING
  TODAY            0                  0      0        0
  MONTH TO DATE    0                  0      0        0
  SINCE DEC 1      0                  0      0        0
  SINCE JAN 1      0                  0      0        0
...........................................................





WEATHER CONDITIONS
 THE FOLLOWING WEATHER WAS RECORDED TODAY.
  NO SIGNIFICANT WEATHER WAS OBSERVED.


..........................................................


THE EAST RAPID CITY SD CLIMATE NORMALS FOR TOMORROW
                         NORMAL    RECORD    YEAR
 MAXIMUM TEMPERATURE (F)   38        69      1934
 MINIMUM TEMPERATURE (F)   18       -29      1936


SUNRISE AND SUNSET
FEBRUARY 12 2017......SUNRISE   656 AM MST   SUNSET   519 PM MST
FEBRUARY 13 2017......SUNRISE   655 AM MST   SUNSET   520 PM MST


-  INDICATES NEGATIVE NUMBERS.
R  INDICATES RECORD WAS SET OR TIED.
MM INDICATES DATA IS MISSING.
T  INDICATES TRACE AMOUNT.




$$
