000
CDUS43 KUNR 180038
CLIUNR


CLIMATE REPORT
NATIONAL WEATHER SERVICE RAPID CITY SD
637 PM MDT THU JUL 17 2014


...................................

...THE EAST RAPID CITY SD CLIMATE SUMMARY FOR JULY 17 2014...
VALID TODAY AS OF 0500 PM LOCAL TIME.

CLIMATE NORMAL PERIOD 1981 TO 2010
CLIMATE RECORD PERIOD 1888 TO 2014


WEATHER ITEM   OBSERVED RECORD YEAR NORMAL DEPARTURE LAST
                VALUE   VALUE       VALUE  FROM      YEAR
                                           NORMAL
...........................................................
TEMPERATURE (F)
 TODAY
  MAXIMUM         82    101    1966  85     -3       92
  MINIMUM         54     48    1906  62     -8       63
  AVERAGE         68                 74     -6       78

PRECIPITATION (IN)
  TODAY            0.00   2.25 1901   0.08  -0.08     0.00
  MONTH TO DATE    0.32               1.25  -0.93     0.76
  SINCE JUN 1      6.37               4.41   1.96     2.43
  SINCE JAN 1     11.55              12.46  -0.91    11.15

SNOWFALL (IN)
  TODAY            0.0                0.0    0.0      0.0
  MONTH TO DATE    0.0                0.0    0.0      0.0
  SINCE JUN 1      0.0                0.0    0.0      0.0
  SINCE JUL 1      0.0                0.0    0.0      0.0
  SNOW DEPTH       0

DEGREE DAYS
 HEATING
  TODAY            0                  0      0        0
  MONTH TO DATE   11                  6      5        0
  SINCE JUN 1    119                 94     25       58
  SINCE JUL 1     11                  6      5        0

 COOLING
  TODAY            3                  9     -6       13
  MONTH TO DATE   85                131    -46      180
  SINCE JUN 1    113                222   -109      275
  SINCE JAN 1    141                240    -99      299
...........................................................





WEATHER CONDITIONS
 THE FOLLOWING WEATHER WAS RECORDED TODAY.
  NO SIGNIFICANT WEATHER WAS OBSERVED.


..........................................................


THE EAST RAPID CITY SD CLIMATE NORMALS FOR TOMORROW
                         NORMAL    RECORD    YEAR
 MAXIMUM TEMPERATURE (F)   85       104      1934
 MINIMUM TEMPERATURE (F)   62        48      1950


SUNRISE AND SUNSET
JULY 17 2014..........SUNRISE   526 AM MDT   SUNSET   832 PM MDT
JULY 18 2014..........SUNRISE   526 AM MDT   SUNSET   831 PM MDT


-  INDICATES NEGATIVE NUMBERS.
R  INDICATES RECORD WAS SET OR TIED.
MM INDICATES DATA IS MISSING.
T  INDICATES TRACE AMOUNT.




$$
