000
CDUS43 KUNR 100055
CLIUNR


CLIMATE REPORT
NATIONAL WEATHER SERVICE RAPID CITY SD
655 PM MDT TUE SEP 9 2014


...................................

...THE EAST RAPID CITY SD CLIMATE SUMMARY FOR SEPTEMBER 9 2014...
VALID TODAY AS OF 0500 PM LOCAL TIME.

CLIMATE NORMAL PERIOD 1981 TO 2010
CLIMATE RECORD PERIOD 1888 TO 2014


WEATHER ITEM   OBSERVED RECORD YEAR NORMAL DEPARTURE LAST
                VALUE   VALUE       VALUE  FROM      YEAR
                                           NORMAL
...........................................................
TEMPERATURE (F)
 TODAY
  MAXIMUM         77    100    1931  76      1       72
  MINIMUM         49     35    1898  53     -4       62
  AVERAGE         63                 64     -1       67

PRECIPITATION (IN)
  TODAY            0.00   1.19 1898   0.06  -0.06     0.03
  MONTH TO DATE    0.40               0.46  -0.06     0.57
  SINCE SEP 1      0.40               0.46  -0.06     0.57
  SINCE JAN 1     17.80              16.14   1.66    16.32

SNOWFALL (IN)
  TODAY            0.0                0.0    0.0      0.0
  MONTH TO DATE    0.0                0.0    0.0      0.0
  SINCE SEP 1      0.0                0.0    0.0      0.0
  SINCE JUL 1      0.0                0.0    0.0      0.0
  SNOW DEPTH       0

DEGREE DAYS
 HEATING
  TODAY            2                  4     -2        0
  MONTH TO DATE   18                 25     -7        0
  SINCE SEP 1     18                 25     -7        0
  SINCE JUL 1     42                 55    -13        6

 COOLING
  TODAY            0                  3     -3        2
  MONTH TO DATE   26                 36    -10       98
  SINCE SEP 1     26                 36    -10       98
  SINCE JAN 1    462                631   -169      783
...........................................................





WEATHER CONDITIONS
 THE FOLLOWING WEATHER WAS RECORDED TODAY.
  NO SIGNIFICANT WEATHER WAS OBSERVED.


..........................................................


THE EAST RAPID CITY SD CLIMATE NORMALS FOR TOMORROW
                         NORMAL    RECORD    YEAR
 MAXIMUM TEMPERATURE (F)   75        97      2012
 MINIMUM TEMPERATURE (F)   53        33      1962


SUNRISE AND SUNSET
SEPTEMBER  9 2014.....SUNRISE   625 AM MDT   SUNSET   714 PM MDT
SEPTEMBER 10 2014.....SUNRISE   626 AM MDT   SUNSET   712 PM MDT


-  INDICATES NEGATIVE NUMBERS.
R  INDICATES RECORD WAS SET OR TIED.
MM INDICATES DATA IS MISSING.
T  INDICATES TRACE AMOUNT.




$$
