000
CDUS43 KUNR 170833
CLIUNR


CLIMATE REPORT
NATIONAL WEATHER SERVICE RAPID CITY SD
231 AM MDT TUE MAY 17 2016


...................................

...THE EAST RAPID CITY SD CLIMATE SUMMARY FOR MAY 16 2016...

CLIMATE NORMAL PERIOD 1981 TO 2010
CLIMATE RECORD PERIOD 1888 TO 2016


WEATHER ITEM   OBSERVED RECORD YEAR NORMAL DEPARTURE LAST
                VALUE   VALUE       VALUE  FROM      YEAR
                                           NORMAL
...........................................................
TEMPERATURE (F)
 YESTERDAY
  MAXIMUM         60     90    2012  66     -6       72
                               1934
  MINIMUM         42     32    2009  45     -3       47
                               1942
  AVERAGE         51                 56     -5       60

PRECIPITATION (IN)
  YESTERDAY        0.00   0.70 1957   0.13  -0.13     0.02
  MONTH TO DATE    0.27               1.94  -1.67     4.06
  SINCE MAR 1      2.50               5.03  -2.53     5.11
  SINCE JAN 1      3.31               5.80  -2.49     5.66

SNOWFALL (IN)
  YESTERDAY        0.0    1.0  1942   0.1   -0.1      0.0
  MONTH TO DATE    T                  1.7   -1.7     13.6
  SINCE MAR 1     11.7               22.3  -10.6     15.0
  SINCE JUL 1     41.6               49.0   -7.4     50.7
  SNOW DEPTH       0

DEGREE DAYS
 HEATING
  YESTERDAY       14                 10      4        5
  MONTH TO DATE  193                193      0      216
  SINCE MAR 1   1390               1705   -315     1355
  SINCE JUL 1   5639               6659  -1020     6051

 COOLING
  YESTERDAY        0                  0      0        0
  MONTH TO DATE    2                  0      2        2
  SINCE MAR 1      4                  1      3        8
  SINCE JAN 1      4                  1      3        8
...........................................................


WIND (MPH)
  HIGHEST GUST SPEED    23   HIGHEST GUST DIRECTION    SE (130)



WEATHER CONDITIONS
 THE FOLLOWING WEATHER WAS RECORDED YESTERDAY.
  NO SIGNIFICANT WEATHER WAS OBSERVED.


..........................................................


THE EAST RAPID CITY SD CLIMATE NORMALS FOR TODAY
                         NORMAL    RECORD    YEAR
 MAXIMUM TEMPERATURE (F)   67        91      1964
 MINIMUM TEMPERATURE (F)   46        31      1888


SUNRISE AND SUNSET
MAY 17 2016...........SUNRISE   524 AM MDT   SUNSET   815 PM MDT
MAY 18 2016...........SUNRISE   523 AM MDT   SUNSET   816 PM MDT


-  INDICATES NEGATIVE NUMBERS.
R  INDICATES RECORD WAS SET OR TIED.
MM INDICATES DATA IS MISSING.
T  INDICATES TRACE AMOUNT.




$$
