000
CDUS43 KUNR 180848
CLIUNR


CLIMATE REPORT
NATIONAL WEATHER SERVICE RAPID CITY SD
245 AM MDT MON JUL 18 2016


...................................

...THE EAST RAPID CITY SD CLIMATE SUMMARY FOR JULY 17 2016...

CLIMATE NORMAL PERIOD 1981 TO 2010
CLIMATE RECORD PERIOD 1888 TO 2016


WEATHER ITEM   OBSERVED RECORD YEAR NORMAL DEPARTURE LAST
                VALUE   VALUE       VALUE  FROM      YEAR
                                           NORMAL
...........................................................
TEMPERATURE (F)
 YESTERDAY
  MAXIMUM         82    101    1966  85     -3       74
  MINIMUM         60     48    1906  62     -2       63
  AVERAGE         71                 74     -3       69

PRECIPITATION (IN)
  YESTERDAY        T      2.25 1901   0.08  -0.08     0.03
  MONTH TO DATE    1.75               1.25   0.50     2.12
  SINCE JUN 1      2.33               4.41  -2.08     8.99
  SINCE JAN 1      6.87              12.46  -5.59    18.35

SNOWFALL (IN)
  YESTERDAY        0.0    0.0  2002   0.0    0.0      0.0
                               2001
                               1954
  MONTH TO DATE    0.0                0.0    0.0      0.0
  SINCE JUN 1      0.0                0.0    0.0      0.0
  SINCE JUL 1      0.0                0.0    0.0      0.0
  SNOW DEPTH       0

DEGREE DAYS
 HEATING
  YESTERDAY        0                  0      0        0
  MONTH TO DATE    1                  6     -5        1
  SINCE JUN 1      6                 94    -88       34
  SINCE JUL 1      1                  6     -5        1

 COOLING
  YESTERDAY        6                  9     -3        4
  MONTH TO DATE  118                131    -13      111
  SINCE JUN 1    363                222    141      218
  SINCE JAN 1    369                240    129      226
...........................................................


WIND (MPH)
  HIGHEST GUST SPEED    38   HIGHEST GUST DIRECTION     S (180)



WEATHER CONDITIONS
 THE FOLLOWING WEATHER WAS RECORDED YESTERDAY.
  THUNDERSTORM
  LIGHT RAIN


..........................................................


THE EAST RAPID CITY SD CLIMATE NORMALS FOR TODAY
                         NORMAL    RECORD    YEAR
 MAXIMUM TEMPERATURE (F)   85       104      1934
 MINIMUM TEMPERATURE (F)   62        48      1950


SUNRISE AND SUNSET
JULY 18 2016..........SUNRISE   527 AM MDT   SUNSET   831 PM MDT
JULY 19 2016..........SUNRISE   528 AM MDT   SUNSET   830 PM MDT


-  INDICATES NEGATIVE NUMBERS.
R  INDICATES RECORD WAS SET OR TIED.
MM INDICATES DATA IS MISSING.
T  INDICATES TRACE AMOUNT.




$$
