000
CDUS43 KUNR 170832
CLIUNR


CLIMATE REPORT
NATIONAL WEATHER SERVICE RAPID CITY SD
231 AM MDT WED AUG 17 2016


...................................

...THE EAST RAPID CITY SD CLIMATE SUMMARY FOR AUGUST 16 2016...

CLIMATE NORMAL PERIOD 1981 TO 2010
CLIMATE RECORD PERIOD 1888 TO 2016


WEATHER ITEM   OBSERVED RECORD YEAR NORMAL DEPARTURE LAST
                VALUE   VALUE       VALUE  FROM      YEAR
                                           NORMAL
...........................................................
TEMPERATURE (F)
 YESTERDAY
  MAXIMUM         83     98    1955  84     -1       74
  MINIMUM         68     47    2002  60      8       60
  AVERAGE         76                 72      4       67

PRECIPITATION (IN)
  YESTERDAY        0.00   1.53 1949   0.06  -0.06     0.00
  MONTH TO DATE    1.78               1.19   0.59     0.09
  SINCE JUN 1      5.22               6.85  -1.63    10.58
  SINCE JAN 1      9.76              14.90  -5.14    19.94

SNOWFALL (IN)
  YESTERDAY        0.0    0.0  2002   0.0    0.0      0.0
                               2001
                               1949
  MONTH TO DATE    0.0                0.0    0.0      0.0
  SINCE JUN 1      0.0                0.0    0.0      0.0
  SINCE JUL 1      0.0                0.0    0.0      0.0
  SNOW DEPTH       0

DEGREE DAYS
 HEATING
  YESTERDAY        0                  0      0        0
  MONTH TO DATE    0                  0      0        0
  SINCE JUN 1      6                100    -94       34
  SINCE JUL 1      1                 12    -11        1

 COOLING
  YESTERDAY       11                  7      4        2
  MONTH TO DATE  147                135     12      163
  SINCE JUN 1    677                486    191      493
  SINCE JAN 1    683                504    179      501
...........................................................


WIND (MPH)
  HIGHEST GUST SPEED    21   HIGHEST GUST DIRECTION    NW (320)



WEATHER CONDITIONS
 THE FOLLOWING WEATHER WAS RECORDED YESTERDAY.
  NO SIGNIFICANT WEATHER WAS OBSERVED.


..........................................................


THE EAST RAPID CITY SD CLIMATE NORMALS FOR TODAY
                         NORMAL    RECORD    YEAR
 MAXIMUM TEMPERATURE (F)   84       100      1970
 MINIMUM TEMPERATURE (F)   60        45      2002


SUNRISE AND SUNSET
AUGUST 17 2016........SUNRISE   559 AM MDT   SUNSET   753 PM MDT
AUGUST 18 2016........SUNRISE   601 AM MDT   SUNSET   752 PM MDT


-  INDICATES NEGATIVE NUMBERS.
R  INDICATES RECORD WAS SET OR TIED.
MM INDICATES DATA IS MISSING.
T  INDICATES TRACE AMOUNT.




$$
