000
CDUS43 KUNR 150832
CLIUNR


CLIMATE REPORT
NATIONAL WEATHER SERVICE RAPID CITY SD
232 AM MDT WED MAR 15 2017


...................................

...THE EAST RAPID CITY SD CLIMATE SUMMARY FOR MARCH 14 2017...

CLIMATE NORMAL PERIOD 1981 TO 2010
CLIMATE RECORD PERIOD 1888 TO 2017


WEATHER ITEM   OBSERVED RECORD YEAR NORMAL DEPARTURE LAST
                VALUE   VALUE       VALUE  FROM      YEAR
                                           NORMAL
...........................................................
TEMPERATURE (F)
 YESTERDAY
  MAXIMUM         49     78    2003  46      3       66
                               1935
  MINIMUM         17    -11    1925  24     -7       40
  AVERAGE         33                 35     -2       53

PRECIPITATION (IN)
  YESTERDAY        T      0.45 1938   0.03  -0.03      T
  MONTH TO DATE    0.02               0.33  -0.31     0.04
  SINCE MAR 1      0.02               0.33  -0.31     0.04
  SINCE JAN 1      0.81               1.10  -0.29     0.85

SNOWFALL (IN)
  YESTERDAY        T      6.4  1913   0.4   -0.4      0.0
  MONTH TO DATE    1.1                4.9   -3.8       T
  SINCE MAR 1      1.1                4.9   -3.8       T
  SINCE JUL 1     34.3               31.6    2.7     29.9
  SNOW DEPTH       T

DEGREE DAYS
 HEATING
  YESTERDAY       32                 30      2       12
  MONTH TO DATE  453                443     10      230
  SINCE MAR 1    453                443     10      230
  SINCE JUL 1   5049               5397   -348     4479

 COOLING
  YESTERDAY        0                  0      0        0
  MONTH TO DATE    0                  0      0        0
  SINCE MAR 1      0                  0      0        0
  SINCE JAN 1      0                  0      0        0
...........................................................


WIND (MPH)
  HIGHEST GUST SPEED    21   HIGHEST GUST DIRECTION    SE (120)



WEATHER CONDITIONS
 THE FOLLOWING WEATHER WAS RECORDED YESTERDAY.
  LIGHT RAIN
  LT FREEZING RAIN
  SLEET


..........................................................


THE EAST RAPID CITY SD CLIMATE NORMALS FOR TODAY
                         NORMAL    RECORD    YEAR
 MAXIMUM TEMPERATURE (F)   46        84      2015
 MINIMUM TEMPERATURE (F)   25       -15      1906


SUNRISE AND SUNSET
MARCH 15 2017.........SUNRISE   705 AM MDT   SUNSET   659 PM MDT
MARCH 16 2017.........SUNRISE   703 AM MDT   SUNSET   701 PM MDT


-  INDICATES NEGATIVE NUMBERS.
R  INDICATES RECORD WAS SET OR TIED.
MM INDICATES DATA IS MISSING.
T  INDICATES TRACE AMOUNT.




$$
