000
CDUS43 KUNR 250832
CLIUNR


CLIMATE REPORT
NATIONAL WEATHER SERVICE RAPID CITY SD
230 AM MDT TUE AUG 25 2015


...................................

...THE EAST RAPID CITY SD CLIMATE SUMMARY FOR AUGUST 24 2015...

CLIMATE NORMAL PERIOD 1981 TO 2010
CLIMATE RECORD PERIOD 1888 TO 2015


WEATHER ITEM   OBSERVED RECORD YEAR NORMAL DEPARTURE LAST
                VALUE   VALUE       VALUE  FROM      YEAR
                                           NORMAL
...........................................................
TEMPERATURE (F)
 YESTERDAY
  MAXIMUM         77     99    2000  82     -5       74
  MINIMUM         50     41    1910  58     -8       54
  AVERAGE         64                 70     -6       64

PRECIPITATION (IN)
  YESTERDAY        0.00   0.50 2007   0.06  -0.06     0.00
  MONTH TO DATE    1.51               1.63  -0.12     3.41
  SINCE JUN 1     12.00               7.29   4.71    10.88
  SINCE JAN 1     21.36              15.34   6.02    16.06

SNOWFALL (IN)
  YESTERDAY        0.0    0.0  2002   0.0    0.0      0.0
                               2001
                               1951
  MONTH TO DATE    0.0                0.0    0.0      0.0
  SINCE JUN 1      0.0                0.0    0.0      0.0
  SINCE JUL 1      0.0                0.0    0.0      0.0
  SNOW DEPTH       0

DEGREE DAYS
 HEATING
  YESTERDAY        1                  1      0        1
  MONTH TO DATE   29                  4     25        1
  SINCE JUN 1     63                104    -41      120
  SINCE JUL 1     30                 16     14       12

 COOLING
  YESTERDAY        0                  6     -6        0
  MONTH TO DATE  174                188    -14      159
  SINCE JUN 1    504                539    -35      396
  SINCE JAN 1    512                557    -45      424
...........................................................


WIND (MPH)
  HIGHEST GUST SPEED    17   HIGHEST GUST DIRECTION    SE (140)



WEATHER CONDITIONS
 THE FOLLOWING WEATHER WAS RECORDED YESTERDAY.
  NO SIGNIFICANT WEATHER WAS OBSERVED.


..........................................................


THE EAST RAPID CITY SD CLIMATE NORMALS FOR TODAY
                         NORMAL    RECORD    YEAR
 MAXIMUM TEMPERATURE (F)   82       101      1926
 MINIMUM TEMPERATURE (F)   58        39      1910


SUNRISE AND SUNSET
AUGUST 25 2015........SUNRISE   608 AM MDT   SUNSET   741 PM MDT
AUGUST 26 2015........SUNRISE   609 AM MDT   SUNSET   740 PM MDT


-  INDICATES NEGATIVE NUMBERS.
R  INDICATES RECORD WAS SET OR TIED.
MM INDICATES DATA IS MISSING.
T  INDICATES TRACE AMOUNT.




$$
