570
CDUS43 KUNR 170832
CLIUNR


CLIMATE REPORT
NATIONAL WEATHER SERVICE RAPID CITY SD
131 AM MST SAT FEB 17 2018


...................................

...THE EAST RAPID CITY SD CLIMATE SUMMARY FOR FEBRUARY 16 2018...

CLIMATE NORMAL PERIOD 1981 TO 2010
CLIMATE RECORD PERIOD 1888 TO 2018


WEATHER ITEM   OBSERVED RECORD YEAR NORMAL DEPARTURE LAST
                VALUE   VALUE       VALUE  FROM      YEAR
                                           NORMAL
...........................................................
TEMPERATURE (F)
 YESTERDAY
  MAXIMUM         38     72    2017  39     -1       72
  MINIMUM          0    -27    1936  18    -18       48
  AVERAGE         19                 28     -9       60

PRECIPITATION (IN)
  YESTERDAY        0.00   0.16 1998   0.01  -0.01     0.00
  MONTH TO DATE    0.47               0.26   0.21     0.18
  SINCE DEC 1      1.03               0.87   0.16     1.35
  SINCE JAN 1      0.73               0.55   0.18     0.53

SNOWFALL (IN)
  YESTERDAY        0.0    2.3  2015   0.3   -0.3      0.0
  MONTH TO DATE    8.9                4.1    4.8      4.8
  SINCE DEC 1     20.0               14.8    5.2     25.0
  SINCE JUL 1     21.1               23.4   -2.3     28.7
  SNOW DEPTH       1

DEGREE DAYS
 HEATING
  YESTERDAY       46                 37      9        5
  MONTH TO DATE  792                603    189      549
  SINCE DEC 1   3156               2951    205     3243
  SINCE JUL 1   4536               4531      5     4274

 COOLING
  YESTERDAY        0                  0      0        0
  MONTH TO DATE    0                  0      0        0
  SINCE DEC 1      0                  0      0        0
  SINCE JAN 1      0                  0      0        0
...........................................................


WIND (MPH)
  HIGHEST GUST SPEED    18   HIGHEST GUST DIRECTION     E (110)



WEATHER CONDITIONS
 THE FOLLOWING WEATHER WAS RECORDED YESTERDAY.
  NO SIGNIFICANT WEATHER WAS OBSERVED.


..........................................................


THE EAST RAPID CITY SD CLIMATE NORMALS FOR TODAY
                         NORMAL    RECORD    YEAR
 MAXIMUM TEMPERATURE (F)   39        67      1948
 MINIMUM TEMPERATURE (F)   18       -25      1936


SUNRISE AND SUNSET
FEBRUARY 17 2018......SUNRISE   649 AM MST   SUNSET   525 PM MST
FEBRUARY 18 2018......SUNRISE   647 AM MST   SUNSET   527 PM MST


-  INDICATES NEGATIVE NUMBERS.
R  INDICATES RECORD WAS SET OR TIED.
MM INDICATES DATA IS MISSING.
T  INDICATES TRACE AMOUNT.




$$
