000
CDUS43 KUNR 121830
CLIUNR


CLIMATE REPORT
NATIONAL WEATHER SERVICE RAPID CITY SD
1230 PM MDT FRI MAY 12 2017


...................................

...THE EAST RAPID CITY SD CLIMATE SUMMARY FOR MAY 12 2017...
VALID AS OF 1100 AM LOCAL TIME.

CLIMATE NORMAL PERIOD 1981 TO 2010
CLIMATE RECORD PERIOD 1888 TO 2017


WEATHER ITEM   OBSERVED RECORD YEAR NORMAL DEPARTURE LAST
                VALUE   VALUE       VALUE  FROM      YEAR
                                           NORMAL
...........................................................
TEMPERATURE (F)
 TODAY
  MAXIMUM         76     89    1941  65     11       66
  MINIMUM         45     23    1953  44      1       39
  AVERAGE         61                 55      6       53

PRECIPITATION (IN)
  TODAY            0.00   1.10 1920   0.14  -0.14     0.00
  MONTH TO DATE    0.38               1.39  -1.01     0.27
  SINCE MAR 1      2.81               4.48  -1.67     2.50
  SINCE JAN 1      3.60               5.25  -1.65     3.31

SNOWFALL (IN)
  TODAY            0.0    3.5  2010   0.0    0.0      0.0
  MONTH TO DATE    0.0                1.4   -1.4      0.0
  SINCE MAR 1      6.0               22.0  -16.0     11.7
  SINCE JUL 1     39.2               48.7   -9.5     41.6
  SNOW DEPTH       0

DEGREE DAYS
 HEATING
  TODAY            4                 11     -7       12
  MONTH TO DATE   90                152    -62      114
  SINCE MAR 1   1403               1664   -261     1311
  SINCE JUL 1   5999               6618   -619     5560

 COOLING
  TODAY            0                  0      0        0
  MONTH TO DATE    9                  0      9        2
  SINCE MAR 1      9                  1      8        4
  SINCE JAN 1      9                  1      8        4
...........................................................





WEATHER CONDITIONS
 THE FOLLOWING WEATHER WAS RECORDED TODAY.
  NO SIGNIFICANT WEATHER WAS OBSERVED.


..........................................................


THE EAST RAPID CITY SD CLIMATE NORMALS FOR TOMORROW
                         NORMAL    RECORD    YEAR
 MAXIMUM TEMPERATURE (F)   66        94      2001
 MINIMUM TEMPERATURE (F)   44        24      1953


SUNRISE AND SUNSET
MAY 12 2017...........SUNRISE   530 AM MDT   SUNSET   809 PM MDT
MAY 13 2017...........SUNRISE   528 AM MDT   SUNSET   811 PM MDT


-  INDICATES NEGATIVE NUMBERS.
R  INDICATES RECORD WAS SET OR TIED.
MM INDICATES DATA IS MISSING.
T  INDICATES TRACE AMOUNT.




$$
