000
CDUS43 KUNR 151831
CLIUNR


CLIMATE REPORT
NATIONAL WEATHER SERVICE RAPID CITY SD
1130 AM MST WED NOV 15 2017


...................................

...THE EAST RAPID CITY SD CLIMATE SUMMARY FOR NOVEMBER 15 2017...
VALID AS OF 1100 AM LOCAL TIME.

CLIMATE NORMAL PERIOD 1981 TO 2010
CLIMATE RECORD PERIOD 1888 TO 2017


WEATHER ITEM   OBSERVED RECORD YEAR NORMAL DEPARTURE LAST
                VALUE   VALUE       VALUE  FROM      YEAR
                                           NORMAL
...........................................................
TEMPERATURE (F)
 TODAY
  MAXIMUM         44     73    1953  46     -2       62
  MINIMUM         32     -7    1955  28      4       40
  AVERAGE         38                 37      1       51

PRECIPITATION (IN)
  TODAY            0.00   0.17 1961   0.01  -0.01     0.00
  MONTH TO DATE    0.08               0.43  -0.35     0.00
  SINCE SEP 1      2.45               3.62  -1.17     1.43
  SINCE JAN 1     12.42              19.30  -6.88    12.73

SNOWFALL (IN)
  TODAY            0.0    2.2  1961   0.2   -0.2      0.0
  MONTH TO DATE    0.9                3.3   -2.4      0.0
  SINCE SEP 1      0.9                5.7   -4.8       T
  SINCE JUL 1      0.9                5.7   -4.8       T
  SNOW DEPTH       0

DEGREE DAYS
 HEATING
  TODAY           27                 28     -1       14
  MONTH TO DATE  451                376     75      139
  SINCE SEP 1   1078               1075      3      580
  SINCE JUL 1   1083               1105    -22      605

 COOLING
  TODAY            0                  0      0        0
  MONTH TO DATE    0                  0      0        0
  SINCE SEP 1    117                 70     47       53
  SINCE JAN 1    854                665    189      813
...........................................................





WEATHER CONDITIONS
 THE FOLLOWING WEATHER WAS RECORDED TODAY.
  NO SIGNIFICANT WEATHER WAS OBSERVED.


..........................................................


THE EAST RAPID CITY SD CLIMATE NORMALS FOR TOMORROW
                         NORMAL    RECORD    YEAR
 MAXIMUM TEMPERATURE (F)   46        73      1953
 MINIMUM TEMPERATURE (F)   27       -10      1959


SUNRISE AND SUNSET
NOVEMBER 15 2017......SUNRISE   648 AM MST   SUNSET   426 PM MST
NOVEMBER 16 2017......SUNRISE   650 AM MST   SUNSET   425 PM MST


-  INDICATES NEGATIVE NUMBERS.
R  INDICATES RECORD WAS SET OR TIED.
MM INDICATES DATA IS MISSING.
T  INDICATES TRACE AMOUNT.




$$
