000
CDUS43 KUNR 231830
CLIUNR


CLIMATE REPORT
NATIONAL WEATHER SERVICE RAPID CITY SD
1130 AM MST FRI JAN 23 2015


...................................

...THE EAST RAPID CITY SD CLIMATE SUMMARY FOR JANUARY 23 2015...
VALID AS OF 1100 AM LOCAL TIME.

CLIMATE NORMAL PERIOD 1981 TO 2010
CLIMATE RECORD PERIOD 1888 TO 2015


WEATHER ITEM   OBSERVED RECORD YEAR NORMAL DEPARTURE LAST
                VALUE   VALUE       VALUE  FROM      YEAR
                                           NORMAL
...........................................................
TEMPERATURE (F)
 TODAY
  MAXIMUM         49     67    2005  37     12       40
  MINIMUM         35    -20    1894  16     19       -5
  AVERAGE         42                 27     15       18

PRECIPITATION (IN)
  TODAY            0.00   0.24 1964   0.01  -0.01     0.00
  MONTH TO DATE    0.10               0.20  -0.10     0.17
  SINCE DEC 1      0.48               0.52  -0.04     0.71
  SINCE JAN 1      0.10               0.20  -0.10     0.17

SNOWFALL (IN)
  TODAY            0.0    3.3  1964   0.2   -0.2      0.0
  MONTH TO DATE    2.1                3.7   -1.6      3.3
  SINCE DEC 1      9.6                8.9    0.7     12.5
  SINCE JUL 1     24.9               17.5    7.4     42.3
  SNOW DEPTH       0

DEGREE DAYS
 HEATING
  TODAY           23                 38    -15       47
  MONTH TO DATE  861                874    -13      838
  SINCE DEC 1   1925               2041   -116     2185
  SINCE JUL 1   3539               3621    -82     3774

 COOLING
  TODAY            0                  0      0        0
  MONTH TO DATE    0                  0      0        0
  SINCE DEC 1      0                  0      0        0
  SINCE JAN 1      0                  0      0        0
...........................................................





WEATHER CONDITIONS
 THE FOLLOWING WEATHER WAS RECORDED TODAY.
  NO SIGNIFICANT WEATHER WAS OBSERVED.


..........................................................


THE EAST RAPID CITY SD CLIMATE NORMALS FOR TOMORROW
                         NORMAL    RECORD    YEAR
 MAXIMUM TEMPERATURE (F)   37        69      2005
                                             1968
 MINIMUM TEMPERATURE (F)   16       -26      1894


SUNRISE AND SUNSET
JANUARY 23 2015.......SUNRISE   719 AM MST   SUNSET   450 PM MST
JANUARY 24 2015.......SUNRISE   718 AM MST   SUNSET   452 PM MST


-  INDICATES NEGATIVE NUMBERS.
R  INDICATES RECORD WAS SET OR TIED.
MM INDICATES DATA IS MISSING.
T  INDICATES TRACE AMOUNT.




$$
