000
CDUS43 KUNR 220042
CLIUNR


CLIMATE REPORT
NATIONAL WEATHER SERVICE RAPID CITY SD
541 PM MST SAT FEB 21 2015


...................................

...THE EAST RAPID CITY SD CLIMATE SUMMARY FOR FEBRUARY 21 2015...
VALID TODAY AS OF 0500 PM LOCAL TIME.

CLIMATE NORMAL PERIOD 1981 TO 2010
CLIMATE RECORD PERIOD 1888 TO 2015


WEATHER ITEM   OBSERVED RECORD YEAR NORMAL DEPARTURE LAST
                VALUE   VALUE       VALUE  FROM      YEAR
                                           NORMAL
...........................................................
TEMPERATURE (F)
 TODAY
  MAXIMUM         35     68    1961  40     -5       41
  MINIMUM         17    -14    1894  19     -2       23
  AVERAGE         26                 29     -3       32

PRECIPITATION (IN)
  TODAY            0.03   0.15 1957   0.01   0.02      T
  MONTH TO DATE    0.23               0.34  -0.11     0.12
  SINCE DEC 1      0.76               0.95  -0.19     0.92
  SINCE JAN 1      0.38               0.63  -0.25     0.38

SNOWFALL (IN)
  TODAY            0.6    1.8  1957   0.3    0.3       T
  MONTH TO DATE    5.1                5.4   -0.3      3.3
  SINCE DEC 1     16.9               16.1    0.8     16.6
  SINCE JUL 1     32.2               24.7    7.5     46.4
  SNOW DEPTH       T

DEGREE DAYS
 HEATING
  TODAY           39                 36      3       33
  MONTH TO DATE  665                784   -119      916
  SINCE DEC 1   2755               3132   -377     3404
  SINCE JUL 1   4369               4712   -343     4993

 COOLING
  TODAY            0                  0      0        0
  MONTH TO DATE    0                  0      0        0
  SINCE DEC 1      0                  0      0        0
  SINCE JAN 1      0                  0      0        0
...........................................................





WEATHER CONDITIONS
 THE FOLLOWING WEATHER WAS RECORDED TODAY.
  NO SIGNIFICANT WEATHER WAS OBSERVED.


..........................................................


THE EAST RAPID CITY SD CLIMATE NORMALS FOR TOMORROW
                         NORMAL    RECORD    YEAR
 MAXIMUM TEMPERATURE (F)   40        70      1958
 MINIMUM TEMPERATURE (F)   19       -17      1910


SUNRISE AND SUNSET
FEBRUARY 21 2015......SUNRISE   643 AM MST   SUNSET   530 PM MST
FEBRUARY 22 2015......SUNRISE   642 AM MST   SUNSET   532 PM MST


-  INDICATES NEGATIVE NUMBERS.
R  INDICATES RECORD WAS SET OR TIED.
MM INDICATES DATA IS MISSING.
T  INDICATES TRACE AMOUNT.




$$
