000
CDUS43 KUNR 260831
CLIUNR


CLIMATE REPORT
NATIONAL WEATHER SERVICE RAPID CITY SD
230 AM MDT TUE APR 26 2016


...................................

...THE EAST RAPID CITY SD CLIMATE SUMMARY FOR APRIL 25 2016...

CLIMATE NORMAL PERIOD 1981 TO 2010
CLIMATE RECORD PERIOD 1888 TO 2016


WEATHER ITEM   OBSERVED RECORD YEAR NORMAL DEPARTURE LAST
                VALUE   VALUE       VALUE  FROM      YEAR
                                           NORMAL
...........................................................
TEMPERATURE (F)
 YESTERDAY
  MAXIMUM         51     85    1901  59     -8       51
  MINIMUM         37     21    1950  38     -1       42
  AVERAGE         44                 48     -4       47

PRECIPITATION (IN)
  YESTERDAY        0.00   1.38 1999   0.08  -0.08     0.04
  MONTH TO DATE    0.42               1.62  -1.20     0.72
  SINCE MAR 1      1.47               2.61  -1.14     0.82
  SINCE JAN 1      2.28               3.38  -1.10     1.37

SNOWFALL (IN)
  YESTERDAY        0.0    3.0  1958   0.2   -0.2      0.0
  MONTH TO DATE    1.2                7.8   -6.6       T
  SINCE MAR 1      9.1               19.6  -10.5      1.4
  SINCE JUL 1     39.0               46.3   -7.3     37.1
  SNOW DEPTH       0

DEGREE DAYS
 HEATING
  YESTERDAY       21                 17      4       18
  MONTH TO DATE  372                526   -154      441
  SINCE MAR 1   1057               1434   -377     1066
  SINCE JUL 1   5306               6388  -1082     5762

 COOLING
  YESTERDAY        0                  0      0        0
  MONTH TO DATE    2                  0      2        0
  SINCE MAR 1      2                  0      2        6
  SINCE JAN 1      2                  0      2        6
...........................................................


WIND (MPH)
  HIGHEST GUST SPEED    28   HIGHEST GUST DIRECTION     N (20)



WEATHER CONDITIONS
 THE FOLLOWING WEATHER WAS RECORDED YESTERDAY.
  NO SIGNIFICANT WEATHER WAS OBSERVED.


..........................................................


THE EAST RAPID CITY SD CLIMATE NORMALS FOR TODAY
                         NORMAL    RECORD    YEAR
 MAXIMUM TEMPERATURE (F)   60        88      1952
 MINIMUM TEMPERATURE (F)   38        21      1950


SUNRISE AND SUNSET
APRIL 26 2016.........SUNRISE   551 AM MDT   SUNSET   751 PM MDT
APRIL 27 2016.........SUNRISE   549 AM MDT   SUNSET   752 PM MDT


-  INDICATES NEGATIVE NUMBERS.
R  INDICATES RECORD WAS SET OR TIED.
MM INDICATES DATA IS MISSING.
T  INDICATES TRACE AMOUNT.




$$
