000
CDUS43 KUNR 140831
CLIUNR


CLIMATE REPORT
NATIONAL WEATHER SERVICE RAPID CITY SD
230 AM MDT TUE OCT 14 2014


...................................

...THE EAST RAPID CITY SD CLIMATE SUMMARY FOR OCTOBER 13 2014...

CLIMATE NORMAL PERIOD 1981 TO 2010
CLIMATE RECORD PERIOD 1888 TO 2014


WEATHER ITEM   OBSERVED RECORD YEAR NORMAL DEPARTURE LAST
                VALUE   VALUE       VALUE  FROM      YEAR
                                           NORMAL
...........................................................
TEMPERATURE (F)
 YESTERDAY
  MAXIMUM         60     87    1958  60      0       58
  MINIMUM         44     20    1969  38      6       34
  AVERAGE         52                 49      3       46

PRECIPITATION (IN)
  YESTERDAY        0.00   0.99 1892   0.05  -0.05     0.00
  MONTH TO DATE    0.47               0.69  -0.22     4.11
  SINCE SEP 1      5.29               2.23   3.06     5.06
  SINCE JAN 1     22.69              17.91   4.78    20.81

SNOWFALL (IN)
  YESTERDAY        0.0                0.1   -0.1      0.0
  MONTH TO DATE    0.0                0.4   -0.4     23.1
  SINCE SEP 1      1.6                0.5    1.1     23.1
  SINCE JUL 1      1.6                0.5    1.1     23.1
  SNOW DEPTH       0

DEGREE DAYS
 HEATING
  YESTERDAY       13                 16     -3       19
  MONTH TO DATE  169                179    -10      215
  SINCE SEP 1    354                358     -4      304
  SINCE JUL 1    378                388    -10      310

 COOLING
  YESTERDAY        0                  0      0        0
  MONTH TO DATE    0                  0      0        0
  SINCE SEP 1     78                 66     12      145
  SINCE JAN 1    514                661   -147      830
...........................................................


WIND (MPH)
  HIGHEST GUST SPEED    32   HIGHEST GUST DIRECTION     N (10)



WEATHER CONDITIONS
 THE FOLLOWING WEATHER WAS RECORDED YESTERDAY.
  NO SIGNIFICANT WEATHER WAS OBSERVED.


..........................................................


THE EAST RAPID CITY SD CLIMATE NORMALS FOR TODAY
                         NORMAL    RECORD    YEAR
 MAXIMUM TEMPERATURE (F)   60        83      1962
 MINIMUM TEMPERATURE (F)   38        16      1969


SUNRISE AND SUNSET
OCTOBER 14 2014.......SUNRISE   706 AM MDT   SUNSET   611 PM MDT
OCTOBER 15 2014.......SUNRISE   708 AM MDT   SUNSET   609 PM MDT


-  INDICATES NEGATIVE NUMBERS.
R  INDICATES RECORD WAS SET OR TIED.
MM INDICATES DATA IS MISSING.
T  INDICATES TRACE AMOUNT.




$$
