000
CDUS43 KUNR 150838
CLIUNR


CLIMATE REPORT
NATIONAL WEATHER SERVICE RAPID CITY SD
236 AM MDT FRI SEP 15 2017


...................................

...THE EAST RAPID CITY SD CLIMATE SUMMARY FOR SEPTEMBER 14 2017...

CLIMATE NORMAL PERIOD 1981 TO 2010
CLIMATE RECORD PERIOD 1888 TO 2017


WEATHER ITEM   OBSERVED RECORD YEAR NORMAL DEPARTURE LAST
                VALUE   VALUE       VALUE  FROM      YEAR
                                           NORMAL
...........................................................
TEMPERATURE (F)
 YESTERDAY
  MAXIMUM         74     99    1948  73      1       75
  MINIMUM         59     23    1904  51      8       40
  AVERAGE         67                 62      5       58

PRECIPITATION (IN)
  YESTERDAY        T      0.36 1900   0.05  -0.05      T
  MONTH TO DATE    0.59               0.73  -0.14     0.40
  SINCE SEP 1      0.59               0.73  -0.14     0.40
  SINCE JAN 1     10.56              16.41  -5.85    11.70

SNOWFALL (IN)
  YESTERDAY        0.0    0.0  2002   0.0    0.0      0.0
                               2001
                               1970
  MONTH TO DATE    0.0                0.0    0.0      0.0
  SINCE SEP 1      0.0                0.0    0.0      0.0
  SINCE JUL 1      0.0                0.0    0.0      0.0
  SNOW DEPTH       0

DEGREE DAYS
 HEATING
  YESTERDAY        0                  5     -5        7
  MONTH TO DATE   11                 47    -36       53
  SINCE SEP 1     11                 47    -36       53
  SINCE JUL 1     16                 77    -61       78

 COOLING
  YESTERDAY        2                  2      0        0
  MONTH TO DATE  112                 49     63       30
  SINCE SEP 1    112                 49     63       30
  SINCE JAN 1    849                644    205      790
...........................................................


WIND (MPH)
  HIGHEST GUST SPEED    30   HIGHEST GUST DIRECTION     N (10)



WEATHER CONDITIONS
 THE FOLLOWING WEATHER WAS RECORDED YESTERDAY.
  LIGHT RAIN


..........................................................


THE EAST RAPID CITY SD CLIMATE NORMALS FOR TODAY
                         NORMAL    RECORD    YEAR
 MAXIMUM TEMPERATURE (F)   73       101      1948
 MINIMUM TEMPERATURE (F)   50        30      1934


SUNRISE AND SUNSET
SEPTEMBER 15 2017.....SUNRISE   632 AM MDT   SUNSET   703 PM MDT
SEPTEMBER 16 2017.....SUNRISE   633 AM MDT   SUNSET   701 PM MDT


-  INDICATES NEGATIVE NUMBERS.
R  INDICATES RECORD WAS SET OR TIED.
MM INDICATES DATA IS MISSING.
T  INDICATES TRACE AMOUNT.




$$
