000
CDUS43 KUNR 091830
CLIUNR


CLIMATE REPORT
NATIONAL WEATHER SERVICE RAPID CITY SD
1230 PM MDT SAT SEP 9 2017


...................................

...THE EAST RAPID CITY SD CLIMATE SUMMARY FOR SEPTEMBER 9 2017...
VALID AS OF 1100 AM LOCAL TIME.

CLIMATE NORMAL PERIOD 1981 TO 2010
CLIMATE RECORD PERIOD 1888 TO 2017


WEATHER ITEM   OBSERVED RECORD YEAR NORMAL DEPARTURE LAST
                VALUE   VALUE       VALUE  FROM      YEAR
                                           NORMAL
...........................................................
TEMPERATURE (F)
 TODAY
  MAXIMUM         82    100    1931  76      6       62
  MINIMUM         67     35    1898  53     14       50
  AVERAGE         75                 64     11       56

PRECIPITATION (IN)
  TODAY            0.00   1.19 1898   0.06  -0.06     0.02
  MONTH TO DATE    0.04               0.46  -0.42     0.32
  SINCE SEP 1      0.04               0.46  -0.42     0.32
  SINCE JAN 1     10.01              16.14  -6.13    11.62

SNOWFALL (IN)
  TODAY            0.0    0.0  2002   0.0    0.0      0.0
                               2001
                               2000
  MONTH TO DATE    0.0                0.0    0.0      0.0
  SINCE SEP 1      0.0                0.0    0.0      0.0
  SINCE JUL 1      0.0                0.0    0.0      0.0
  SNOW DEPTH       0

DEGREE DAYS
 HEATING
  TODAY            0                  4     -4        9
  MONTH TO DATE   11                 25    -14       15
  SINCE SEP 1     11                 25    -14       15
  SINCE JUL 1     16                 55    -39       40

 COOLING
  TODAY           10                  3      7        0
  MONTH TO DATE   61                 36     25       22
  SINCE SEP 1     61                 36     25       22
  SINCE JAN 1    798                631    167      782
...........................................................





WEATHER CONDITIONS
 THE FOLLOWING WEATHER WAS RECORDED TODAY.
  NO SIGNIFICANT WEATHER WAS OBSERVED.


..........................................................


THE EAST RAPID CITY SD CLIMATE NORMALS FOR TOMORROW
                         NORMAL    RECORD    YEAR
 MAXIMUM TEMPERATURE (F)   75        97      2012
 MINIMUM TEMPERATURE (F)   53        33      1962


SUNRISE AND SUNSET
SEPTEMBER  9 2017.....SUNRISE   625 AM MDT   SUNSET   714 PM MDT
SEPTEMBER 10 2017.....SUNRISE   627 AM MDT   SUNSET   712 PM MDT


-  INDICATES NEGATIVE NUMBERS.
R  INDICATES RECORD WAS SET OR TIED.
MM INDICATES DATA IS MISSING.
T  INDICATES TRACE AMOUNT.




$$
