000
CDUS43 KUNR 190838
CLIUNR


CLIMATE REPORT
NATIONAL WEATHER SERVICE RAPID CITY SD
135 AM MST WED NOV 19 2014


...................................

...THE EAST RAPID CITY SD CLIMATE SUMMARY FOR NOVEMBER 18 2014...

CLIMATE NORMAL PERIOD 1981 TO 2010
CLIMATE RECORD PERIOD 1888 TO 2014


WEATHER ITEM   OBSERVED RECORD YEAR NORMAL DEPARTURE LAST
                VALUE   VALUE       VALUE  FROM      YEAR
                                           NORMAL
...........................................................
TEMPERATURE (F)
 YESTERDAY
  MAXIMUM         45     78    2008  44      1       55
  MINIMUM          4     -2    1903  27    -23       29
  AVERAGE         25                 36    -11       42

PRECIPITATION (IN)
  YESTERDAY        0.00   0.60 1930   0.02  -0.02     0.00
  MONTH TO DATE    0.45               0.48  -0.03     0.32
  SINCE SEP 1      5.74               3.67   2.07     6.71
  SINCE JAN 1     23.14              19.35   3.79    22.46

SNOWFALL (IN)
  YESTERDAY        0.0    4.8  2011   0.2   -0.2      0.0
  MONTH TO DATE   10.2                4.0    6.2      4.0
  SINCE SEP 1     11.8                6.4    5.4     29.5
  SINCE JUL 1     11.8                6.4    5.4     29.5
  SNOW DEPTH       1

DEGREE DAYS
 HEATING
  YESTERDAY       40                 29     11       23
  MONTH TO DATE  647                463    184      459
  SINCE SEP 1   1201               1162     39     1184
  SINCE JUL 1   1225               1192     33     1190

 COOLING
  YESTERDAY        0                  0      0        0
  MONTH TO DATE    0                  0      0        0
  SINCE SEP 1     78                 70      8      145
  SINCE JAN 1    514                665   -151      830
...........................................................


WIND (MPH)
  HIGHEST GUST SPEED    54   HIGHEST GUST DIRECTION    NW (310)



WEATHER CONDITIONS
 THE FOLLOWING WEATHER WAS RECORDED YESTERDAY.
  NO SIGNIFICANT WEATHER WAS OBSERVED.


..........................................................


THE EAST RAPID CITY SD CLIMATE NORMALS FOR TODAY
                         NORMAL    RECORD    YEAR
 MAXIMUM TEMPERATURE (F)   44        76      1897
 MINIMUM TEMPERATURE (F)   26        -3      1921


SUNRISE AND SUNSET
NOVEMBER 19 2014......SUNRISE   653 AM MST   SUNSET   423 PM MST
NOVEMBER 20 2014......SUNRISE   655 AM MST   SUNSET   422 PM MST


-  INDICATES NEGATIVE NUMBERS.
R  INDICATES RECORD WAS SET OR TIED.
MM INDICATES DATA IS MISSING.
T  INDICATES TRACE AMOUNT.




$$
