022
CDUS43 KUNR 160832
CLIUNR


CLIMATE REPORT
NATIONAL WEATHER SERVICE RAPID CITY SD
131 AM MST MON JAN 16 2017


...................................

...THE EAST RAPID CITY SD CLIMATE SUMMARY FOR JANUARY 15 2017...

CLIMATE NORMAL PERIOD 1981 TO 2010
CLIMATE RECORD PERIOD 1888 TO 2017


WEATHER ITEM   OBSERVED RECORD YEAR NORMAL DEPARTURE LAST
                VALUE   VALUE       VALUE  FROM      YEAR
                                           NORMAL
...........................................................
TEMPERATURE (F)
 YESTERDAY
  MAXIMUM         29     60    2000  38     -9       32
  MINIMUM         18    -26    1888  16      2       23
  AVERAGE         24                 27     -3       28

PRECIPITATION (IN)
  YESTERDAY        0.00   0.20 1953   0.01  -0.01      T
  MONTH TO DATE    0.12               0.13  -0.01     0.02
  SINCE DEC 1      0.94               0.45   0.49     0.75
  SINCE JAN 1      0.12               0.13  -0.01     0.02

SNOWFALL (IN)
  YESTERDAY        0.0    3.4  2003   0.1   -0.1       T
  MONTH TO DATE    3.6                2.3    1.3       T
  SINCE DEC 1     15.7                7.5    8.2     15.5
  SINCE JUL 1     19.4               16.1    3.3     21.5
  SNOW DEPTH       3

DEGREE DAYS
 HEATING
  YESTERDAY       41                 38      3       37
  MONTH TO DATE  799                570    229      586
  SINCE DEC 1   2192               1737    455     1688
  SINCE JUL 1   3223               3317    -94     2946

 COOLING
  YESTERDAY        0                  0      0        0
  MONTH TO DATE    0                  0      0        0
  SINCE DEC 1      0                  0      0        0
  SINCE JAN 1      0                  0      0        0
...........................................................


WIND (MPH)
  HIGHEST GUST SPEED    18   HIGHEST GUST DIRECTION     W (260)



WEATHER CONDITIONS
 THE FOLLOWING WEATHER WAS RECORDED YESTERDAY.
  NO SIGNIFICANT WEATHER WAS OBSERVED.


..........................................................


THE EAST RAPID CITY SD CLIMATE NORMALS FOR TODAY
                         NORMAL    RECORD    YEAR
 MAXIMUM TEMPERATURE (F)   38        65      1972
 MINIMUM TEMPERATURE (F)   16       -22      1916


SUNRISE AND SUNSET
JANUARY 16 2017.......SUNRISE   724 AM MST   SUNSET   442 PM MST
JANUARY 17 2017.......SUNRISE   723 AM MST   SUNSET   443 PM MST


-  INDICATES NEGATIVE NUMBERS.
R  INDICATES RECORD WAS SET OR TIED.
MM INDICATES DATA IS MISSING.
T  INDICATES TRACE AMOUNT.




$$
