960
CDUS43 KUNR 221832
CLIUNR


CLIMATE REPORT
NATIONAL WEATHER SERVICE RAPID CITY SD
1231 PM MDT FRI APR 22 2016


...................................

...THE EAST RAPID CITY SD CLIMATE SUMMARY FOR APRIL 22 2016...
VALID AS OF 1100 AM LOCAL TIME.

CLIMATE NORMAL PERIOD 1981 TO 2010
CLIMATE RECORD PERIOD 1888 TO 2016


WEATHER ITEM   OBSERVED RECORD YEAR NORMAL DEPARTURE LAST
                VALUE   VALUE       VALUE  FROM      YEAR
                                           NORMAL
...........................................................
TEMPERATURE (F)
 TODAY
  MAXIMUM         69     85    1939  58     11       61
  MINIMUM         41     17    1967  36      5       27
  AVERAGE         55                 47      8       44

PRECIPITATION (IN)
  TODAY            0.00   1.25 2001   0.08  -0.08     0.00
  MONTH TO DATE    0.42               1.38  -0.96     0.51
  SINCE MAR 1      1.47               2.37  -0.90     0.61
  SINCE JAN 1      2.28               3.14  -0.86     1.16

SNOWFALL (IN)
  TODAY            0.0   19.2  2001   0.3   -0.3      0.0
  MONTH TO DATE    1.2                7.2   -6.0       T
  SINCE MAR 1      9.1               19.0   -9.9      1.4
  SINCE JUL 1     39.0               45.7   -6.7     37.1
  SNOW DEPTH       0

DEGREE DAYS
 HEATING
  TODAY           10                 18     -8       21
  MONTH TO DATE  344                475   -131      401
  SINCE MAR 1   1029               1383   -354     1026
  SINCE JUL 1   5278               6337  -1059     5722

 COOLING
  TODAY            0                  0      0        0
  MONTH TO DATE    0                  0      0        0
  SINCE MAR 1      0                  0      0        6
  SINCE JAN 1      0                  0      0        6
...........................................................





WEATHER CONDITIONS
 THE FOLLOWING WEATHER WAS RECORDED TODAY.
  NO SIGNIFICANT WEATHER WAS OBSERVED.


..........................................................


THE EAST RAPID CITY SD CLIMATE NORMALS FOR TOMORROW
                         NORMAL    RECORD    YEAR
 MAXIMUM TEMPERATURE (F)   58        85      1906
 MINIMUM TEMPERATURE (F)   37        16      1902


SUNRISE AND SUNSET
APRIL 22 2016.........SUNRISE   557 AM MDT   SUNSET   746 PM MDT
APRIL 23 2016.........SUNRISE   556 AM MDT   SUNSET   747 PM MDT


-  INDICATES NEGATIVE NUMBERS.
R  INDICATES RECORD WAS SET OR TIED.
MM INDICATES DATA IS MISSING.
T  INDICATES TRACE AMOUNT.




$$
