000
CDUS43 KUNR 121834
CLIUNR


CLIMATE REPORT
NATIONAL WEATHER SERVICE RAPID CITY SD
1234 PM MDT SUN OCT 12 2014


...................................

...THE EAST RAPID CITY SD CLIMATE SUMMARY FOR OCTOBER 12 2014...
VALID AS OF 1100 AM LOCAL TIME.

CLIMATE NORMAL PERIOD 1981 TO 2010
CLIMATE RECORD PERIOD 1888 TO 2014


WEATHER ITEM   OBSERVED RECORD YEAR NORMAL DEPARTURE LAST
                VALUE   VALUE       VALUE  FROM      YEAR
                                           NORMAL
...........................................................
TEMPERATURE (F)
 TODAY
  MAXIMUM         61     88    1956  61      0       52
  MINIMUM         45     14    1909  39      6       36
  AVERAGE         53                 50      3       44

PRECIPITATION (IN)
  TODAY            0.18   0.51 1892   0.05   0.13     0.01
  MONTH TO DATE    0.34               0.64  -0.30     4.11
  SINCE SEP 1      5.16               2.18   2.98     5.06
  SINCE JAN 1     22.56              17.86   4.70    20.81

SNOWFALL (IN)
  TODAY            0.0                0.0    0.0      0.0
  MONTH TO DATE    0.0                0.3   -0.3     23.1
  SINCE SEP 1      1.6                0.4    1.2     23.1
  SINCE JUL 1      1.6                0.4    1.2     23.1
  SNOW DEPTH       0

DEGREE DAYS
 HEATING
  TODAY           12                 16     -4       21
  MONTH TO DATE  155                163     -8      196
  SINCE SEP 1    340                342     -2      285
  SINCE JUL 1    364                372     -8      291

 COOLING
  TODAY            0                  0      0        0
  MONTH TO DATE    0                  0      0        0
  SINCE SEP 1     78                 66     12      145
  SINCE JAN 1    514                661   -147      830
...........................................................





WEATHER CONDITIONS
 THE FOLLOWING WEATHER WAS RECORDED TODAY.
  RAIN
  LIGHT RAIN


..........................................................


THE EAST RAPID CITY SD CLIMATE NORMALS FOR TOMORROW
                         NORMAL    RECORD    YEAR
 MAXIMUM TEMPERATURE (F)   60        87      1958
 MINIMUM TEMPERATURE (F)   38        20      1969


SUNRISE AND SUNSET
OCTOBER 12 2014.......SUNRISE   704 AM MDT   SUNSET   614 PM MDT
OCTOBER 13 2014.......SUNRISE   705 AM MDT   SUNSET   612 PM MDT


-  INDICATES NEGATIVE NUMBERS.
R  INDICATES RECORD WAS SET OR TIED.
MM INDICATES DATA IS MISSING.
T  INDICATES TRACE AMOUNT.




$$
