000
CDUS43 KUNR 110038
CLIUNR


CLIMATE REPORT
NATIONAL WEATHER SERVICE RAPID CITY SD
637 PM MDT WED AUG 10 2016


...................................

...THE EAST RAPID CITY SD CLIMATE SUMMARY FOR AUGUST 10 2016...
VALID TODAY AS OF 0500 PM LOCAL TIME.

CLIMATE NORMAL PERIOD 1981 TO 2010
CLIMATE RECORD PERIOD 1888 TO 2016


WEATHER ITEM   OBSERVED RECORD YEAR NORMAL DEPARTURE LAST
                VALUE   VALUE       VALUE  FROM      YEAR
                                           NORMAL
...........................................................
TEMPERATURE (F)
 TODAY
  MAXIMUM         90    103    1935  85      5       83
  MINIMUM         67     44    1939  61      6       59
  AVERAGE         79                 73      6       71

PRECIPITATION (IN)
  TODAY            0.02   1.24 1955   0.08  -0.06     0.00
  MONTH TO DATE    1.15               0.78   0.37     0.09
  SINCE JUN 1      4.59               6.44  -1.85    10.58
  SINCE JAN 1      9.13              14.49  -5.36    19.94

SNOWFALL (IN)
  TODAY            0.0    0.2  1955   0.0    0.0      0.0
  MONTH TO DATE    0.0                0.0    0.0      0.0
  SINCE JUN 1      0.0                0.0    0.0      0.0
  SINCE JUL 1      0.0                0.0    0.0      0.0
  SNOW DEPTH       0

DEGREE DAYS
 HEATING
  TODAY            0                  0      0        0
  MONTH TO DATE    0                  0      0        0
  SINCE JUN 1      6                100    -94       34
  SINCE JUL 1      1                 12    -11        1

 COOLING
  TODAY           14                  8      6        6
  MONTH TO DATE  100                 88     12       81
  SINCE JUN 1    630                439    191      411
  SINCE JAN 1    636                457    179      419
...........................................................





WEATHER CONDITIONS
 THE FOLLOWING WEATHER WAS RECORDED TODAY.
  NO SIGNIFICANT WEATHER WAS OBSERVED.


..........................................................


THE EAST RAPID CITY SD CLIMATE NORMALS FOR TOMORROW
                         NORMAL    RECORD    YEAR
 MAXIMUM TEMPERATURE (F)   85       103      1969
 MINIMUM TEMPERATURE (F)   61        45      2004
                                             1939


SUNRISE AND SUNSET
AUGUST 10 2016........SUNRISE   551 AM MDT   SUNSET   804 PM MDT
AUGUST 11 2016........SUNRISE   553 AM MDT   SUNSET   802 PM MDT


-  INDICATES NEGATIVE NUMBERS.
R  INDICATES RECORD WAS SET OR TIED.
MM INDICATES DATA IS MISSING.
T  INDICATES TRACE AMOUNT.




$$
