000
CDUS43 KUNR 130037
CLIUNR


CLIMATE REPORT
NATIONAL WEATHER SERVICE RAPID CITY SD
637 PM MDT MON SEP 12 2016


...................................

...THE EAST RAPID CITY SD CLIMATE SUMMARY FOR SEPTEMBER 12 2016...
VALID TODAY AS OF 0500 PM LOCAL TIME.

CLIMATE NORMAL PERIOD 1981 TO 2010
CLIMATE RECORD PERIOD 1888 TO 2016


WEATHER ITEM   OBSERVED RECORD YEAR NORMAL DEPARTURE LAST
                VALUE   VALUE       VALUE  FROM      YEAR
                                           NORMAL
...........................................................
TEMPERATURE (F)
 TODAY
  MAXIMUM         59     96    2004  74    -15       79
  MINIMUM         48     32    2014  52     -4       55
                               1903
  AVERAGE         54                 63     -9       67

PRECIPITATION (IN)
  TODAY            0.01   1.20 2009   0.05  -0.04     0.00
  MONTH TO DATE    0.33               0.62  -0.29      T
  SINCE SEP 1      0.33               0.62  -0.29      T
  SINCE JAN 1     11.63              16.30  -4.67    22.10

SNOWFALL (IN)
  TODAY            0.0    0.0  2002   0.0    0.0      0.0
                               2001
                               1950
  MONTH TO DATE    0.0                0.0    0.0      0.0
  SINCE SEP 1      0.0                0.0    0.0      0.0
  SINCE JUL 1      0.0                0.0    0.0      0.0
  SNOW DEPTH       0

DEGREE DAYS
 HEATING
  TODAY           11                  4      7        0
  MONTH TO DATE   26                 37    -11        7
  SINCE SEP 1     26                 37    -11        7
  SINCE JUL 1     51                 67    -16       37

 COOLING
  TODAY            0                  3     -3        2
  MONTH TO DATE   30                 45    -15       68
  SINCE SEP 1     30                 45    -15       68
  SINCE JAN 1    790                640    150      645
...........................................................





WEATHER CONDITIONS
 THE FOLLOWING WEATHER WAS RECORDED TODAY.
  LIGHT RAIN


..........................................................


THE EAST RAPID CITY SD CLIMATE NORMALS FOR TOMORROW
                         NORMAL    RECORD    YEAR
 MAXIMUM TEMPERATURE (F)   74       100      1895
 MINIMUM TEMPERATURE (F)   51        31      1970


SUNRISE AND SUNSET
SEPTEMBER 12 2016.....SUNRISE   629 AM MDT   SUNSET   708 PM MDT
SEPTEMBER 13 2016.....SUNRISE   630 AM MDT   SUNSET   706 PM MDT


-  INDICATES NEGATIVE NUMBERS.
R  INDICATES RECORD WAS SET OR TIED.
MM INDICATES DATA IS MISSING.
T  INDICATES TRACE AMOUNT.




$$
