000
CDUS43 KUNR 140834
CLIUNR


CLIMATE REPORT
NATIONAL WEATHER SERVICE RAPID CITY SD
233 AM MDT THU AUG 14 2014


...................................

...THE EAST RAPID CITY SD CLIMATE SUMMARY FOR AUGUST 13 2014...

CLIMATE NORMAL PERIOD 1981 TO 2010
CLIMATE RECORD PERIOD 1888 TO 2014


WEATHER ITEM   OBSERVED RECORD YEAR NORMAL DEPARTURE LAST
                VALUE   VALUE       VALUE  FROM      YEAR
                                           NORMAL
...........................................................
TEMPERATURE (F)
 YESTERDAY
  MAXIMUM         89    101    2007  85      4       80
  MINIMUM         62     47    2004  61      1       58
                               1966
  AVERAGE         76                 73      3       69

PRECIPITATION (IN)
  YESTERDAY        0.02   2.01 1997   0.07  -0.05     0.21
  MONTH TO DATE    2.80               0.99   1.81     1.88
  SINCE JUN 1     10.27               6.65   3.62     5.87
  SINCE JAN 1     15.45              14.70   0.75    14.59

SNOWFALL (IN)
  YESTERDAY        0.0                0.0    0.0      0.0
  MONTH TO DATE    0.0                0.0    0.0      0.0
  SINCE JUN 1      0.0                0.0    0.0      0.0
  SINCE JUL 1      0.0                0.0    0.0      0.0
  SNOW DEPTH       0

DEGREE DAYS
 HEATING
  YESTERDAY        0                  0      0        0
  MONTH TO DATE    0                  0      0        0
  SINCE JUN 1    119                100     19       64
  SINCE JUL 1     11                 12     -1        6

 COOLING
  YESTERDAY       11                  8      3        4
  MONTH TO DATE   86                112    -26       63
  SINCE JUN 1    323                463   -140      436
  SINCE JAN 1    351                481   -130      460
...........................................................


WIND (MPH)
  HIGHEST GUST SPEED    24   HIGHEST GUST DIRECTION    SE (140)



WEATHER CONDITIONS
 THE FOLLOWING WEATHER WAS RECORDED YESTERDAY.
  LIGHT RAIN


..........................................................


THE EAST RAPID CITY SD CLIMATE NORMALS FOR TODAY
                         NORMAL    RECORD    YEAR
 MAXIMUM TEMPERATURE (F)   84       106      1935
 MINIMUM TEMPERATURE (F)   61        48      1895


SUNRISE AND SUNSET
AUGUST 14 2014........SUNRISE   555 AM MDT   SUNSET   759 PM MDT
AUGUST 15 2014........SUNRISE   557 AM MDT   SUNSET   757 PM MDT


-  INDICATES NEGATIVE NUMBERS.
R  INDICATES RECORD WAS SET OR TIED.
MM INDICATES DATA IS MISSING.
T  INDICATES TRACE AMOUNT.




$$
