000
CDUS43 KUNR 240047
CLIUNR


CLIMATE REPORT
NATIONAL WEATHER SERVICE RAPID CITY SD
646 PM MDT TUE JUN 23 2015


...................................

...THE EAST RAPID CITY SD CLIMATE SUMMARY FOR JUNE 23 2015...
VALID TODAY AS OF 0500 PM LOCAL TIME.

CLIMATE NORMAL PERIOD 1981 TO 2010
CLIMATE RECORD PERIOD 1888 TO 2015


WEATHER ITEM   OBSERVED RECORD YEAR NORMAL DEPARTURE LAST
                VALUE   VALUE       VALUE  FROM      YEAR
                                           NORMAL
...........................................................
TEMPERATURE (F)
 TODAY
  MAXIMUM         76    102    1937  79     -3       74
  MINIMUM         59     42    1967  57      2       58
  AVERAGE         68                 68      0       66

PRECIPITATION (IN)
  TODAY            0.08   1.35 1938   0.09  -0.01     0.01
  MONTH TO DATE    5.54               2.67   2.87     4.17
  SINCE JUN 1      5.54               2.67   2.87     4.17
  SINCE JAN 1     14.90              10.72   4.18     9.35

SNOWFALL (IN)
  TODAY            0.0    0.0  2002   0.0    0.0      0.0
                               2001
                               2000
  MONTH TO DATE    0.0                0.0    0.0      0.0
  SINCE JUN 1      0.0                0.0    0.0      0.0
  SINCE JUL 1     50.7               49.3    1.4     73.5
  SNOW DEPTH       0

DEGREE DAYS
 HEATING
  TODAY            0                  2     -2        0
  MONTH TO DATE   33                 80    -47      107
  SINCE JUN 1     33                 80    -47      107
  SINCE JUL 1   6273               6852   -579     7403

 COOLING
  TODAY            3                  4     -1        1
  MONTH TO DATE   57                 54      3       15
  SINCE JUN 1     57                 54      3       15
  SINCE JAN 1     65                 72     -7       43
...........................................................





WEATHER CONDITIONS
 THE FOLLOWING WEATHER WAS RECORDED TODAY.
  THUNDERSTORM
  LIGHT RAIN


..........................................................


THE EAST RAPID CITY SD CLIMATE NORMALS FOR TOMORROW
                         NORMAL    RECORD    YEAR
 MAXIMUM TEMPERATURE (F)   79       103      1936
 MINIMUM TEMPERATURE (F)   57        41      1967


SUNRISE AND SUNSET
JUNE 23 2015..........SUNRISE   510 AM MDT   SUNSET   840 PM MDT
JUNE 24 2015..........SUNRISE   510 AM MDT   SUNSET   840 PM MDT


-  INDICATES NEGATIVE NUMBERS.
R  INDICATES RECORD WAS SET OR TIED.
MM INDICATES DATA IS MISSING.
T  INDICATES TRACE AMOUNT.




$$
