000
CDUS43 KUNR 190835
CLIUNR


CLIMATE REPORT
NATIONAL WEATHER SERVICE RAPID CITY SD
234 AM MDT TUE APR 19 2016


...................................

...THE EAST RAPID CITY SD CLIMATE SUMMARY FOR APRIL 18 2016...

CLIMATE NORMAL PERIOD 1981 TO 2010
CLIMATE RECORD PERIOD 1888 TO 2016


WEATHER ITEM   OBSERVED RECORD YEAR NORMAL DEPARTURE LAST
                VALUE   VALUE       VALUE  FROM      YEAR
                                           NORMAL
...........................................................
TEMPERATURE (F)
 YESTERDAY
  MAXIMUM         36     84    1923  57    -21       51
  MINIMUM         32     16    1953  35     -3       44
  AVERAGE         34                 46    -12       48

PRECIPITATION (IN)
  YESTERDAY        0.09   1.90 1903   0.08   0.01     0.31
  MONTH TO DATE    0.42               1.07  -0.65     0.51
  SINCE MAR 1      1.47               2.06  -0.59     0.61
  SINCE JAN 1      2.28               2.83  -0.55     1.16

SNOWFALL (IN)
  YESTERDAY        T     20.0  1970   0.3   -0.3      0.0
  MONTH TO DATE    1.2                6.2   -5.0       T
  SINCE MAR 1      9.1               18.0   -8.9      1.4
  SINCE JUL 1     39.0               44.7   -5.7     37.1
  SNOW DEPTH       0

DEGREE DAYS
 HEATING
  YESTERDAY       31                 19     12       17
  MONTH TO DATE  290                401   -111      319
  SINCE MAR 1    975               1309   -334      944
  SINCE JUL 1   5224               6263  -1039     5640

 COOLING
  YESTERDAY        0                  0      0        0
  MONTH TO DATE    0                  0      0        0
  SINCE MAR 1      0                  0      0        6
  SINCE JAN 1      0                  0      0        6
...........................................................


WIND (MPH)
  HIGHEST GUST SPEED    23   HIGHEST GUST DIRECTION     N (10)



WEATHER CONDITIONS
 THE FOLLOWING WEATHER WAS RECORDED YESTERDAY.
  NO SIGNIFICANT WEATHER WAS OBSERVED.


..........................................................


THE EAST RAPID CITY SD CLIMATE NORMALS FOR TODAY
                         NORMAL    RECORD    YEAR
 MAXIMUM TEMPERATURE (F)   57        85      1936
 MINIMUM TEMPERATURE (F)   35        18      1966


SUNRISE AND SUNSET
APRIL 19 2016.........SUNRISE   602 AM MDT   SUNSET   742 PM MDT
APRIL 20 2016.........SUNRISE   600 AM MDT   SUNSET   744 PM MDT


-  INDICATES NEGATIVE NUMBERS.
R  INDICATES RECORD WAS SET OR TIED.
MM INDICATES DATA IS MISSING.
T  INDICATES TRACE AMOUNT.




$$
