000
CDUS43 KUNR 080845
CLIUNR


CLIMATE REPORT
NATIONAL WEATHER SERVICE RAPID CITY SD
245 AM MDT SAT JUL 8 2017


...................................

...THE EAST RAPID CITY SD CLIMATE SUMMARY FOR JULY 7 2017...

CLIMATE NORMAL PERIOD 1981 TO 2010
CLIMATE RECORD PERIOD 1888 TO 2017


WEATHER ITEM   OBSERVED RECORD YEAR NORMAL DEPARTURE LAST
                VALUE   VALUE       VALUE  FROM      YEAR
                                           NORMAL
...........................................................
TEMPERATURE (F)
 YESTERDAY
  MAXIMUM         91    105    2007  83      8       78
  MINIMUM         66     46    1931  61      5       58
  AVERAGE         79                 72      7       68

PRECIPITATION (IN)
  YESTERDAY        0.00   0.92 1914   0.08  -0.08     0.00
  MONTH TO DATE    0.05               0.50  -0.45     1.46
  SINCE JUN 1      1.58               3.66  -2.08     2.04
  SINCE JAN 1      6.21              11.71  -5.50     6.58

SNOWFALL (IN)
  YESTERDAY        0.0    0.0  2002   0.0    0.0      0.0
                               2001
                               2000
  MONTH TO DATE    0.0                0.0    0.0      0.0
  SINCE JUN 1      0.0                0.0    0.0      0.0
  SINCE JUL 1      0.0                0.0    0.0      0.0
  SNOW DEPTH       0

DEGREE DAYS
 HEATING
  YESTERDAY        0                  0      0        0
  MONTH TO DATE    0                  6     -6        1
  SINCE JUN 1     12                 94    -82        6
  SINCE JUL 1      0                  6     -6        1

 COOLING
  YESTERDAY       14                  7      7        3
  MONTH TO DATE  101                 47     54       38
  SINCE JUN 1    243                138    105      283
  SINCE JAN 1    256                156    100      289
...........................................................


WIND (MPH)
  HIGHEST GUST SPEED    47   HIGHEST GUST DIRECTION    NW (330)



WEATHER CONDITIONS
 THE FOLLOWING WEATHER WAS RECORDED YESTERDAY.
  NO SIGNIFICANT WEATHER WAS OBSERVED.


..........................................................


THE EAST RAPID CITY SD CLIMATE NORMALS FOR TODAY
                         NORMAL    RECORD    YEAR
 MAXIMUM TEMPERATURE (F)   83       100      1954
 MINIMUM TEMPERATURE (F)   61        45      1904


SUNRISE AND SUNSET
JULY  8 2017..........SUNRISE   518 AM MDT   SUNSET   837 PM MDT
JULY  9 2017..........SUNRISE   519 AM MDT   SUNSET   837 PM MDT


-  INDICATES NEGATIVE NUMBERS.
R  INDICATES RECORD WAS SET OR TIED.
MM INDICATES DATA IS MISSING.
T  INDICATES TRACE AMOUNT.




$$
