000
CDUS43 KUNR 041836
CLIUNR


CLIMATE REPORT
NATIONAL WEATHER SERVICE RAPID CITY SD
1136 AM MST MON DEC 4 2017


...................................

...THE EAST RAPID CITY SD CLIMATE SUMMARY FOR DECEMBER 4 2017...
VALID AS OF 1100 AM LOCAL TIME.

CLIMATE NORMAL PERIOD 1981 TO 2010
CLIMATE RECORD PERIOD 1888 TO 2017


WEATHER ITEM   OBSERVED RECORD YEAR NORMAL DEPARTURE LAST
                VALUE   VALUE       VALUE  FROM      YEAR
                                           NORMAL
...........................................................
TEMPERATURE (F)
 TODAY
  MAXIMUM         39     73    1965  38      1       48
  MINIMUM         23     -5    1909  21      2       31
  AVERAGE         31                 29      2       40

PRECIPITATION (IN)
  TODAY            0.03   0.60 1960   0.01   0.02     0.00
  MONTH TO DATE    0.03               0.04  -0.01     0.00
  SINCE DEC 1      0.03               0.04  -0.01     0.00
  SINCE JAN 1     12.60              19.51  -6.91    12.95

SNOWFALL (IN)
  TODAY            0.5    4.0  1960   0.2    0.3      0.0
  MONTH TO DATE    0.5                0.7   -0.2      0.0
  SINCE DEC 1      0.5                0.7   -0.2      0.0
  SINCE JUL 1      1.6                9.3   -7.7      3.7
  SNOW DEPTH       T

DEGREE DAYS
 HEATING
  TODAY           34                 36     -2       25
  MONTH TO DATE   97                142    -45      132
  SINCE DEC 1     97                142    -45      132
  SINCE JUL 1   1477               1722   -245     1163

 COOLING
  TODAY            0                  0      0        0
  MONTH TO DATE    0                  0      0        0
  SINCE DEC 1      0                  0      0        0
  SINCE JAN 1    854                665    189      813
...........................................................





WEATHER CONDITIONS
 THE FOLLOWING WEATHER WAS RECORDED TODAY.
  NO SIGNIFICANT WEATHER WAS OBSERVED.


..........................................................


THE EAST RAPID CITY SD CLIMATE NORMALS FOR TOMORROW
                         NORMAL    RECORD    YEAR
 MAXIMUM TEMPERATURE (F)   37        79      1939
 MINIMUM TEMPERATURE (F)   20        -9      1950


SUNRISE AND SUNSET
DECEMBER  4 2017......SUNRISE   711 AM MST   SUNSET   415 PM MST
DECEMBER  5 2017......SUNRISE   712 AM MST   SUNSET   415 PM MST


-  INDICATES NEGATIVE NUMBERS.
R  INDICATES RECORD WAS SET OR TIED.
MM INDICATES DATA IS MISSING.
T  INDICATES TRACE AMOUNT.




$$
