000
CDUS43 KUNR 150844
CLIUNR


CLIMATE REPORT
NATIONAL WEATHER SERVICE RAPID CITY SD
238 AM MDT THU SEP 15 2016


...................................

...THE EAST RAPID CITY SD CLIMATE SUMMARY FOR SEPTEMBER 14 2016...

CLIMATE NORMAL PERIOD 1981 TO 2010
CLIMATE RECORD PERIOD 1888 TO 2016


WEATHER ITEM   OBSERVED RECORD YEAR NORMAL DEPARTURE LAST
                VALUE   VALUE       VALUE  FROM      YEAR
                                           NORMAL
...........................................................
TEMPERATURE (F)
 YESTERDAY
  MAXIMUM         75     99    1948  73      2       83
  MINIMUM         40     23    1904  51    -11       58
  AVERAGE         58                 62     -4       71

PRECIPITATION (IN)
  YESTERDAY        T      0.36 1900   0.05  -0.05     0.00
  MONTH TO DATE    0.40               0.73  -0.33      T
  SINCE SEP 1      0.40               0.73  -0.33      T
  SINCE JAN 1     11.70              16.41  -4.71    22.10

SNOWFALL (IN)
  YESTERDAY        0.0    0.0  2002   0.0    0.0      0.0
                               2001
                               1970
  MONTH TO DATE    0.0                0.0    0.0      0.0
  SINCE SEP 1      0.0                0.0    0.0      0.0
  SINCE JUL 1      0.0                0.0    0.0      0.0
  SNOW DEPTH       0

DEGREE DAYS
 HEATING
  YESTERDAY        7                  5      2        0
  MONTH TO DATE   53                 47      6        7
  SINCE SEP 1     53                 47      6        7
  SINCE JUL 1     78                 77      1       37

 COOLING
  YESTERDAY        0                  2     -2        6
  MONTH TO DATE   30                 49    -19       84
  SINCE SEP 1     30                 49    -19       84
  SINCE JAN 1    790                644    146      661
...........................................................


WIND (MPH)
  HIGHEST GUST SPEED    37   HIGHEST GUST DIRECTION     W (280)



WEATHER CONDITIONS
 THE FOLLOWING WEATHER WAS RECORDED YESTERDAY.
  THUNDERSTORM
  LIGHT RAIN


..........................................................


THE EAST RAPID CITY SD CLIMATE NORMALS FOR TODAY
                         NORMAL    RECORD    YEAR
 MAXIMUM TEMPERATURE (F)   73       101      1948
 MINIMUM TEMPERATURE (F)   50        30      1934


SUNRISE AND SUNSET
SEPTEMBER 15 2016.....SUNRISE   633 AM MDT   SUNSET   702 PM MDT
SEPTEMBER 16 2016.....SUNRISE   634 AM MDT   SUNSET   700 PM MDT


-  INDICATES NEGATIVE NUMBERS.
R  INDICATES RECORD WAS SET OR TIED.
MM INDICATES DATA IS MISSING.
T  INDICATES TRACE AMOUNT.




$$
