000
CDUS43 KUNR 120040
CLIUNR


CLIMATE REPORT
NATIONAL WEATHER SERVICE RAPID CITY SD
639 PM MDT THU SEP 11 2014


...................................

...THE EAST RAPID CITY SD CLIMATE SUMMARY FOR SEPTEMBER 11 2014...
VALID TODAY AS OF 0500 PM LOCAL TIME.

CLIMATE NORMAL PERIOD 1981 TO 2010
CLIMATE RECORD PERIOD 1888 TO 2014


WEATHER ITEM   OBSERVED RECORD YEAR NORMAL DEPARTURE LAST
                VALUE   VALUE       VALUE  FROM      YEAR
                                           NORMAL
...........................................................
TEMPERATURE (F)
 TODAY
  MAXIMUM         37     94    1908  75    -38       81
  MINIMUM         32     29    1921  52    -20       60
  AVERAGE         35                 64    -29       71

PRECIPITATION (IN)
  TODAY            0.32   0.54 1891   0.06   0.26     0.00
  MONTH TO DATE    0.95               0.57   0.38     0.57
  SINCE SEP 1      0.95               0.57   0.38     0.57
  SINCE JAN 1     18.35              16.25   2.10    16.32

SNOWFALL (IN)
  TODAY            1.6                0.0    1.6      0.0
  MONTH TO DATE    1.6                0.0    1.6      0.0
  SINCE SEP 1      1.6                0.0    1.6      0.0
  SINCE JUL 1      1.6                0.0    1.6      0.0
  SNOW DEPTH       0

DEGREE DAYS
 HEATING
  TODAY           30                  4     26        0
  MONTH TO DATE   77                 33     44        0
  SINCE SEP 1     77                 33     44        0
  SINCE JUL 1    101                 63     38        6

 COOLING
  TODAY            0                  3     -3        6
  MONTH TO DATE   26                 42    -16      108
  SINCE SEP 1     26                 42    -16      108
  SINCE JAN 1    462                637   -175      793
...........................................................





WEATHER CONDITIONS
 THE FOLLOWING WEATHER WAS RECORDED TODAY.
  LIGHT RAIN
  LIGHT SNOW


..........................................................


THE EAST RAPID CITY SD CLIMATE NORMALS FOR TOMORROW
                         NORMAL    RECORD    YEAR
 MAXIMUM TEMPERATURE (F)   74        96      2004
 MINIMUM TEMPERATURE (F)   52        32      1903


SUNRISE AND SUNSET
SEPTEMBER 11 2014.....SUNRISE   627 AM MDT   SUNSET   711 PM MDT
SEPTEMBER 12 2014.....SUNRISE   629 AM MDT   SUNSET   709 PM MDT


-  INDICATES NEGATIVE NUMBERS.
R  INDICATES RECORD WAS SET OR TIED.
MM INDICATES DATA IS MISSING.
T  INDICATES TRACE AMOUNT.




$$
