000
CDUS43 KUNR 060833
CLIUNR


CLIMATE REPORT
NATIONAL WEATHER SERVICE RAPID CITY SD
232 AM MDT WED SEP 6 2017


...................................

...THE EAST RAPID CITY SD CLIMATE SUMMARY FOR SEPTEMBER 5 2017...

CLIMATE NORMAL PERIOD 1981 TO 2010
CLIMATE RECORD PERIOD 1888 TO 2017


WEATHER ITEM   OBSERVED RECORD YEAR NORMAL DEPARTURE LAST
                VALUE   VALUE       VALUE  FROM      YEAR
                                           NORMAL
...........................................................
TEMPERATURE (F)
 YESTERDAY
  MAXIMUM         69     98    1960  78     -9       77
  MINIMUM         48     40    1965  55     -7       52
  AVERAGE         59                 66     -7       65

PRECIPITATION (IN)
  YESTERDAY        0.00   0.91 2004   0.05  -0.05      T
  MONTH TO DATE    0.02               0.25  -0.23     0.25
  SINCE SEP 1      0.02               0.25  -0.23     0.25
  SINCE JAN 1      9.99              15.93  -5.94    11.55

SNOWFALL (IN)
  YESTERDAY        0.0    0.0  2002   0.0    0.0      0.0
                               2001
                               2000
  MONTH TO DATE    0.0                0.0    0.0      0.0
  SINCE SEP 1      0.0                0.0    0.0      0.0
  SINCE JUL 1      0.0                0.0    0.0      0.0
  SNOW DEPTH       0

DEGREE DAYS
 HEATING
  YESTERDAY        6                  3      3        0
  MONTH TO DATE    9                 12     -3        2
  SINCE SEP 1      9                 12     -3        2
  SINCE JUL 1     14                 42    -28       27

 COOLING
  YESTERDAY        0                  4     -4        0
  MONTH TO DATE   36                 22     14       19
  SINCE SEP 1     36                 22     14       19
  SINCE JAN 1    773                617    156      779
...........................................................


WIND (MPH)
  HIGHEST GUST SPEED    31   HIGHEST GUST DIRECTION     N (360)



WEATHER CONDITIONS
 THE FOLLOWING WEATHER WAS RECORDED YESTERDAY.
  NO SIGNIFICANT WEATHER WAS OBSERVED.


..........................................................


THE EAST RAPID CITY SD CLIMATE NORMALS FOR TODAY
                         NORMAL    RECORD    YEAR
 MAXIMUM TEMPERATURE (F)   77        98      1931
 MINIMUM TEMPERATURE (F)   54        34      1956


SUNRISE AND SUNSET
SEPTEMBER  6 2017.....SUNRISE   622 AM MDT   SUNSET   719 PM MDT
SEPTEMBER  7 2017.....SUNRISE   623 AM MDT   SUNSET   717 PM MDT


-  INDICATES NEGATIVE NUMBERS.
R  INDICATES RECORD WAS SET OR TIED.
MM INDICATES DATA IS MISSING.
T  INDICATES TRACE AMOUNT.




$$
