000
CDUS43 KUNR 160832
CLIUNR


CLIMATE REPORT
NATIONAL WEATHER SERVICE RAPID CITY SD
231 AM MDT THU OCT 16 2014


...................................

...THE EAST RAPID CITY SD CLIMATE SUMMARY FOR OCTOBER 15 2014...

CLIMATE NORMAL PERIOD 1981 TO 2010
CLIMATE RECORD PERIOD 1888 TO 2014


WEATHER ITEM   OBSERVED RECORD YEAR NORMAL DEPARTURE LAST
                VALUE   VALUE       VALUE  FROM      YEAR
                                           NORMAL
...........................................................
TEMPERATURE (F)
 YESTERDAY
  MAXIMUM         82     87    1950  59     23       41
  MINIMUM         42     24    1966  38      4       32
  AVERAGE         62                 48     14       37

PRECIPITATION (IN)
  YESTERDAY        0.00   0.74 1934   0.06  -0.06     0.07
  MONTH TO DATE    0.47               0.81  -0.34     5.28
  SINCE SEP 1      5.29               2.35   2.94     6.23
  SINCE JAN 1     22.69              18.03   4.66    21.98

SNOWFALL (IN)
  YESTERDAY        0.0                0.1   -0.1      0.4
  MONTH TO DATE    0.0                0.5   -0.5     24.2
  SINCE SEP 1      1.6                0.6    1.0     24.2
  SINCE JUL 1      1.6                0.6    1.0     24.2
  SNOW DEPTH       0

DEGREE DAYS
 HEATING
  YESTERDAY        3                 17    -14       28
  MONTH TO DATE  180                212    -32      269
  SINCE SEP 1    365                391    -26      358
  SINCE JUL 1    389                421    -32      364

 COOLING
  YESTERDAY        0                  0      0        0
  MONTH TO DATE    0                  0      0        0
  SINCE SEP 1     78                 66     12      145
  SINCE JAN 1    514                661   -147      830
...........................................................


WIND (MPH)
  HIGHEST GUST SPEED    25   HIGHEST GUST DIRECTION    SW (220)



WEATHER CONDITIONS
 THE FOLLOWING WEATHER WAS RECORDED YESTERDAY.
  NO SIGNIFICANT WEATHER WAS OBSERVED.


..........................................................


THE EAST RAPID CITY SD CLIMATE NORMALS FOR TODAY
                         NORMAL    RECORD    YEAR
 MAXIMUM TEMPERATURE (F)   59        86      1956
 MINIMUM TEMPERATURE (F)   37        17      1922


SUNRISE AND SUNSET
OCTOBER 16 2014.......SUNRISE   709 AM MDT   SUNSET   607 PM MDT
OCTOBER 17 2014.......SUNRISE   710 AM MDT   SUNSET   606 PM MDT


-  INDICATES NEGATIVE NUMBERS.
R  INDICATES RECORD WAS SET OR TIED.
MM INDICATES DATA IS MISSING.
T  INDICATES TRACE AMOUNT.




$$
