000
CDUS43 KUNR 130041
CLIUNR


CLIMATE REPORT
NATIONAL WEATHER SERVICE RAPID CITY SD
641 PM MDT TUE AUG 12 2014


...................................

...THE EAST RAPID CITY SD CLIMATE SUMMARY FOR AUGUST 12 2014...
VALID TODAY AS OF 0500 PM LOCAL TIME.

CLIMATE NORMAL PERIOD 1981 TO 2010
CLIMATE RECORD PERIOD 1888 TO 2014


WEATHER ITEM   OBSERVED RECORD YEAR NORMAL DEPARTURE LAST
                VALUE   VALUE       VALUE  FROM      YEAR
                                           NORMAL
...........................................................
TEMPERATURE (F)
 TODAY
  MAXIMUM         84    102    1938  85     -1       77
  MINIMUM         61     43    1964  61      0       58
  AVERAGE         73                 73      0       68

PRECIPITATION (IN)
  TODAY            0.00   1.06 1921   0.07  -0.07     0.00
  MONTH TO DATE    2.78               0.92   1.86     1.67
  SINCE JUN 1     10.25               6.58   3.67     5.66
  SINCE JAN 1     15.43              14.63   0.80    14.38

SNOWFALL (IN)
  TODAY            0.0                0.0    0.0      0.0
  MONTH TO DATE    0.0                0.0    0.0      0.0
  SINCE JUN 1      0.0                0.0    0.0      0.0
  SINCE JUL 1      0.0                0.0    0.0      0.0
  SNOW DEPTH       0

DEGREE DAYS
 HEATING
  TODAY            0                  0      0        0
  MONTH TO DATE    0                  0      0        0
  SINCE JUN 1    119                100     19       64
  SINCE JUL 1     11                 12     -1        6

 COOLING
  TODAY            8                  8      0        3
  MONTH TO DATE   75                104    -29       59
  SINCE JUN 1    312                455   -143      432
  SINCE JAN 1    340                473   -133      456
...........................................................





WEATHER CONDITIONS
 THE FOLLOWING WEATHER WAS RECORDED TODAY.
  NO SIGNIFICANT WEATHER WAS OBSERVED.


..........................................................


THE EAST RAPID CITY SD CLIMATE NORMALS FOR TOMORROW
                         NORMAL    RECORD    YEAR
 MAXIMUM TEMPERATURE (F)   85       101      2007
 MINIMUM TEMPERATURE (F)   61        47      2004
                                             1966


SUNRISE AND SUNSET
AUGUST 12 2014........SUNRISE   553 AM MDT   SUNSET   802 PM MDT
AUGUST 13 2014........SUNRISE   554 AM MDT   SUNSET   800 PM MDT


-  INDICATES NEGATIVE NUMBERS.
R  INDICATES RECORD WAS SET OR TIED.
MM INDICATES DATA IS MISSING.
T  INDICATES TRACE AMOUNT.




$$
