000
CDUS43 KUNR 140831
CLIUNR


CLIMATE REPORT
NATIONAL WEATHER SERVICE RAPID CITY SD
130 AM MST SUN DEC 14 2014


...................................

...THE EAST RAPID CITY SD CLIMATE SUMMARY FOR DECEMBER 13 2014...

CLIMATE NORMAL PERIOD 1981 TO 2010
CLIMATE RECORD PERIOD 1888 TO 2014


WEATHER ITEM   OBSERVED RECORD YEAR NORMAL DEPARTURE LAST
                VALUE   VALUE       VALUE  FROM      YEAR
                                           NORMAL
...........................................................
TEMPERATURE (F)
 YESTERDAY
  MAXIMUM         62     63    1921  36     26       37
  MINIMUM         33    -19    1916  18     15       15
  AVERAGE         48                 27     21       26

PRECIPITATION (IN)
  YESTERDAY        0.00   0.20 1922   0.01  -0.01      T
  MONTH TO DATE    0.00               0.12  -0.12     0.16
  SINCE DEC 1      0.00               0.12  -0.12     0.16
  SINCE JAN 1     23.35              19.59   3.76    22.62

SNOWFALL (IN)
  YESTERDAY        0.0    2.8  2009   0.2   -0.2       T
  MONTH TO DATE    0.0                2.2   -2.2      2.7
  SINCE DEC 1      0.0                2.2   -2.2      2.7
  SINCE JUL 1     15.3               10.8    4.5     32.5
  SNOW DEPTH       0

DEGREE DAYS
 HEATING
  YESTERDAY       17                 38    -21       39
  MONTH TO DATE  338                477   -139      662
  SINCE DEC 1    338                477   -139      662
  SINCE JUL 1   1952               2057   -105     2251

 COOLING
  YESTERDAY        0                  0      0        0
  MONTH TO DATE    0                  0      0        0
  SINCE DEC 1      0                  0      0        0
  SINCE JAN 1    514                665   -151      830
...........................................................


WIND (MPH)
  HIGHEST GUST SPEED    26   HIGHEST GUST DIRECTION     N (360)



WEATHER CONDITIONS
 THE FOLLOWING WEATHER WAS RECORDED YESTERDAY.
  NO SIGNIFICANT WEATHER WAS OBSERVED.


..........................................................


THE EAST RAPID CITY SD CLIMATE NORMALS FOR TODAY
                         NORMAL    RECORD    YEAR
 MAXIMUM TEMPERATURE (F)   36        69      1998
 MINIMUM TEMPERATURE (F)   18       -24      1901


SUNRISE AND SUNSET
DECEMBER 14 2014......SUNRISE   720 AM MST   SUNSET   415 PM MST
DECEMBER 15 2014......SUNRISE   721 AM MST   SUNSET   415 PM MST


-  INDICATES NEGATIVE NUMBERS.
R  INDICATES RECORD WAS SET OR TIED.
MM INDICATES DATA IS MISSING.
T  INDICATES TRACE AMOUNT.




$$
