000
CDUS43 KUNR 091836
CLIUNR


CLIMATE REPORT
NATIONAL WEATHER SERVICE RAPID CITY SD
1236 PM MDT TUE MAY 9 2017


...................................

...THE EAST RAPID CITY SD CLIMATE SUMMARY FOR MAY 9 2017...
VALID AS OF 1100 AM LOCAL TIME.

CLIMATE NORMAL PERIOD 1981 TO 2010
CLIMATE RECORD PERIOD 1888 TO 2017


WEATHER ITEM   OBSERVED RECORD YEAR NORMAL DEPARTURE LAST
                VALUE   VALUE       VALUE  FROM      YEAR
                                           NORMAL
...........................................................
TEMPERATURE (F)
 TODAY
  MAXIMUM         61     88    1916  64     -3       55
  MINIMUM         50     26    1909  43      7       47
  AVERAGE         56                 54      2       51

PRECIPITATION (IN)
  TODAY            0.00   1.29 1890   0.11  -0.11     0.22
  MONTH TO DATE    0.06               1.00  -0.94     0.27
  SINCE MAR 1      2.49               4.09  -1.60     2.50
  SINCE JAN 1      3.28               4.86  -1.58     3.31

SNOWFALL (IN)
  TODAY            0.0    8.0  1965   0.0    0.0      0.0
  MONTH TO DATE    0.0                1.2   -1.2      0.0
  SINCE MAR 1      6.0               21.8  -15.8     11.7
  SINCE JUL 1     39.2               48.5   -9.3     41.6
  SNOW DEPTH       0

DEGREE DAYS
 HEATING
  TODAY            9                 12     -3       14
  MONTH TO DATE   69                118    -49       70
  SINCE MAR 1   1382               1630   -248     1267
  SINCE JUL 1   5978               6584   -606     5516

 COOLING
  TODAY            0                  0      0        0
  MONTH TO DATE    9                  0      9        2
  SINCE MAR 1      9                  1      8        4
  SINCE JAN 1      9                  1      8        4
...........................................................





WEATHER CONDITIONS
 THE FOLLOWING WEATHER WAS RECORDED TODAY.
  NO SIGNIFICANT WEATHER WAS OBSERVED.


..........................................................


THE EAST RAPID CITY SD CLIMATE NORMALS FOR TOMORROW
                         NORMAL    RECORD    YEAR
 MAXIMUM TEMPERATURE (F)   65        90      1961
 MINIMUM TEMPERATURE (F)   43        28      1996


SUNRISE AND SUNSET
MAY  9 2017...........SUNRISE   533 AM MDT   SUNSET   806 PM MDT
MAY 10 2017...........SUNRISE   532 AM MDT   SUNSET   807 PM MDT


-  INDICATES NEGATIVE NUMBERS.
R  INDICATES RECORD WAS SET OR TIED.
MM INDICATES DATA IS MISSING.
T  INDICATES TRACE AMOUNT.




$$
