000
CDUS43 KUNR 201832
CLIUNR


CLIMATE REPORT
NATIONAL WEATHER SERVICE RAPID CITY SD
1131 AM MST SUN NOV 20 2016


...................................

...THE EAST RAPID CITY SD CLIMATE SUMMARY FOR NOVEMBER 20 2016...
VALID AS OF 1100 AM LOCAL TIME.

CLIMATE NORMAL PERIOD 1981 TO 2010
CLIMATE RECORD PERIOD 1888 TO 2016


WEATHER ITEM   OBSERVED RECORD YEAR NORMAL DEPARTURE LAST
                VALUE   VALUE       VALUE  FROM      YEAR
                                           NORMAL
...........................................................
TEMPERATURE (F)
 TODAY
  MAXIMUM         46     74    1897  43      3       31
  MINIMUM         26     -6    1900  26      0       17
  AVERAGE         36                 35      1       24

PRECIPITATION (IN)
  TODAY            0.00   0.18 1920   0.01  -0.01     0.08
  MONTH TO DATE    0.17               0.50  -0.33     0.11
  SINCE SEP 1      1.60               3.69  -2.09     1.47
  SINCE JAN 1     12.90              19.37  -6.47    23.57

SNOWFALL (IN)
  TODAY            0.0    2.3  2015   0.2   -0.2      2.3
  MONTH TO DATE    3.0                4.4   -1.4      2.3
  SINCE SEP 1      3.0                6.8   -3.8      2.3
  SINCE JUL 1      3.0                6.8   -3.8      2.3
  SNOW DEPTH       0

DEGREE DAYS
 HEATING
  TODAY           29                 30     -1       41
  MONTH TO DATE  289                523   -234      415
  SINCE SEP 1    730               1222   -492      842
  SINCE JUL 1    755               1252   -497      872

 COOLING
  TODAY            0                  0      0        0
  MONTH TO DATE    0                  0      0        0
  SINCE SEP 1     53                 70    -17      139
  SINCE JAN 1    813                665    148      716
...........................................................





WEATHER CONDITIONS
 THE FOLLOWING WEATHER WAS RECORDED TODAY.
  NO SIGNIFICANT WEATHER WAS OBSERVED.


..........................................................


THE EAST RAPID CITY SD CLIMATE NORMALS FOR TOMORROW
                         NORMAL    RECORD    YEAR
 MAXIMUM TEMPERATURE (F)   43        69      2006
 MINIMUM TEMPERATURE (F)   25        -6      1900


SUNRISE AND SUNSET
NOVEMBER 20 2016......SUNRISE   655 AM MST   SUNSET   422 PM MST
NOVEMBER 21 2016......SUNRISE   656 AM MST   SUNSET   421 PM MST


-  INDICATES NEGATIVE NUMBERS.
R  INDICATES RECORD WAS SET OR TIED.
MM INDICATES DATA IS MISSING.
T  INDICATES TRACE AMOUNT.




$$
