000
CDUS43 KUNR 200036
CLIUNR


CLIMATE REPORT
NATIONAL WEATHER SERVICE RAPID CITY SD
636 PM MDT TUE APR 19 2016


...................................

...THE EAST RAPID CITY SD CLIMATE SUMMARY FOR APRIL 19 2016...
VALID TODAY AS OF 0500 PM LOCAL TIME.

CLIMATE NORMAL PERIOD 1981 TO 2010
CLIMATE RECORD PERIOD 1888 TO 2016


WEATHER ITEM   OBSERVED RECORD YEAR NORMAL DEPARTURE LAST
                VALUE   VALUE       VALUE  FROM      YEAR
                                           NORMAL
...........................................................
TEMPERATURE (F)
 TODAY
  MAXIMUM         55     85    1936  57     -2       51
  MINIMUM         34     18    1966  35     -1       38
  AVERAGE         45                 46     -1       45

PRECIPITATION (IN)
  TODAY            0.00   1.63 1891   0.08  -0.08     0.00
  MONTH TO DATE    0.42               1.15  -0.73     0.51
  SINCE MAR 1      1.47               2.14  -0.67     0.61
  SINCE JAN 1      2.28               2.91  -0.63     1.16

SNOWFALL (IN)
  TODAY            0.0   13.0  1959   0.2   -0.2      0.0
  MONTH TO DATE    1.2                6.4   -5.2       T
  SINCE MAR 1      9.1               18.2   -9.1      1.4
  SINCE JUL 1     39.0               44.9   -5.9     37.1
  SNOW DEPTH       0

DEGREE DAYS
 HEATING
  TODAY           20                 19      1       20
  MONTH TO DATE  310                420   -110      339
  SINCE MAR 1    995               1328   -333      964
  SINCE JUL 1   5244               6282  -1038     5660

 COOLING
  TODAY            0                  0      0        0
  MONTH TO DATE    0                  0      0        0
  SINCE MAR 1      0                  0      0        6
  SINCE JAN 1      0                  0      0        6
...........................................................





WEATHER CONDITIONS
 THE FOLLOWING WEATHER WAS RECORDED TODAY.
  NO SIGNIFICANT WEATHER WAS OBSERVED.


..........................................................


THE EAST RAPID CITY SD CLIMATE NORMALS FOR TOMORROW
                         NORMAL    RECORD    YEAR
 MAXIMUM TEMPERATURE (F)   57        88      1910
 MINIMUM TEMPERATURE (F)   36        11      1927


SUNRISE AND SUNSET
APRIL 19 2016.........SUNRISE   602 AM MDT   SUNSET   742 PM MDT
APRIL 20 2016.........SUNRISE   600 AM MDT   SUNSET   744 PM MDT


-  INDICATES NEGATIVE NUMBERS.
R  INDICATES RECORD WAS SET OR TIED.
MM INDICATES DATA IS MISSING.
T  INDICATES TRACE AMOUNT.




$$
