000
CDUS43 KUNR 070835
CLIUNR


CLIMATE REPORT
NATIONAL WEATHER SERVICE RAPID CITY SD
132 AM MST SAT JAN 7 2017


...................................

...THE EAST RAPID CITY SD CLIMATE SUMMARY FOR JANUARY 6 2017...

CLIMATE NORMAL PERIOD 1981 TO 2010
CLIMATE RECORD PERIOD 1888 TO 2017


WEATHER ITEM   OBSERVED RECORD YEAR NORMAL DEPARTURE LAST
                VALUE   VALUE       VALUE  FROM      YEAR
                                           NORMAL
...........................................................
TEMPERATURE (F)
 YESTERDAY
  MAXIMUM         21     66    1954  38    -17       26
  MINIMUM         -2    -23    1912  16    -18        9
  AVERAGE         10                 27    -17       18

PRECIPITATION (IN)
  YESTERDAY        0.00   0.21 1926   0.01  -0.01     0.00
  MONTH TO DATE    0.07               0.05   0.02     0.00
  SINCE DEC 1      0.89               0.37   0.52     0.73
  SINCE JAN 1      0.07               0.05   0.02     0.00

SNOWFALL (IN)
  YESTERDAY        0.0    2.5  2010   0.1   -0.1      0.0
  MONTH TO DATE    2.4                0.9    1.5      0.0
  SINCE DEC 1     14.5                6.1    8.4     15.5
  SINCE JUL 1     18.2               14.7    3.5     21.5
  SNOW DEPTH       4

DEGREE DAYS
 HEATING
  YESTERDAY       55                 38     17       47
  MONTH TO DATE  350                228    122      224
  SINCE DEC 1   1743               1395    348     1326
  SINCE JUL 1   2774               2975   -201     2584

 COOLING
  YESTERDAY        0                  0      0        0
  MONTH TO DATE    0                  0      0        0
  SINCE DEC 1      0                  0      0        0
  SINCE JAN 1      0                  0      0        0
...........................................................


WIND (MPH)
  HIGHEST GUST SPEED    16   HIGHEST GUST DIRECTION     N (350)



WEATHER CONDITIONS
 THE FOLLOWING WEATHER WAS RECORDED YESTERDAY.
  NO SIGNIFICANT WEATHER WAS OBSERVED.


..........................................................


THE EAST RAPID CITY SD CLIMATE NORMALS FOR TODAY
                         NORMAL    RECORD    YEAR
 MAXIMUM TEMPERATURE (F)   38        65      1948
 MINIMUM TEMPERATURE (F)   16       -28      1888


SUNRISE AND SUNSET
JANUARY  7 2017.......SUNRISE   727 AM MST   SUNSET   432 PM MST
JANUARY  8 2017.......SUNRISE   727 AM MST   SUNSET   433 PM MST


-  INDICATES NEGATIVE NUMBERS.
R  INDICATES RECORD WAS SET OR TIED.
MM INDICATES DATA IS MISSING.
T  INDICATES TRACE AMOUNT.




$$
