000
CDUS43 KUNR 221833
CLIUNR


CLIMATE REPORT
NATIONAL WEATHER SERVICE RAPID CITY SD
1233 PM MDT SAT AUG 22 2015


...................................

...THE EAST RAPID CITY SD CLIMATE SUMMARY FOR AUGUST 22 2015...
VALID AS OF 1100 AM LOCAL TIME.

CLIMATE NORMAL PERIOD 1981 TO 2010
CLIMATE RECORD PERIOD 1888 TO 2015


WEATHER ITEM   OBSERVED RECORD YEAR NORMAL DEPARTURE LAST
                VALUE   VALUE       VALUE  FROM      YEAR
                                           NORMAL
...........................................................
TEMPERATURE (F)
 TODAY
  MAXIMUM         74    102    1960  83     -9       74
  MINIMUM         59     41    1966  59      0       60
  AVERAGE         67                 71     -4       67

PRECIPITATION (IN)
  TODAY            0.00   1.02 1927   0.05  -0.05     0.00
  MONTH TO DATE    1.51               1.52  -0.01     3.35
  SINCE JUN 1     12.00               7.18   4.82    10.82
  SINCE JAN 1     21.36              15.23   6.13    16.00

SNOWFALL (IN)
  TODAY            0.0    0.0  2002   0.0    0.0      0.0
                               2001
                               2000
  MONTH TO DATE    0.0                0.0    0.0      0.0
  SINCE JUN 1      0.0                0.0    0.0      0.0
  SINCE JUL 1      0.0                0.0    0.0      0.0
  SNOW DEPTH       0

DEGREE DAYS
 HEATING
  TODAY            0                  1     -1        0
  MONTH TO DATE   20                  2     18        0
  SINCE JUN 1     54                102    -48      119
  SINCE JUL 1     21                 14      7       11

 COOLING
  TODAY            2                  6     -4        2
  MONTH TO DATE  176                176      0      156
  SINCE JUN 1    506                527    -21      393
  SINCE JAN 1    514                545    -31      421
...........................................................





WEATHER CONDITIONS
 THE FOLLOWING WEATHER WAS RECORDED TODAY.
  NO SIGNIFICANT WEATHER WAS OBSERVED.


..........................................................


THE EAST RAPID CITY SD CLIMATE NORMALS FOR TOMORROW
                         NORMAL    RECORD    YEAR
 MAXIMUM TEMPERATURE (F)   83       102      1949
 MINIMUM TEMPERATURE (F)   59        42      1934


SUNRISE AND SUNSET
AUGUST 22 2015........SUNRISE   604 AM MDT   SUNSET   746 PM MDT
AUGUST 23 2015........SUNRISE   605 AM MDT   SUNSET   745 PM MDT


-  INDICATES NEGATIVE NUMBERS.
R  INDICATES RECORD WAS SET OR TIED.
MM INDICATES DATA IS MISSING.
T  INDICATES TRACE AMOUNT.




$$
