000
CDUS43 KUNR 041831
CLIUNR


CLIMATE REPORT
NATIONAL WEATHER SERVICE RAPID CITY SD
1231 PM MDT FRI JUL 4 2014


...................................

...THE EAST RAPID CITY SD CLIMATE SUMMARY FOR JULY 4 2014...
VALID AS OF 1100 AM LOCAL TIME.

CLIMATE NORMAL PERIOD 1981 TO 2010
CLIMATE RECORD PERIOD 1888 TO 2014


WEATHER ITEM   OBSERVED RECORD YEAR NORMAL DEPARTURE LAST
                VALUE   VALUE       VALUE  FROM      YEAR
                                           NORMAL
...........................................................
TEMPERATURE (F)
 TODAY
  MAXIMUM         81    101    1936  82     -1       85
  MINIMUM         63     42    1915  60      3       64
  AVERAGE         72                 71      1       75

PRECIPITATION (IN)
  TODAY            T      2.08 1912   0.06  -0.06     0.19
  MONTH TO DATE    T                  0.27  -0.27     0.19
  SINCE JUN 1      6.05               3.43   2.62     1.86
  SINCE JAN 1     11.23              11.48  -0.25    10.58

SNOWFALL (IN)
  TODAY            0.0                0.0    0.0      0.0
  MONTH TO DATE    0.0                0.0    0.0      0.0
  SINCE JUN 1      0.0                0.0    0.0      0.0
  SINCE JUL 1      0.0                0.0    0.0      0.0
  SNOW DEPTH       0

DEGREE DAYS
 HEATING
  TODAY            0                  1     -1        0
  MONTH TO DATE    4                  4      0        0
  SINCE JUN 1    112                 92     20       58
  SINCE JUL 1      4                  4      0        0

 COOLING
  TODAY            7                  7      0       10
  MONTH TO DATE   10                 26    -16       31
  SINCE JUN 1     38                117    -79      126
  SINCE JAN 1     66                135    -69      150
...........................................................





WEATHER CONDITIONS
 THE FOLLOWING WEATHER WAS RECORDED TODAY.
  LIGHT RAIN


..........................................................


THE EAST RAPID CITY SD CLIMATE NORMALS FOR TOMORROW
                         NORMAL    RECORD    YEAR
 MAXIMUM TEMPERATURE (F)   83       106      1936
 MINIMUM TEMPERATURE (F)   60        41      1915


SUNRISE AND SUNSET
JULY  4 2014..........SUNRISE   515 AM MDT   SUNSET   839 PM MDT
JULY  5 2014..........SUNRISE   516 AM MDT   SUNSET   839 PM MDT


-  INDICATES NEGATIVE NUMBERS.
R  INDICATES RECORD WAS SET OR TIED.
MM INDICATES DATA IS MISSING.
T  INDICATES TRACE AMOUNT.




$$
