000
CDUS43 KUNR 220838
CLIUNR


CLIMATE REPORT
NATIONAL WEATHER SERVICE RAPID CITY SD
236 AM MDT SUN MAR 22 2015


...................................

...THE EAST RAPID CITY SD CLIMATE SUMMARY FOR MARCH 21 2015...

CLIMATE NORMAL PERIOD 1981 TO 2010
CLIMATE RECORD PERIOD 1888 TO 2015


WEATHER ITEM   OBSERVED RECORD YEAR NORMAL DEPARTURE LAST
                VALUE   VALUE       VALUE  FROM      YEAR
                                           NORMAL
...........................................................
TEMPERATURE (F)
 YESTERDAY
  MAXIMUM         66     81    1910  48     18       37
  MINIMUM         30    -15    1913  26      4       18
  AVERAGE         48                 37     11       28

PRECIPITATION (IN)
  YESTERDAY        0.00   0.38 1946   0.03  -0.03     0.01
  MONTH TO DATE    0.09               0.56  -0.47     0.83
  SINCE MAR 1      0.09               0.56  -0.47     0.83
  SINCE JAN 1      0.64               1.33  -0.69     1.34

SNOWFALL (IN)
  YESTERDAY        0.0    2.0  1946   0.4   -0.4      0.1
  MONTH TO DATE    1.4                7.7   -6.3      9.5
  SINCE MAR 1      1.4                7.7   -6.3      9.5
  SINCE JUL 1     37.1               34.4    2.7     59.6
  SNOW DEPTH       0

DEGREE DAYS
 HEATING
  YESTERDAY       17                 28    -11       37
  MONTH TO DATE  470                644   -174      681
  SINCE MAR 1    470                644   -174      681
  SINCE JUL 1   5166               5598   -432     6029

 COOLING
  YESTERDAY        0                  0      0        0
  MONTH TO DATE    6                  0      6        0
  SINCE MAR 1      6                  0      6        0
  SINCE JAN 1      6                  0      6        0
...........................................................


WIND (MPH)
  HIGHEST GUST SPEED    23   HIGHEST GUST DIRECTION    SE (140)



WEATHER CONDITIONS
 THE FOLLOWING WEATHER WAS RECORDED YESTERDAY.
  NO SIGNIFICANT WEATHER WAS OBSERVED.


..........................................................


THE EAST RAPID CITY SD CLIMATE NORMALS FOR TODAY
                         NORMAL    RECORD    YEAR
 MAXIMUM TEMPERATURE (F)   48        85      1910
 MINIMUM TEMPERATURE (F)   26        -5      1898


SUNRISE AND SUNSET
MARCH 22 2015.........SUNRISE   653 AM MDT   SUNSET   707 PM MDT
MARCH 23 2015.........SUNRISE   651 AM MDT   SUNSET   709 PM MDT


-  INDICATES NEGATIVE NUMBERS.
R  INDICATES RECORD WAS SET OR TIED.
MM INDICATES DATA IS MISSING.
T  INDICATES TRACE AMOUNT.




$$
