000
CDUS43 KUNR 100042
CLIUNR


CLIMATE REPORT
NATIONAL WEATHER SERVICE RAPID CITY SD
641 PM MDT SUN APR 9 2017


...................................

...THE EAST RAPID CITY SD CLIMATE SUMMARY FOR APRIL 9 2017...
VALID TODAY AS OF 0500 PM LOCAL TIME.

CLIMATE NORMAL PERIOD 1981 TO 2010
CLIMATE RECORD PERIOD 1888 TO 2017


WEATHER ITEM   OBSERVED RECORD YEAR NORMAL DEPARTURE LAST
                VALUE   VALUE       VALUE  FROM      YEAR
                                           NORMAL
...........................................................
TEMPERATURE (F)
 TODAY
  MAXIMUM         55     80    2016  53      2       80
  MINIMUM         44     10    2013  32     12       34
  AVERAGE         50                 42      8       57

PRECIPITATION (IN)
  TODAY            0.19   0.96 2013   0.06   0.13     0.00
  MONTH TO DATE    0.73               0.44   0.29     0.01
  SINCE MAR 1      1.53               1.43   0.10     1.06
  SINCE JAN 1      2.32               2.20   0.12     1.87

SNOWFALL (IN)
  TODAY            0.0   15.0  2013   0.4   -0.4      0.0
  MONTH TO DATE    T                  3.2   -3.2       T
  SINCE MAR 1      1.3               15.0  -13.7      7.9
  SINCE JUL 1     34.5               41.7   -7.2     37.8
  SNOW DEPTH       0

DEGREE DAYS
 HEATING
  TODAY           15                 23     -8        8
  MONTH TO DATE  148                214    -66      130
  SINCE MAR 1    917               1122   -205      815
  SINCE JUL 1   5513               6076   -563     5064

 COOLING
  TODAY            0                  0      0        0
  MONTH TO DATE    0                  0      0        0
  SINCE MAR 1      0                  0      0        0
  SINCE JAN 1      0                  0      0        0
...........................................................





WEATHER CONDITIONS
 THE FOLLOWING WEATHER WAS RECORDED TODAY.
  THUNDERSTORM
  LIGHT RAIN


..........................................................


THE EAST RAPID CITY SD CLIMATE NORMALS FOR TOMORROW
                         NORMAL    RECORD    YEAR
 MAXIMUM TEMPERATURE (F)   54        85      1996
 MINIMUM TEMPERATURE (F)   32        10      1997


SUNRISE AND SUNSET
APRIL  9 2017.........SUNRISE   619 AM MDT   SUNSET   730 PM MDT
APRIL 10 2017.........SUNRISE   618 AM MDT   SUNSET   731 PM MDT


-  INDICATES NEGATIVE NUMBERS.
R  INDICATES RECORD WAS SET OR TIED.
MM INDICATES DATA IS MISSING.
T  INDICATES TRACE AMOUNT.




$$
