658
CDUS43 KUNR 071833
CLIUNR


CLIMATE REPORT
NATIONAL WEATHER SERVICE RAPID CITY SD
1132 AM MST THU DEC 7 2017


...................................

...THE EAST RAPID CITY SD CLIMATE SUMMARY FOR DECEMBER 7 2017...
VALID AS OF 1100 AM LOCAL TIME.

CLIMATE NORMAL PERIOD 1981 TO 2010
CLIMATE RECORD PERIOD 1888 TO 2017


WEATHER ITEM   OBSERVED RECORD YEAR NORMAL DEPARTURE LAST
                VALUE   VALUE       VALUE  FROM      YEAR
                                           NORMAL
...........................................................
TEMPERATURE (F)
 TODAY
  MAXIMUM         28     67    1918  37     -9       13
  MINIMUM         17    -17    1927  20     -3        1
  AVERAGE         23                 28     -5        7

PRECIPITATION (IN)
  TODAY            T      0.36 1924   0.00   0.00     0.00
  MONTH TO DATE    0.08               0.06   0.02      T
  SINCE DEC 1      0.08               0.06   0.02      T
  SINCE JAN 1     12.65              19.53  -6.88    12.95

SNOWFALL (IN)
  TODAY            T      6.2  1924   0.1   -0.1      0.0
  MONTH TO DATE    1.9                1.2    0.7       T
  SINCE DEC 1      1.9                1.2    0.7       T
  SINCE JUL 1      3.0                9.8   -6.8      3.7
  SNOW DEPTH       1

DEGREE DAYS
 HEATING
  TODAY           42                 37      5       58
  MONTH TO DATE  213                252    -39      277
  SINCE DEC 1    213                252    -39      277
  SINCE JUL 1   1593               1832   -239     1308

 COOLING
  TODAY            0                  0      0        0
  MONTH TO DATE    0                  0      0        0
  SINCE DEC 1      0                  0      0        0
  SINCE JAN 1    854                665    189      813
...........................................................





WEATHER CONDITIONS
 THE FOLLOWING WEATHER WAS RECORDED TODAY.
  LIGHT SNOW


..........................................................


THE EAST RAPID CITY SD CLIMATE NORMALS FOR TOMORROW
                         NORMAL    RECORD    YEAR
 MAXIMUM TEMPERATURE (F)   37        66      1939
 MINIMUM TEMPERATURE (F)   19       -16      1932


SUNRISE AND SUNSET
DECEMBER  7 2017......SUNRISE   714 AM MST   SUNSET   414 PM MST
DECEMBER  8 2017......SUNRISE   715 AM MST   SUNSET   414 PM MST


-  INDICATES NEGATIVE NUMBERS.
R  INDICATES RECORD WAS SET OR TIED.
MM INDICATES DATA IS MISSING.
T  INDICATES TRACE AMOUNT.




$$
