000
CDUS43 KUNR 081831
CLIUNR


CLIMATE REPORT
NATIONAL WEATHER SERVICE RAPID CITY SD
1231 PM MDT MON SEP 8 2014


...................................

...THE EAST RAPID CITY SD CLIMATE SUMMARY FOR SEPTEMBER 8 2014...
VALID AS OF 1100 AM LOCAL TIME.

CLIMATE NORMAL PERIOD 1981 TO 2010
CLIMATE RECORD PERIOD 1888 TO 2014


WEATHER ITEM   OBSERVED RECORD YEAR NORMAL DEPARTURE LAST
                VALUE   VALUE       VALUE  FROM      YEAR
                                           NORMAL
...........................................................
TEMPERATURE (F)
 TODAY
  MAXIMUM         85    100    1959  76      9       82
  MINIMUM         66     36    1929  53     13       62
  AVERAGE         76                 65     11       72

PRECIPITATION (IN)
  TODAY            0.00   0.88 1946   0.05  -0.05     0.54
  MONTH TO DATE    0.40               0.40   0.00     0.54
  SINCE SEP 1      0.40               0.40   0.00     0.54
  SINCE JAN 1     17.80              16.08   1.72    16.29

SNOWFALL (IN)
  TODAY            0.0                0.0    0.0      0.0
  MONTH TO DATE    0.0                0.0    0.0      0.0
  SINCE SEP 1      0.0                0.0    0.0      0.0
  SINCE JUL 1      0.0                0.0    0.0      0.0
  SNOW DEPTH       0

DEGREE DAYS
 HEATING
  TODAY            0                  3     -3        0
  MONTH TO DATE   16                 21     -5        0
  SINCE SEP 1     16                 21     -5        0
  SINCE JUL 1     40                 51    -11        6

 COOLING
  TODAY           11                  3      8        7
  MONTH TO DATE   26                 33     -7       96
  SINCE SEP 1     26                 33     -7       96
  SINCE JAN 1    462                628   -166      781
...........................................................





WEATHER CONDITIONS
 THE FOLLOWING WEATHER WAS RECORDED TODAY.
  NO SIGNIFICANT WEATHER WAS OBSERVED.


..........................................................


THE EAST RAPID CITY SD CLIMATE NORMALS FOR TOMORROW
                         NORMAL    RECORD    YEAR
 MAXIMUM TEMPERATURE (F)   76       100      1931
 MINIMUM TEMPERATURE (F)   53        35      1898


SUNRISE AND SUNSET
SEPTEMBER  8 2014.....SUNRISE   624 AM MDT   SUNSET   716 PM MDT
SEPTEMBER  9 2014.....SUNRISE   625 AM MDT   SUNSET   714 PM MDT


-  INDICATES NEGATIVE NUMBERS.
R  INDICATES RECORD WAS SET OR TIED.
MM INDICATES DATA IS MISSING.
T  INDICATES TRACE AMOUNT.




$$
