000
CDUS43 KUNR 220838
CLIUNR

CLIMATE REPORT
NATIONAL WEATHER SERVICE RAPID CITY SD
232 AM MDT WED JUL 22 2015

...................................

...THE EAST RAPID CITY SD CLIMATE SUMMARY FOR JULY 21 2015...

CLIMATE NORMAL PERIOD 1981 TO 2010
CLIMATE RECORD PERIOD 1888 TO 2015

WEATHER ITEM   OBSERVED RECORD YEAR NORMAL DEPARTURE LAST
                VALUE   VALUE       VALUE  FROM      YEAR
                                           NORMAL
...........................................................
TEMPERATURE (F)
 YESTERDAY
  MAXIMUM         79    104    1934  85     -6       98
  MINIMUM         60     49    1947  63     -3       69
  AVERAGE         70                 74     -4       84

PRECIPITATION (IN)
  YESTERDAY        0.00   0.50 1997   0.08  -0.08     0.02
  MONTH TO DATE    2.12               1.57   0.55     0.60
  SINCE JUN 1      8.99               4.73   4.26     6.65
  SINCE JAN 1     18.35              12.78   5.57    11.83

SNOWFALL (IN)
  YESTERDAY        0.0    0.0  2002   0.0    0.0      0.0
                               2001
                               2000
  MONTH TO DATE    0.0                0.0    0.0      0.0
  SINCE JUN 1      0.0                0.0    0.0      0.0
  SINCE JUL 1      0.0                0.0    0.0      0.0
  SNOW DEPTH       0

DEGREE DAYS
 HEATING
  YESTERDAY        0                  0      0        0
  MONTH TO DATE    1                  6     -5       11
  SINCE JUN 1     34                 94    -60      119
  SINCE JUL 1      1                  6     -5       11

 COOLING
  YESTERDAY        5                  9     -4       19
  MONTH TO DATE  130                167    -37      136
  SINCE JUN 1    237                258    -21      164
  SINCE JAN 1    245                276    -31      192
...........................................................

WIND (MPH)
  HIGHEST GUST SPEED    35   HIGHEST GUST DIRECTION     S (190)

WEATHER CONDITIONS
 THE FOLLOWING WEATHER WAS RECORDED YESTERDAY.
  NO SIGNIFICANT WEATHER WAS OBSERVED.

..........................................................

THE EAST RAPID CITY SD CLIMATE NORMALS FOR TODAY
                         NORMAL    RECORD    YEAR
 MAXIMUM TEMPERATURE (F)   85       104      1940
 MINIMUM TEMPERATURE (F)   63        50      1949

SUNRISE AND SUNSET
JULY 22 2015..........SUNRISE   530 AM MDT   SUNSET   828 PM MDT
JULY 23 2015..........SUNRISE   531 AM MDT   SUNSET   827 PM MDT

-  INDICATES NEGATIVE NUMBERS.
R  INDICATES RECORD WAS SET OR TIED.
MM INDICATES DATA IS MISSING.
T  INDICATES TRACE AMOUNT.

$$
