000
CDUS43 KUNR 090036
CLIUNR


CLIMATE REPORT
NATIONAL WEATHER SERVICE RAPID CITY SD
635 PM MDT THU JUN 8 2017


...................................

...THE EAST RAPID CITY SD CLIMATE SUMMARY FOR JUNE 8 2017...
VALID TODAY AS OF 0500 PM LOCAL TIME.

CLIMATE NORMAL PERIOD 1981 TO 2010
CLIMATE RECORD PERIOD 1888 TO 2017


WEATHER ITEM   OBSERVED RECORD YEAR NORMAL DEPARTURE LAST
                VALUE   VALUE       VALUE  FROM      YEAR
                                           NORMAL
...........................................................
TEMPERATURE (F)
 TODAY
  MAXIMUM         87     98    2000  73     14       85
  MINIMUM         59     36    2009  52      7       58
  AVERAGE         73                 62     11       72

PRECIPITATION (IN)
  TODAY            0.00   1.40 1964   0.13  -0.13      T
  MONTH TO DATE    0.25               1.17  -0.92      T
  SINCE JUN 1      0.25               1.17  -0.92      T
  SINCE JAN 1      4.88               9.22  -4.34     4.54

SNOWFALL (IN)
  TODAY            0.0    0.0  2002   0.0    0.0      0.0
                               2001
                               2000
  MONTH TO DATE    0.0                0.0    0.0      0.0
  SINCE JUN 1      0.0                0.0    0.0      0.0
  SINCE JUL 1     39.2               49.3  -10.1     41.6
  SNOW DEPTH       0

DEGREE DAYS
 HEATING
  TODAY            0                  4     -4        0
  MONTH TO DATE    0                 40    -40        5
  SINCE JUN 1      0                 40    -40        5
  SINCE JUL 1   6176               6812   -636     5719

 COOLING
  TODAY            8                  2      6        7
  MONTH TO DATE   51                 12     39       28
  SINCE JUN 1     51                 12     39       28
  SINCE JAN 1     64                 30     34       34
...........................................................





WEATHER CONDITIONS
 THE FOLLOWING WEATHER WAS RECORDED TODAY.
  NO SIGNIFICANT WEATHER WAS OBSERVED.


..........................................................


THE EAST RAPID CITY SD CLIMATE NORMALS FOR TOMORROW
                         NORMAL    RECORD    YEAR
 MAXIMUM TEMPERATURE (F)   74        97      2016
 MINIMUM TEMPERATURE (F)   52        38      1924


SUNRISE AND SUNSET
JUNE  8 2017..........SUNRISE   510 AM MDT   SUNSET   834 PM MDT
JUNE  9 2017..........SUNRISE   510 AM MDT   SUNSET   835 PM MDT


-  INDICATES NEGATIVE NUMBERS.
R  INDICATES RECORD WAS SET OR TIED.
MM INDICATES DATA IS MISSING.
T  INDICATES TRACE AMOUNT.




$$
