000
CDUS43 KUNR 060849
CLIUNR


CLIMATE REPORT
NATIONAL WEATHER SERVICE RAPID CITY SD
245 AM MDT FRI OCT 6 2017


...................................

...THE EAST RAPID CITY SD CLIMATE SUMMARY FOR OCTOBER 5 2017...

CLIMATE NORMAL PERIOD 1981 TO 2010
CLIMATE RECORD PERIOD 1888 TO 2017


WEATHER ITEM   OBSERVED RECORD YEAR NORMAL DEPARTURE LAST
                VALUE   VALUE       VALUE  FROM      YEAR
                                           NORMAL
...........................................................
TEMPERATURE (F)
 YESTERDAY
  MAXIMUM         60     92    1947  63     -3       61
  MINIMUM         46     21    1952  41      5       34
  AVERAGE         53                 52      1       48

PRECIPITATION (IN)
  YESTERDAY        T      1.10 1946   0.06  -0.06     0.00
  MONTH TO DATE    0.46               0.28   0.18     0.27
  SINCE SEP 1      2.08               1.82   0.26     1.14
  SINCE JAN 1     12.05              17.50  -5.45    12.44

SNOWFALL (IN)
  YESTERDAY        0.0    4.1  2013   0.0    0.0      0.0
  MONTH TO DATE    0.0                0.1   -0.1      0.0
  SINCE SEP 1      0.0                0.2   -0.2      0.0
  SINCE JUL 1      0.0                0.2   -0.2      0.0
  SNOW DEPTH       0

DEGREE DAYS
 HEATING
  YESTERDAY       12                 13     -1       17
  MONTH TO DATE   81                 61     20       39
  SINCE SEP 1    263                240     23      138
  SINCE JUL 1    268                270     -2      163

 COOLING
  YESTERDAY        0                  0      0        0
  MONTH TO DATE    0                  0      0        2
  SINCE SEP 1    113                 66     47       49
  SINCE JAN 1    850                661    189      809
...........................................................


WIND (MPH)
  HIGHEST GUST SPEED    29   HIGHEST GUST DIRECTION    NW (330)



WEATHER CONDITIONS
 THE FOLLOWING WEATHER WAS RECORDED YESTERDAY.
  LIGHT RAIN


..........................................................


THE EAST RAPID CITY SD CLIMATE NORMALS FOR TODAY
                         NORMAL    RECORD    YEAR
 MAXIMUM TEMPERATURE (F)   63        86      1920
 MINIMUM TEMPERATURE (F)   41        19      1952


SUNRISE AND SUNSET
OCTOBER  6 2017.......SUNRISE   657 AM MDT   SUNSET   624 PM MDT
OCTOBER  7 2017.......SUNRISE   658 AM MDT   SUNSET   622 PM MDT


-  INDICATES NEGATIVE NUMBERS.
R  INDICATES RECORD WAS SET OR TIED.
MM INDICATES DATA IS MISSING.
T  INDICATES TRACE AMOUNT.




$$
