000
CDUS43 KUNR 110037
CLIUNR


CLIMATE REPORT
NATIONAL WEATHER SERVICE RAPID CITY SD
636 PM MDT SUN JUL 10 2016


...................................

...THE EAST RAPID CITY SD CLIMATE SUMMARY FOR JULY 10 2016...
VALID TODAY AS OF 0500 PM LOCAL TIME.

CLIMATE NORMAL PERIOD 1981 TO 2010
CLIMATE RECORD PERIOD 1888 TO 2016


WEATHER ITEM   OBSERVED RECORD YEAR NORMAL DEPARTURE LAST
                VALUE   VALUE       VALUE  FROM      YEAR
                                           NORMAL
...........................................................
TEMPERATURE (F)
 TODAY
  MAXIMUM         92    105    1936  84      8       81
  MINIMUM         66     47    1895  61      5       57
  AVERAGE         79                 72      7       69

PRECIPITATION (IN)
  TODAY            0.00   1.40 1955   0.08  -0.08     0.00
  MONTH TO DATE    1.46               0.72   0.74     0.93
  SINCE JUN 1      2.04               3.88  -1.84     7.80
  SINCE JAN 1      6.58              11.93  -5.35    17.16

SNOWFALL (IN)
  TODAY            0.0    0.0  2002   0.0    0.0      0.0
                               2001
                               1955
  MONTH TO DATE    0.0                0.0    0.0      0.0
  SINCE JUN 1      0.0                0.0    0.0      0.0
  SINCE JUL 1      0.0                0.0    0.0      0.0
  SNOW DEPTH       0

DEGREE DAYS
 HEATING
  TODAY            0                  0      0        0
  MONTH TO DATE    1                  6     -5        1
  SINCE JUN 1      6                 94    -88       34
  SINCE JUL 1      1                  6     -5        1

 COOLING
  TODAY           14                  8      6        4
  MONTH TO DATE   75                 71      4       42
  SINCE JUN 1    320                162    158      149
  SINCE JAN 1    326                180    146      157
...........................................................





WEATHER CONDITIONS
 THE FOLLOWING WEATHER WAS RECORDED TODAY.
  NO SIGNIFICANT WEATHER WAS OBSERVED.


..........................................................


THE EAST RAPID CITY SD CLIMATE NORMALS FOR TOMORROW
                         NORMAL    RECORD    YEAR
 MAXIMUM TEMPERATURE (F)   84       100      1939
 MINIMUM TEMPERATURE (F)   62        47      1922


SUNRISE AND SUNSET
JULY 10 2016..........SUNRISE   520 AM MDT   SUNSET   836 PM MDT
JULY 11 2016..........SUNRISE   521 AM MDT   SUNSET   836 PM MDT


-  INDICATES NEGATIVE NUMBERS.
R  INDICATES RECORD WAS SET OR TIED.
MM INDICATES DATA IS MISSING.
T  INDICATES TRACE AMOUNT.




$$
