000
CDUS43 KUNR 050830
CLIUNR


CLIMATE REPORT
NATIONAL WEATHER SERVICE RAPID CITY SD
230 AM MDT SAT APR 5 2014


...................................

...THE EAST RAPID CITY SD CLIMATE SUMMARY FOR APRIL 4 2014...

CLIMATE NORMAL PERIOD 1981 TO 2010
CLIMATE RECORD PERIOD 1888 TO 2014


WEATHER ITEM   OBSERVED RECORD YEAR NORMAL DEPARTURE LAST
                VALUE   VALUE       VALUE  FROM      YEAR
                                           NORMAL
...........................................................
TEMPERATURE (F)
 YESTERDAY
  MAXIMUM         50     78    1921  52     -2       54
  MINIMUM         22      4    1920  30     -8       30
  AVERAGE         36                 41     -5       42

PRECIPITATION (IN)
  YESTERDAY        0.00   1.15 2009   0.05  -0.05     0.00
  MONTH TO DATE    0.56               0.17   0.39     0.00
  SINCE MAR 1      1.69               1.16   0.53     0.69
  SINCE JAN 1      2.20               1.93   0.27     1.37

SNOWFALL (IN)
  YESTERDAY        0.0                0.3   -0.3      0.0
  MONTH TO DATE    7.6                1.4    6.2      0.0
  SINCE MAR 1     22.0               13.2    8.8     11.8
  SINCE JUL 1     72.1               39.9   32.2     33.5
  SNOW DEPTH       0

DEGREE DAYS
 HEATING
  YESTERDAY       29                 24      5       23
  MONTH TO DATE  152                 98     54       85
  SINCE MAR 1   1172               1006    166     1029
  SINCE JUL 1   6520               5960    560     5657

 COOLING
  YESTERDAY        0                  0      0        0
  MONTH TO DATE    0                  0      0        0
  SINCE MAR 1      0                  0      0        0
  SINCE JAN 1      0                  0      0        0
...........................................................


WIND (MPH)
  HIGHEST GUST SPEED    28   HIGHEST GUST DIRECTION    SE (120)



WEATHER CONDITIONS
 THE FOLLOWING WEATHER WAS RECORDED YESTERDAY.
  NO SIGNIFICANT WEATHER WAS OBSERVED.


..........................................................


THE EAST RAPID CITY SD CLIMATE NORMALS FOR TODAY
                         NORMAL    RECORD    YEAR
 MAXIMUM TEMPERATURE (F)   52        80      2006
 MINIMUM TEMPERATURE (F)   30         8      1920


SUNRISE AND SUNSET
APRIL  5 2014.........SUNRISE   627 AM MDT   SUNSET   725 PM MDT
APRIL  6 2014.........SUNRISE   625 AM MDT   SUNSET   726 PM MDT


-  INDICATES NEGATIVE NUMBERS.
R  INDICATES RECORD WAS SET OR TIED.
MM INDICATES DATA IS MISSING.
T  INDICATES TRACE AMOUNT.




$$
