000
CDUS43 KUNR 240043
CLIUNR


CLIMATE REPORT
NATIONAL WEATHER SERVICE RAPID CITY SD
642 PM MDT TUE SEP 23 2014


...................................

...THE EAST RAPID CITY SD CLIMATE SUMMARY FOR SEPTEMBER 23 2014...
VALID TODAY AS OF 0500 PM LOCAL TIME.

CLIMATE NORMAL PERIOD 1981 TO 2010
CLIMATE RECORD PERIOD 1888 TO 2014


WEATHER ITEM   OBSERVED RECORD YEAR NORMAL DEPARTURE LAST
                VALUE   VALUE       VALUE  FROM      YEAR
                                           NORMAL
...........................................................
TEMPERATURE (F)
 TODAY
  MAXIMUM         79     92    1958  69     10       64
  MINIMUM         56     28    1965  47      9       50
  AVERAGE         68                 58     10       57

PRECIPITATION (IN)
  TODAY            0.00   0.67 1948   0.05  -0.05     0.22
  MONTH TO DATE    1.01               1.20  -0.19     0.89
  SINCE SEP 1      1.01               1.20  -0.19     0.89
  SINCE JAN 1     18.41              16.88   1.53    16.64

SNOWFALL (IN)
  TODAY            0.0                0.0    0.0      0.0
  MONTH TO DATE    1.6                0.0    1.6      0.0
  SINCE SEP 1      1.6                0.0    1.6      0.0
  SINCE JUL 1      1.6                0.0    1.6      0.0
  SNOW DEPTH       0

DEGREE DAYS
 HEATING
  TODAY            0                  8     -8        8
  MONTH TO DATE  153                108     45       40
  SINCE SEP 1    153                108     45       40
  SINCE JUL 1    177                138     39       46

 COOLING
  TODAY            3                  1      2        0
  MONTH TO DATE   47                 62    -15      139
  SINCE SEP 1     47                 62    -15      139
  SINCE JAN 1    483                657   -174      824
...........................................................





WEATHER CONDITIONS
 THE FOLLOWING WEATHER WAS RECORDED TODAY.
  NO SIGNIFICANT WEATHER WAS OBSERVED.


..........................................................


THE EAST RAPID CITY SD CLIMATE NORMALS FOR TOMORROW
                         NORMAL    RECORD    YEAR
 MAXIMUM TEMPERATURE (F)   68        88      1938
 MINIMUM TEMPERATURE (F)   46        16      1926


SUNRISE AND SUNSET
SEPTEMBER 23 2014.....SUNRISE   641 AM MDT   SUNSET   648 PM MDT
SEPTEMBER 24 2014.....SUNRISE   642 AM MDT   SUNSET   646 PM MDT


-  INDICATES NEGATIVE NUMBERS.
R  INDICATES RECORD WAS SET OR TIED.
MM INDICATES DATA IS MISSING.
T  INDICATES TRACE AMOUNT.




$$
