000
CDUS43 KUNR 211843
CLIUNR


CLIMATE REPORT
NATIONAL WEATHER SERVICE RAPID CITY SD
1243 PM MDT FRI AUG 21 2015


...................................

...THE EAST RAPID CITY SD CLIMATE SUMMARY FOR AUGUST 21 2015...
VALID AS OF 1100 AM LOCAL TIME.

CLIMATE NORMAL PERIOD 1981 TO 2010
CLIMATE RECORD PERIOD 1888 TO 2015


WEATHER ITEM   OBSERVED RECORD YEAR NORMAL DEPARTURE LAST
                VALUE   VALUE       VALUE  FROM      YEAR
                                           NORMAL
...........................................................
TEMPERATURE (F)
 TODAY
  MAXIMUM         80     99    1898  83     -3       80
  MINIMUM         60     45    1964  59      1       63
  AVERAGE         70                 71     -1       72

PRECIPITATION (IN)
  TODAY            0.00   0.60 1964   0.05  -0.05     0.22
  MONTH TO DATE    1.51               1.47   0.04     3.35
  SINCE JUN 1     12.00               7.13   4.87    10.82
  SINCE JAN 1     21.36              15.18   6.18    16.00

SNOWFALL (IN)
  TODAY            0.0    0.0  2002   0.0    0.0      0.0
                               2001
                               2000
  MONTH TO DATE    0.0                0.0    0.0      0.0
  SINCE JUN 1      0.0                0.0    0.0      0.0
  SINCE JUL 1      0.0                0.0    0.0      0.0
  SNOW DEPTH       0

DEGREE DAYS
 HEATING
  TODAY            0                  1     -1        0
  MONTH TO DATE   20                  1     19        0
  SINCE JUN 1     54                101    -47      119
  SINCE JUL 1     21                 13      8       11

 COOLING
  TODAY            5                  7     -2        7
  MONTH TO DATE  171                170      1      154
  SINCE JUN 1    501                521    -20      391
  SINCE JAN 1    509                539    -30      419
...........................................................





WEATHER CONDITIONS
 THE FOLLOWING WEATHER WAS RECORDED TODAY.
  NO SIGNIFICANT WEATHER WAS OBSERVED.


..........................................................


THE EAST RAPID CITY SD CLIMATE NORMALS FOR TOMORROW
                         NORMAL    RECORD    YEAR
 MAXIMUM TEMPERATURE (F)   83       102      1960
 MINIMUM TEMPERATURE (F)   59        41      1966


SUNRISE AND SUNSET
AUGUST 21 2015........SUNRISE   603 AM MDT   SUNSET   748 PM MDT
AUGUST 22 2015........SUNRISE   604 AM MDT   SUNSET   746 PM MDT


-  INDICATES NEGATIVE NUMBERS.
R  INDICATES RECORD WAS SET OR TIED.
MM INDICATES DATA IS MISSING.
T  INDICATES TRACE AMOUNT.




$$
