000
CDUS43 KUNR 180042
CLIUNR


CLIMATE REPORT
NATIONAL WEATHER SERVICE RAPID CITY SD
541 PM MST MON NOV 17 2014


...................................

...THE EAST RAPID CITY SD CLIMATE SUMMARY FOR NOVEMBER 17 2014...
VALID TODAY AS OF 0500 PM LOCAL TIME.

CLIMATE NORMAL PERIOD 1981 TO 2010
CLIMATE RECORD PERIOD 1888 TO 2014


WEATHER ITEM   OBSERVED RECORD YEAR NORMAL DEPARTURE LAST
                VALUE   VALUE       VALUE  FROM      YEAR
                                           NORMAL
...........................................................
TEMPERATURE (F)
 TODAY
  MAXIMUM         16     72    1953  45    -29       43
  MINIMUM         11     -4    1959  27    -16       32
  AVERAGE         14                 36    -22       38

PRECIPITATION (IN)
  TODAY            T      0.13 1937   0.01  -0.01     0.00
  MONTH TO DATE    0.45               0.46  -0.01     0.32
  SINCE SEP 1      5.74               3.65   2.09     6.71
  SINCE JAN 1     23.14              19.33   3.81    22.46

SNOWFALL (IN)
  TODAY            T      2.2  1921   0.3   -0.3      0.0
  MONTH TO DATE   10.2                3.8    6.4      4.0
  SINCE SEP 1     11.8                6.2    5.6     29.5
  SINCE JUL 1     11.8                6.2    5.6     29.5
  SNOW DEPTH       2

DEGREE DAYS
 HEATING
  TODAY           51                 29     22       27
  MONTH TO DATE  603                434    169      436
  SINCE SEP 1   1157               1133     24     1161
  SINCE JUL 1   1181               1163     18     1167

 COOLING
  TODAY            0                  0      0        0
  MONTH TO DATE    0                  0      0        0
  SINCE SEP 1     78                 70      8      145
  SINCE JAN 1    514                665   -151      830
...........................................................





WEATHER CONDITIONS
 THE FOLLOWING WEATHER WAS RECORDED TODAY.
  LIGHT SNOW


..........................................................


THE EAST RAPID CITY SD CLIMATE NORMALS FOR TOMORROW
                         NORMAL    RECORD    YEAR
 MAXIMUM TEMPERATURE (F)   44        78      2008
 MINIMUM TEMPERATURE (F)   27        -2      1903


SUNRISE AND SUNSET
NOVEMBER 17 2014......SUNRISE   651 AM MST   SUNSET   425 PM MST
NOVEMBER 18 2014......SUNRISE   652 AM MST   SUNSET   424 PM MST


-  INDICATES NEGATIVE NUMBERS.
R  INDICATES RECORD WAS SET OR TIED.
MM INDICATES DATA IS MISSING.
T  INDICATES TRACE AMOUNT.




$$
