000
CDUS43 KUNR 170834
CLIUNR


CLIMATE REPORT
NATIONAL WEATHER SERVICE RAPID CITY SD
232 AM MDT THU JUL 17 2014


...................................

...THE EAST RAPID CITY SD CLIMATE SUMMARY FOR JULY 16 2014...

CLIMATE NORMAL PERIOD 1981 TO 2010
CLIMATE RECORD PERIOD 1888 TO 2014


WEATHER ITEM   OBSERVED RECORD YEAR NORMAL DEPARTURE LAST
                VALUE   VALUE       VALUE  FROM      YEAR
                                           NORMAL
...........................................................
TEMPERATURE (F)
 YESTERDAY
  MAXIMUM         75    105    2005  85    -10       92
  MINIMUM         54     48    1950  62     -8       67
  AVERAGE         65                 74     -9       80

PRECIPITATION (IN)
  YESTERDAY        0.00   1.19 1915   0.08  -0.08     0.00
  MONTH TO DATE    0.32               1.17  -0.85     0.76
  SINCE JUN 1      6.37               4.33   2.04     2.43
  SINCE JAN 1     11.55              12.38  -0.83    11.15

SNOWFALL (IN)
  YESTERDAY        0.0                0.0    0.0      0.0
  MONTH TO DATE    0.0                0.0    0.0      0.0
  SINCE JUN 1      0.0                0.0    0.0      0.0
  SINCE JUL 1      0.0                0.0    0.0      0.0
  SNOW DEPTH       0

DEGREE DAYS
 HEATING
  YESTERDAY        0                  0      0        0
  MONTH TO DATE   11                  6      5        0
  SINCE JUN 1    119                 94     25       58
  SINCE JUL 1     11                  6      5        0

 COOLING
  YESTERDAY        0                  9     -9       15
  MONTH TO DATE   82                122    -40      167
  SINCE JUN 1    110                213   -103      262
  SINCE JAN 1    138                231    -93      286
...........................................................


WIND (MPH)
  HIGHEST GUST SPEED    20   HIGHEST GUST DIRECTION     S (160)



WEATHER CONDITIONS
 THE FOLLOWING WEATHER WAS RECORDED YESTERDAY.
  NO SIGNIFICANT WEATHER WAS OBSERVED.


..........................................................


THE EAST RAPID CITY SD CLIMATE NORMALS FOR TODAY
                         NORMAL    RECORD    YEAR
 MAXIMUM TEMPERATURE (F)   85       101      1966
 MINIMUM TEMPERATURE (F)   62        48      1906


SUNRISE AND SUNSET
JULY 17 2014..........SUNRISE   526 AM MDT   SUNSET   832 PM MDT
JULY 18 2014..........SUNRISE   526 AM MDT   SUNSET   831 PM MDT


-  INDICATES NEGATIVE NUMBERS.
R  INDICATES RECORD WAS SET OR TIED.
MM INDICATES DATA IS MISSING.
T  INDICATES TRACE AMOUNT.




$$
