000
CDUS43 KUNR 230841
CLIUNR


CLIMATE REPORT
NATIONAL WEATHER SERVICE RAPID CITY SD
241 AM MDT TUE JUN 23 2015


...................................

...THE EAST RAPID CITY SD CLIMATE SUMMARY FOR JUNE 22 2015...

CLIMATE NORMAL PERIOD 1981 TO 2010
CLIMATE RECORD PERIOD 1888 TO 2015


WEATHER ITEM   OBSERVED RECORD YEAR NORMAL DEPARTURE LAST
                VALUE   VALUE       VALUE  FROM      YEAR
                                           NORMAL
...........................................................
TEMPERATURE (F)
 YESTERDAY
  MAXIMUM         73    101    1937  78     -5       68
  MINIMUM         60     45    1947  56      4       56
  AVERAGE         67                 67      0       62

PRECIPITATION (IN)
  YESTERDAY        0.00   1.01 1947   0.09  -0.09     0.36
  MONTH TO DATE    5.46               2.58   2.88     4.16
  SINCE JUN 1      5.46               2.58   2.88     4.16
  SINCE JAN 1     14.82              10.63   4.19     9.34

SNOWFALL (IN)
  YESTERDAY        0.0    0.0  2002   0.0    0.0      0.0
                               2001
                               2000
  MONTH TO DATE    0.0                0.0    0.0      0.0
  SINCE JUN 1      0.0                0.0    0.0      0.0
  SINCE JUL 1     50.7               49.3    1.4     73.5
  SNOW DEPTH       0

DEGREE DAYS
 HEATING
  YESTERDAY        0                  2     -2        3
  MONTH TO DATE   33                 78    -45      107
  SINCE JUN 1     33                 78    -45      107
  SINCE JUL 1   6273               6850   -577     7403

 COOLING
  YESTERDAY        2                  4     -2        0
  MONTH TO DATE   54                 50      4       14
  SINCE JUN 1     54                 50      4       14
  SINCE JAN 1     62                 68     -6       42
...........................................................


WIND (MPH)
  HIGHEST GUST SPEED    52   HIGHEST GUST DIRECTION    NW (320)



WEATHER CONDITIONS
 THE FOLLOWING WEATHER WAS RECORDED YESTERDAY.
  NO SIGNIFICANT WEATHER WAS OBSERVED.


..........................................................


THE EAST RAPID CITY SD CLIMATE NORMALS FOR TODAY
                         NORMAL    RECORD    YEAR
 MAXIMUM TEMPERATURE (F)   79       102      1937
 MINIMUM TEMPERATURE (F)   57        42      1967


SUNRISE AND SUNSET
JUNE 23 2015..........SUNRISE   510 AM MDT   SUNSET   840 PM MDT
JUNE 24 2015..........SUNRISE   510 AM MDT   SUNSET   840 PM MDT


-  INDICATES NEGATIVE NUMBERS.
R  INDICATES RECORD WAS SET OR TIED.
MM INDICATES DATA IS MISSING.
T  INDICATES TRACE AMOUNT.




$$
