000
CDUS43 KUNR 270850
CLIUNR


CLIMATE REPORT
NATIONAL WEATHER SERVICE RAPID CITY SD
245 AM MDT WED MAY 27 2015


...................................

...THE EAST RAPID CITY SD CLIMATE SUMMARY FOR MAY 26 2015...

CLIMATE NORMAL PERIOD 1981 TO 2010
CLIMATE RECORD PERIOD 1888 TO 2015


WEATHER ITEM   OBSERVED RECORD YEAR NORMAL DEPARTURE LAST
                VALUE   VALUE       VALUE  FROM      YEAR
                                           NORMAL
...........................................................
TEMPERATURE (F)
 YESTERDAY
  MAXIMUM         68     96    1969  69     -1       79
  MINIMUM         50     32    1893  48      2       59
  AVERAGE         59                 59      0       69

PRECIPITATION (IN)
  YESTERDAY        T      1.25 1996   0.14  -0.14     0.00
  MONTH TO DATE    6.99               3.43   3.56     1.12
  SINCE MAR 1      8.04               6.52   1.52     3.93
  SINCE JAN 1      8.59               7.29   1.30     4.44

SNOWFALL (IN)
  YESTERDAY        0.0    0.2  1893   0.0    0.0      0.0
  MONTH TO DATE   13.6                2.0   11.6      0.6
  SINCE MAR 1     15.0               22.6   -7.6     23.4
  SINCE JUL 1     50.7               49.3    1.4     73.5
  SNOW DEPTH       0

DEGREE DAYS
 HEATING
  YESTERDAY        6                  7     -1        0
  MONTH TO DATE  365                275     90      318
  SINCE MAR 1   1504               1787   -283     1943
  SINCE JUL 1   6200               6741   -541     7291

 COOLING
  YESTERDAY        0                  1     -1        4
  MONTH TO DATE    2                 10     -8        7
  SINCE MAR 1      8                 11     -3        7
  SINCE JAN 1      8                 11     -3        7
...........................................................


WIND (MPH)
  HIGHEST GUST SPEED    26   HIGHEST GUST DIRECTION    SE (140)



WEATHER CONDITIONS
 THE FOLLOWING WEATHER WAS RECORDED YESTERDAY.
  LIGHT RAIN


..........................................................


THE EAST RAPID CITY SD CLIMATE NORMALS FOR TODAY
                         NORMAL    RECORD    YEAR
 MAXIMUM TEMPERATURE (F)   70        99      1969
 MINIMUM TEMPERATURE (F)   48        33      2008
                                             1918


SUNRISE AND SUNSET
MAY 27 2015...........SUNRISE   516 AM MDT   SUNSET   825 PM MDT
MAY 28 2015...........SUNRISE   515 AM MDT   SUNSET   825 PM MDT


-  INDICATES NEGATIVE NUMBERS.
R  INDICATES RECORD WAS SET OR TIED.
MM INDICATES DATA IS MISSING.
T  INDICATES TRACE AMOUNT.




$$
