000
CDUS43 KUNR 180835
CLIUNR


CLIMATE REPORT
NATIONAL WEATHER SERVICE RAPID CITY SD
234 AM MDT SAT MAR 18 2017


...................................

...THE EAST RAPID CITY SD CLIMATE SUMMARY FOR MARCH 17 2017...

CLIMATE NORMAL PERIOD 1981 TO 2010
CLIMATE RECORD PERIOD 1888 TO 2017


WEATHER ITEM   OBSERVED RECORD YEAR NORMAL DEPARTURE LAST
                VALUE   VALUE       VALUE  FROM      YEAR
                                           NORMAL
...........................................................
TEMPERATURE (F)
 YESTERDAY
  MAXIMUM         54     78    2012  47      7       42
  MINIMUM         34     -8    1902  25      9       25
  AVERAGE         44                 36      8       34

PRECIPITATION (IN)
  YESTERDAY        0.00   0.55 1971   0.03  -0.03     0.00
  MONTH TO DATE    0.02               0.42  -0.40     0.04
  SINCE MAR 1      0.02               0.42  -0.40     0.04
  SINCE JAN 1      0.81               1.19  -0.38     0.85

SNOWFALL (IN)
  YESTERDAY        0.0    7.7  1950   0.4   -0.4      0.0
  MONTH TO DATE    1.1                6.1   -5.0       T
  SINCE MAR 1      1.1                6.1   -5.0       T
  SINCE JUL 1     34.3               32.8    1.5     29.9
  SNOW DEPTH       0

DEGREE DAYS
 HEATING
  YESTERDAY       21                 29     -8       31
  MONTH TO DATE  494                531    -37      311
  SINCE MAR 1    494                531    -37      311
  SINCE JUL 1   5090               5485   -395     4560

 COOLING
  YESTERDAY        0                  0      0        0
  MONTH TO DATE    0                  0      0        0
  SINCE MAR 1      0                  0      0        0
  SINCE JAN 1      0                  0      0        0
...........................................................


WIND (MPH)
  HIGHEST GUST SPEED    38   HIGHEST GUST DIRECTION     N (360)



WEATHER CONDITIONS
 THE FOLLOWING WEATHER WAS RECORDED YESTERDAY.
  NO SIGNIFICANT WEATHER WAS OBSERVED.


..........................................................


THE EAST RAPID CITY SD CLIMATE NORMALS FOR TODAY
                         NORMAL    RECORD    YEAR
 MAXIMUM TEMPERATURE (F)   47        78      1921
 MINIMUM TEMPERATURE (F)   25       -13      1923


SUNRISE AND SUNSET
MARCH 18 2017.........SUNRISE   659 AM MDT   SUNSET   703 PM MDT
MARCH 19 2017.........SUNRISE   657 AM MDT   SUNSET   704 PM MDT


-  INDICATES NEGATIVE NUMBERS.
R  INDICATES RECORD WAS SET OR TIED.
MM INDICATES DATA IS MISSING.
T  INDICATES TRACE AMOUNT.




$$
