000
CDUS43 KUNR 210834
CLIUNR


CLIMATE REPORT
NATIONAL WEATHER SERVICE RAPID CITY SD
232 AM MDT TUE JUL 21 2015


...................................

...THE EAST RAPID CITY SD CLIMATE SUMMARY FOR JULY 20 2015...

CLIMATE NORMAL PERIOD 1981 TO 2010
CLIMATE RECORD PERIOD 1888 TO 2015


WEATHER ITEM   OBSERVED RECORD YEAR NORMAL DEPARTURE LAST
                VALUE   VALUE       VALUE  FROM      YEAR
                                           NORMAL
...........................................................
TEMPERATURE (F)
 YESTERDAY
  MAXIMUM         81    105    1939  85     -4       92
  MINIMUM         64     47    1915  63      1       72
  AVERAGE         73                 74     -1       82

PRECIPITATION (IN)
  YESTERDAY        0.00   1.48 2002   0.08  -0.08     0.00
  MONTH TO DATE    2.12               1.49   0.63     0.58
  SINCE JUN 1      8.99               4.65   4.34     6.63
  SINCE JAN 1     18.35              12.70   5.65    11.81

SNOWFALL (IN)
  YESTERDAY        0.0    0.0  2002   0.0    0.0      0.0
                               2001
                               2000
  MONTH TO DATE    0.0                0.0    0.0      0.0
  SINCE JUN 1      0.0                0.0    0.0      0.0
  SINCE JUL 1      0.0                0.0    0.0      0.0
  SNOW DEPTH       0

DEGREE DAYS
 HEATING
  YESTERDAY        0                  0      0        0
  MONTH TO DATE    1                  6     -5       11
  SINCE JUN 1     34                 94    -60      119
  SINCE JUL 1      1                  6     -5       11

 COOLING
  YESTERDAY        8                  9     -1       17
  MONTH TO DATE  125                158    -33      117
  SINCE JUN 1    232                249    -17      145
  SINCE JAN 1    240                267    -27      173
...........................................................


WIND (MPH)
  HIGHEST GUST SPEED    32   HIGHEST GUST DIRECTION    NW (320)



WEATHER CONDITIONS
 THE FOLLOWING WEATHER WAS RECORDED YESTERDAY.
  NO SIGNIFICANT WEATHER WAS OBSERVED.


..........................................................


THE EAST RAPID CITY SD CLIMATE NORMALS FOR TODAY
                         NORMAL    RECORD    YEAR
 MAXIMUM TEMPERATURE (F)   85       104      1934
 MINIMUM TEMPERATURE (F)   63        49      1947


SUNRISE AND SUNSET
JULY 21 2015..........SUNRISE   529 AM MDT   SUNSET   829 PM MDT
JULY 22 2015..........SUNRISE   530 AM MDT   SUNSET   828 PM MDT


-  INDICATES NEGATIVE NUMBERS.
R  INDICATES RECORD WAS SET OR TIED.
MM INDICATES DATA IS MISSING.
T  INDICATES TRACE AMOUNT.




$$
