000
CDUS43 KUNR 180844
CLIUNR


CLIMATE REPORT
NATIONAL WEATHER SERVICE RAPID CITY SD
244 AM MDT SUN JUN 18 2017


...................................

...THE EAST RAPID CITY SD CLIMATE SUMMARY FOR JUNE 17 2017...

CLIMATE NORMAL PERIOD 1981 TO 2010
CLIMATE RECORD PERIOD 1888 TO 2017


WEATHER ITEM   OBSERVED RECORD YEAR NORMAL DEPARTURE LAST
                VALUE   VALUE       VALUE  FROM      YEAR
                                           NORMAL
...........................................................
TEMPERATURE (F)
 YESTERDAY
  MAXIMUM         72     98    1940  77     -5       83
  MINIMUM         55     40    1912  55      0       64
  AVERAGE         64                 66     -2       74

PRECIPITATION (IN)
  YESTERDAY        0.04   1.37 2015   0.09  -0.05     0.00
  MONTH TO DATE    0.92               2.15  -1.23     0.49
  SINCE JUN 1      0.92               2.15  -1.23     0.49
  SINCE JAN 1      5.55              10.20  -4.65     5.03

SNOWFALL (IN)
  YESTERDAY        0.0    0.0  2002   0.0    0.0      0.0
                               2001
                               2000
  MONTH TO DATE    0.0                0.0    0.0      0.0
  SINCE JUN 1      0.0                0.0    0.0      0.0
  SINCE JUL 1     39.2               49.3  -10.1     41.6
  SNOW DEPTH       0

DEGREE DAYS
 HEATING
  YESTERDAY        1                  2     -1        0
  MONTH TO DATE    1                 68    -67        5
  SINCE JUN 1      1                 68    -67        5
  SINCE JUL 1   6177               6840   -663     5719

 COOLING
  YESTERDAY        0                  3     -3        9
  MONTH TO DATE   94                 33     61      124
  SINCE JUN 1     94                 33     61      124
  SINCE JAN 1    107                 51     56      130
...........................................................


WIND (MPH)
  HIGHEST GUST SPEED    47   HIGHEST GUST DIRECTION     N (350)



WEATHER CONDITIONS
 THE FOLLOWING WEATHER WAS RECORDED YESTERDAY.
  LIGHT RAIN


..........................................................


THE EAST RAPID CITY SD CLIMATE NORMALS FOR TODAY
                         NORMAL    RECORD    YEAR
 MAXIMUM TEMPERATURE (F)   77       103      1893
 MINIMUM TEMPERATURE (F)   55        41      1945


SUNRISE AND SUNSET
JUNE 18 2017..........SUNRISE   509 AM MDT   SUNSET   839 PM MDT
JUNE 19 2017..........SUNRISE   509 AM MDT   SUNSET   839 PM MDT


-  INDICATES NEGATIVE NUMBERS.
R  INDICATES RECORD WAS SET OR TIED.
MM INDICATES DATA IS MISSING.
T  INDICATES TRACE AMOUNT.




$$
