000
CDUS43 KUNR 240831
CLIUNR


CLIMATE REPORT
NATIONAL WEATHER SERVICE RAPID CITY SD
231 AM MDT MON AUG 24 2015


...................................

...THE EAST RAPID CITY SD CLIMATE SUMMARY FOR AUGUST 23 2015...

CLIMATE NORMAL PERIOD 1981 TO 2010
CLIMATE RECORD PERIOD 1888 TO 2015


WEATHER ITEM   OBSERVED RECORD YEAR NORMAL DEPARTURE LAST
                VALUE   VALUE       VALUE  FROM      YEAR
                                           NORMAL
...........................................................
TEMPERATURE (F)
 YESTERDAY
  MAXIMUM         72    102    1949  83    -11       75
  MINIMUM         46     42    1934  59    -13       60
  AVERAGE         59                 70    -11       68

PRECIPITATION (IN)
  YESTERDAY        0.00   0.75 1911   0.05  -0.05     0.06
  MONTH TO DATE    1.51               1.57  -0.06     3.41
  SINCE JUN 1     12.00               7.23   4.77    10.88
  SINCE JAN 1     21.36              15.28   6.08    16.06

SNOWFALL (IN)
  YESTERDAY        0.0    0.0  2002   0.0    0.0      0.0
                               2001
                               1951
  MONTH TO DATE    0.0                0.0    0.0      0.0
  SINCE JUN 1      0.0                0.0    0.0      0.0
  SINCE JUL 1      0.0                0.0    0.0      0.0
  SNOW DEPTH       0

DEGREE DAYS
 HEATING
  YESTERDAY        6                  1      5        0
  MONTH TO DATE   28                  3     25        0
  SINCE JUN 1     62                103    -41      119
  SINCE JUL 1     29                 15     14       11

 COOLING
  YESTERDAY        0                  6     -6        3
  MONTH TO DATE  174                182     -8      159
  SINCE JUN 1    504                533    -29      396
  SINCE JAN 1    512                551    -39      424
...........................................................


WIND (MPH)
  HIGHEST GUST SPEED    16   HIGHEST GUST DIRECTION     W (280)



WEATHER CONDITIONS
 THE FOLLOWING WEATHER WAS RECORDED YESTERDAY.
  NO SIGNIFICANT WEATHER WAS OBSERVED.


..........................................................


THE EAST RAPID CITY SD CLIMATE NORMALS FOR TODAY
                         NORMAL    RECORD    YEAR
 MAXIMUM TEMPERATURE (F)   82        99      2000
 MINIMUM TEMPERATURE (F)   58        41      1910


SUNRISE AND SUNSET
AUGUST 24 2015........SUNRISE   607 AM MDT   SUNSET   743 PM MDT
AUGUST 25 2015........SUNRISE   608 AM MDT   SUNSET   741 PM MDT


-  INDICATES NEGATIVE NUMBERS.
R  INDICATES RECORD WAS SET OR TIED.
MM INDICATES DATA IS MISSING.
T  INDICATES TRACE AMOUNT.




$$
