000
CDUS43 KUNR 130832
CLIUNR


CLIMATE REPORT
NATIONAL WEATHER SERVICE RAPID CITY SD
231 AM MDT SAT AUG 13 2016


...................................

...THE EAST RAPID CITY SD CLIMATE SUMMARY FOR AUGUST 12 2016...

CLIMATE NORMAL PERIOD 1981 TO 2010
CLIMATE RECORD PERIOD 1888 TO 2016


WEATHER ITEM   OBSERVED RECORD YEAR NORMAL DEPARTURE LAST
                VALUE   VALUE       VALUE  FROM      YEAR
                                           NORMAL
...........................................................
TEMPERATURE (F)
 YESTERDAY
  MAXIMUM         81    102    1938  85     -4       98
  MINIMUM         61     43    1964  61      0       63
  AVERAGE         71                 73     -2       81

PRECIPITATION (IN)
  YESTERDAY        0.10   1.06 1921   0.07   0.03      T
  MONTH TO DATE    1.28               0.92   0.36     0.09
  SINCE JUN 1      4.72               6.58  -1.86    10.58
  SINCE JAN 1      9.26              14.63  -5.37    19.94

SNOWFALL (IN)
  YESTERDAY        0.0    0.0  2002   0.0    0.0      0.0
                               2001
                               2000
  MONTH TO DATE    0.0                0.0    0.0      0.0
  SINCE JUN 1      0.0                0.0    0.0      0.0
  SINCE JUL 1      0.0                0.0    0.0      0.0
  SNOW DEPTH       0

DEGREE DAYS
 HEATING
  YESTERDAY        0                  0      0        0
  MONTH TO DATE    0                  0      0        0
  SINCE JUN 1      6                100    -94       34
  SINCE JUL 1      1                 12    -11        1

 COOLING
  YESTERDAY        6                  8     -2       16
  MONTH TO DATE  113                104      9      107
  SINCE JUN 1    643                455    188      437
  SINCE JAN 1    649                473    176      445
...........................................................


WIND (MPH)
  HIGHEST GUST SPEED    35   HIGHEST GUST DIRECTION    NW (320)



WEATHER CONDITIONS
 THE FOLLOWING WEATHER WAS RECORDED YESTERDAY.
  THUNDERSTORM
  LIGHT RAIN


..........................................................


THE EAST RAPID CITY SD CLIMATE NORMALS FOR TODAY
                         NORMAL    RECORD    YEAR
 MAXIMUM TEMPERATURE (F)   85       101      2007
 MINIMUM TEMPERATURE (F)   61        47      2004
                                             1966


SUNRISE AND SUNSET
AUGUST 13 2016........SUNRISE   555 AM MDT   SUNSET   759 PM MDT
AUGUST 14 2016........SUNRISE   556 AM MDT   SUNSET   758 PM MDT


-  INDICATES NEGATIVE NUMBERS.
R  INDICATES RECORD WAS SET OR TIED.
MM INDICATES DATA IS MISSING.
T  INDICATES TRACE AMOUNT.




$$
