000
CDUS43 KUNR 180834
CLIUNR


CLIMATE REPORT
NATIONAL WEATHER SERVICE RAPID CITY SD
232 AM MDT MON MAY 18 2015


...................................

...THE EAST RAPID CITY SD CLIMATE SUMMARY FOR MAY 17 2015...

CLIMATE NORMAL PERIOD 1981 TO 2010
CLIMATE RECORD PERIOD 1888 TO 2015


WEATHER ITEM   OBSERVED RECORD YEAR NORMAL DEPARTURE LAST
                VALUE   VALUE       VALUE  FROM      YEAR
                                           NORMAL
...........................................................
TEMPERATURE (F)
 YESTERDAY
  MAXIMUM         60     91    1964  67     -7       63
  MINIMUM         39     31    1888  46     -7       41
  AVERAGE         50                 56     -6       52

PRECIPITATION (IN)
  YESTERDAY        0.01   1.31 1951   0.14  -0.13      T
  MONTH TO DATE    4.07               2.08   1.99     0.84
  SINCE MAR 1      5.12               5.17  -0.05     3.65
  SINCE JAN 1      5.67               5.94  -0.27     4.16

SNOWFALL (IN)
  YESTERDAY        0.0   10.0  1888   0.0    0.0      0.0
  MONTH TO DATE   13.6                1.7   11.9      0.6
  SINCE MAR 1     15.0               22.3   -7.3     23.4
  SINCE JUL 1     50.7               49.0    1.7     73.5
  SNOW DEPTH       0

DEGREE DAYS
 HEATING
  YESTERDAY       15                  9      6       13
  MONTH TO DATE  231                202     29      288
  SINCE MAR 1   1370               1714   -344     1913
  SINCE JUL 1   6066               6668   -602     7261

 COOLING
  YESTERDAY        0                  1     -1        0
  MONTH TO DATE    2                  1      1        0
  SINCE MAR 1      8                  2      6        0
  SINCE JAN 1      8                  2      6        0
...........................................................


WIND (MPH)
  HIGHEST GUST SPEED    49   HIGHEST GUST DIRECTION    NW (320)



WEATHER CONDITIONS
 THE FOLLOWING WEATHER WAS RECORDED YESTERDAY.
  THUNDERSTORM
  LIGHT RAIN


..........................................................


THE EAST RAPID CITY SD CLIMATE NORMALS FOR TODAY
                         NORMAL    RECORD    YEAR
 MAXIMUM TEMPERATURE (F)   67        90      1948
 MINIMUM TEMPERATURE (F)   46        22      1888


SUNRISE AND SUNSET
MAY 18 2015...........SUNRISE   524 AM MDT   SUNSET   815 PM MDT
MAY 19 2015...........SUNRISE   523 AM MDT   SUNSET   817 PM MDT


-  INDICATES NEGATIVE NUMBERS.
R  INDICATES RECORD WAS SET OR TIED.
MM INDICATES DATA IS MISSING.
T  INDICATES TRACE AMOUNT.




$$
