000
CDUS43 KUNR 031835
CLIUNR


CLIMATE REPORT
NATIONAL WEATHER SERVICE RAPID CITY SD
1235 PM MDT TUE OCT 3 2017


...................................

...THE EAST RAPID CITY SD CLIMATE SUMMARY FOR OCTOBER 3 2017...
VALID AS OF 1100 AM LOCAL TIME.

CLIMATE NORMAL PERIOD 1981 TO 2010
CLIMATE RECORD PERIOD 1888 TO 2017


WEATHER ITEM   OBSERVED RECORD YEAR NORMAL DEPARTURE LAST
                VALUE   VALUE       VALUE  FROM      YEAR
                                           NORMAL
...........................................................
TEMPERATURE (F)
 TODAY
  MAXIMUM         50     91    1922  64    -14       65
  MINIMUM         37     26    1950  42     -5       50
  AVERAGE         44                 53     -9       58

PRECIPITATION (IN)
  TODAY            0.06   0.96 2013   0.06   0.00     0.27
  MONTH TO DATE    0.46               0.17   0.29     0.27
  SINCE SEP 1      2.08               1.71   0.37     1.14
  SINCE JAN 1     12.05              17.39  -5.34    12.44

SNOWFALL (IN)
  TODAY            0.0    0.1  1898   0.1   -0.1      0.0
  MONTH TO DATE    0.0                0.1   -0.1      0.0
  SINCE SEP 1      0.0                0.2   -0.2      0.0
  SINCE JUL 1      0.0                0.2   -0.2      0.0
  SNOW DEPTH       0

DEGREE DAYS
 HEATING
  TODAY           21                 12      9        7
  MONTH TO DATE   48                 35     13        8
  SINCE SEP 1    230                214     16      107
  SINCE JUL 1    235                244     -9      132

 COOLING
  TODAY            0                  0      0        0
  MONTH TO DATE    0                  0      0        2
  SINCE SEP 1    113                 66     47       49
  SINCE JAN 1    850                661    189      809
...........................................................





WEATHER CONDITIONS
 THE FOLLOWING WEATHER WAS RECORDED TODAY.
  NO SIGNIFICANT WEATHER WAS OBSERVED.


..........................................................


THE EAST RAPID CITY SD CLIMATE NORMALS FOR TOMORROW
                         NORMAL    RECORD    YEAR
 MAXIMUM TEMPERATURE (F)   64        92      1963
 MINIMUM TEMPERATURE (F)   42        26      1950


SUNRISE AND SUNSET
OCTOBER  3 2017.......SUNRISE   653 AM MDT   SUNSET   629 PM MDT
OCTOBER  4 2017.......SUNRISE   654 AM MDT   SUNSET   628 PM MDT


-  INDICATES NEGATIVE NUMBERS.
R  INDICATES RECORD WAS SET OR TIED.
MM INDICATES DATA IS MISSING.
T  INDICATES TRACE AMOUNT.




$$
