000
CDUS43 KUNR 200035
CLIUNR


CLIMATE REPORT
NATIONAL WEATHER SERVICE RAPID CITY SD
535 PM MST THU FEB 19 2015


...................................

...THE EAST RAPID CITY SD CLIMATE SUMMARY FOR FEBRUARY 19 2015...
VALID TODAY AS OF 0500 PM LOCAL TIME.

CLIMATE NORMAL PERIOD 1981 TO 2010
CLIMATE RECORD PERIOD 1888 TO 2015


WEATHER ITEM   OBSERVED RECORD YEAR NORMAL DEPARTURE LAST
                VALUE   VALUE       VALUE  FROM      YEAR
                                           NORMAL
...........................................................
TEMPERATURE (F)
 TODAY
  MAXIMUM         53     68    1965  39     14       59
  MINIMUM         19    -17    1929  19      0       23
  AVERAGE         36                 29      7       41

PRECIPITATION (IN)
  TODAY            0.00   0.59 1953   0.02  -0.02     0.00
  MONTH TO DATE    0.20               0.31  -0.11     0.12
  SINCE DEC 1      0.73               0.92  -0.19     0.92
  SINCE JAN 1      0.35               0.60  -0.25     0.38

SNOWFALL (IN)
  TODAY            0.0    5.9  1953   0.2   -0.2      0.0
  MONTH TO DATE    4.5                4.8   -0.3      3.2
  SINCE DEC 1     16.3               15.5    0.8     16.5
  SINCE JUL 1     31.6               24.1    7.5     46.3
  SNOW DEPTH       0

DEGREE DAYS
 HEATING
  TODAY           29                 36     -7       24
  MONTH TO DATE  602                712   -110      847
  SINCE DEC 1   2692               3060   -368     3335
  SINCE JUL 1   4306               4640   -334     4924

 COOLING
  TODAY            0                  0      0        0
  MONTH TO DATE    0                  0      0        0
  SINCE DEC 1      0                  0      0        0
  SINCE JAN 1      0                  0      0        0
...........................................................





WEATHER CONDITIONS
 THE FOLLOWING WEATHER WAS RECORDED TODAY.
  NO SIGNIFICANT WEATHER WAS OBSERVED.


..........................................................


THE EAST RAPID CITY SD CLIMATE NORMALS FOR TOMORROW
                         NORMAL    RECORD    YEAR
 MAXIMUM TEMPERATURE (F)   39        72      1930
 MINIMUM TEMPERATURE (F)   19       -19      1918


SUNRISE AND SUNSET
FEBRUARY 19 2015......SUNRISE   646 AM MST   SUNSET   528 PM MST
FEBRUARY 20 2015......SUNRISE   645 AM MST   SUNSET   529 PM MST


-  INDICATES NEGATIVE NUMBERS.
R  INDICATES RECORD WAS SET OR TIED.
MM INDICATES DATA IS MISSING.
T  INDICATES TRACE AMOUNT.




$$
