339
CDUS43 KUNR 171155
CLIUNR


CLIMATE REPORT
NATIONAL WEATHER SERVICE RAPID CITY SD
555 AM MDT MON APR 17 2017


...................................

...THE EAST RAPID CITY SD CLIMATE SUMMARY FOR APRIL 16 2017...

CLIMATE NORMAL PERIOD 1981 TO 2010
CLIMATE RECORD PERIOD 1888 TO 2017


WEATHER ITEM   OBSERVED RECORD YEAR NORMAL DEPARTURE LAST
                VALUE   VALUE       VALUE  FROM      YEAR
                                           NORMAL
...........................................................
TEMPERATURE (F)
 YESTERDAY
  MAXIMUM         60     84    1958  56      4       43
  MINIMUM         37     13    1907  34      3       34
  AVERAGE         49                 45      4       39

PRECIPITATION (IN)
  YESTERDAY        0.00   1.00 1960   0.08  -0.08     0.05
  MONTH TO DATE    0.95               0.92   0.03     0.20
  SINCE MAR 1      1.75               1.91  -0.16     1.25
  SINCE JAN 1      2.54               2.68  -0.14     2.06

SNOWFALL (IN)
  YESTERDAY        0.0    8.0  1960   0.3   -0.3       T
  MONTH TO DATE    1.4                5.6   -4.2       T
  SINCE MAR 1      2.7               17.4  -14.7      7.9
  SINCE JUL 1     35.9               44.1   -8.2     37.8
  SNOW DEPTH       0

DEGREE DAYS
 HEATING
  YESTERDAY       16                 20     -4       26
  MONTH TO DATE  264                362    -98      228
  SINCE MAR 1   1033               1270   -237      913
  SINCE JUL 1   5629               6224   -595     5162

 COOLING
  YESTERDAY        0                  0      0        0
  MONTH TO DATE    0                  0      0        0
  SINCE MAR 1      0                  0      0        0
  SINCE JAN 1      0                  0      0        0
...........................................................


WIND (MPH)
  HIGHEST GUST SPEED    25   HIGHEST GUST DIRECTION     N (10)



WEATHER CONDITIONS
 THE FOLLOWING WEATHER WAS RECORDED YESTERDAY.
  NO SIGNIFICANT WEATHER WAS OBSERVED.


..........................................................


THE EAST RAPID CITY SD CLIMATE NORMALS FOR TODAY
                         NORMAL    RECORD    YEAR
 MAXIMUM TEMPERATURE (F)   56        86      2005
 MINIMUM TEMPERATURE (F)   34        20      2001
                                             1953


SUNRISE AND SUNSET
APRIL 17 2017.........SUNRISE   606 AM MDT   SUNSET   740 PM MDT
APRIL 18 2017.........SUNRISE   604 AM MDT   SUNSET   741 PM MDT


-  INDICATES NEGATIVE NUMBERS.
R  INDICATES RECORD WAS SET OR TIED.
MM INDICATES DATA IS MISSING.
T  INDICATES TRACE AMOUNT.




$$
