000
CDUS43 KUNR 230848
CLIUNR


CLIMATE REPORT
NATIONAL WEATHER SERVICE RAPID CITY SD
244 AM MDT WED JUL 23 2014


...................................

...THE EAST RAPID CITY SD CLIMATE SUMMARY FOR JULY 22 2014...

CLIMATE NORMAL PERIOD 1981 TO 2010
CLIMATE RECORD PERIOD 1888 TO 2014


WEATHER ITEM   OBSERVED RECORD YEAR NORMAL DEPARTURE LAST
                VALUE   VALUE       VALUE  FROM      YEAR
                                           NORMAL
...........................................................
TEMPERATURE (F)
 YESTERDAY
  MAXIMUM         85    104    1940  85      0       87
  MINIMUM         65     50    1949  63      2       65
  AVERAGE         75                 74      1       76

PRECIPITATION (IN)
  YESTERDAY        0.36   2.77 1910   0.09   0.27     0.05
  MONTH TO DATE    0.96               1.66  -0.70     2.21
  SINCE JUN 1      7.01               4.82   2.19     3.88
  SINCE JAN 1     12.19              12.87  -0.68    12.60

SNOWFALL (IN)
  YESTERDAY        0.0                0.0    0.0      0.0
  MONTH TO DATE    0.0                0.0    0.0      0.0
  SINCE JUN 1      0.0                0.0    0.0      0.0
  SINCE JUL 1      0.0                0.0    0.0      0.0
  SNOW DEPTH       0

DEGREE DAYS
 HEATING
  YESTERDAY        0                  0      0        0
  MONTH TO DATE   11                  6      5        0
  SINCE JUN 1    119                 94     25       58
  SINCE JUL 1     11                  6      5        0

 COOLING
  YESTERDAY       10                  9      1       11
  MONTH TO DATE  146                176    -30      236
  SINCE JUN 1    174                267    -93      331
  SINCE JAN 1    202                285    -83      355
...........................................................


WIND (MPH)
  HIGHEST GUST SPEED    40   HIGHEST GUST DIRECTION    NW (330)



WEATHER CONDITIONS
 THE FOLLOWING WEATHER WAS RECORDED YESTERDAY.
  THUNDERSTORM
  RAIN
  LIGHT RAIN


..........................................................


THE EAST RAPID CITY SD CLIMATE NORMALS FOR TODAY
                         NORMAL    RECORD    YEAR
 MAXIMUM TEMPERATURE (F)   85       106      1936
 MINIMUM TEMPERATURE (F)   63        50      1911


SUNRISE AND SUNSET
JULY 23 2014..........SUNRISE   531 AM MDT   SUNSET   827 PM MDT
JULY 24 2014..........SUNRISE   532 AM MDT   SUNSET   826 PM MDT


-  INDICATES NEGATIVE NUMBERS.
R  INDICATES RECORD WAS SET OR TIED.
MM INDICATES DATA IS MISSING.
T  INDICATES TRACE AMOUNT.




$$
