000
CDUS43 KUNR 070832
CLIUNR


CLIMATE REPORT
NATIONAL WEATHER SERVICE RAPID CITY SD
231 AM MDT SUN SEP 7 2014


...................................

...THE EAST RAPID CITY SD CLIMATE SUMMARY FOR SEPTEMBER 6 2014...

CLIMATE NORMAL PERIOD 1981 TO 2010
CLIMATE RECORD PERIOD 1888 TO 2014


WEATHER ITEM   OBSERVED RECORD YEAR NORMAL DEPARTURE LAST
                VALUE   VALUE       VALUE  FROM      YEAR
                                           NORMAL
...........................................................
TEMPERATURE (F)
 YESTERDAY
  MAXIMUM         77     98    1931  77      0       89
  MINIMUM         51     34    1956  54     -3       71
  AVERAGE         64                 66     -2       80

PRECIPITATION (IN)
  YESTERDAY        0.00   0.72 1922   0.05  -0.05     0.00
  MONTH TO DATE    0.40               0.30   0.10     0.00
  SINCE SEP 1      0.40               0.30   0.10     0.00
  SINCE JAN 1     17.80              15.98   1.82    15.75

SNOWFALL (IN)
  YESTERDAY        0.0                0.0    0.0      0.0
  MONTH TO DATE    0.0                0.0    0.0      0.0
  SINCE SEP 1      0.0                0.0    0.0      0.0
  SINCE JUL 1      0.0                0.0    0.0      0.0
  SNOW DEPTH       0

DEGREE DAYS
 HEATING
  YESTERDAY        1                  3     -2        0
  MONTH TO DATE   16                 15      1        0
  SINCE SEP 1     16                 15      1        0
  SINCE JUL 1     40                 45     -5        6

 COOLING
  YESTERDAY        0                  4     -4       15
  MONTH TO DATE   12                 26    -14       72
  SINCE SEP 1     12                 26    -14       72
  SINCE JAN 1    448                621   -173      757
...........................................................


WIND (MPH)
  HIGHEST GUST SPEED    20   HIGHEST GUST DIRECTION    SE (130)



WEATHER CONDITIONS
 THE FOLLOWING WEATHER WAS RECORDED YESTERDAY.
  NO SIGNIFICANT WEATHER WAS OBSERVED.


..........................................................


THE EAST RAPID CITY SD CLIMATE NORMALS FOR TODAY
                         NORMAL    RECORD    YEAR
 MAXIMUM TEMPERATURE (F)   77       102      1908
 MINIMUM TEMPERATURE (F)   54        34      1929


SUNRISE AND SUNSET
SEPTEMBER  7 2014.....SUNRISE   623 AM MDT   SUNSET   718 PM MDT
SEPTEMBER  8 2014.....SUNRISE   624 AM MDT   SUNSET   716 PM MDT


-  INDICATES NEGATIVE NUMBERS.
R  INDICATES RECORD WAS SET OR TIED.
MM INDICATES DATA IS MISSING.
T  INDICATES TRACE AMOUNT.




$$
