000
CDUS43 KUNR 270837
CLIUNR


CLIMATE REPORT
NATIONAL WEATHER SERVICE RAPID CITY SD
236 AM MDT THU AUG 27 2015


...................................

...THE EAST RAPID CITY SD CLIMATE SUMMARY FOR AUGUST 26 2015...

CLIMATE NORMAL PERIOD 1981 TO 2010
CLIMATE RECORD PERIOD 1888 TO 2015


WEATHER ITEM   OBSERVED RECORD YEAR NORMAL DEPARTURE LAST
                VALUE   VALUE       VALUE  FROM      YEAR
                                           NORMAL
...........................................................
TEMPERATURE (F)
 YESTERDAY
  MAXIMUM         89    103    1926  82      7       74
  MINIMUM         61     39    1910  58      3       52
  AVERAGE         75                 70      5       63

PRECIPITATION (IN)
  YESTERDAY        0.34   1.37 1933   0.05   0.29      T
  MONTH TO DATE    1.85               1.72   0.13     3.41
  SINCE JUN 1     12.34               7.38   4.96    10.88
  SINCE JAN 1     21.70              15.43   6.27    16.06

SNOWFALL (IN)
  YESTERDAY        0.0    0.0  2002   0.0    0.0      0.0
                               2001
                               2000
  MONTH TO DATE    0.0                0.0    0.0      0.0
  SINCE JUN 1      0.0                0.0    0.0      0.0
  SINCE JUL 1      0.0                0.0    0.0      0.0
  SNOW DEPTH       0

DEGREE DAYS
 HEATING
  YESTERDAY        0                  1     -1        2
  MONTH TO DATE   29                  6     23       10
  SINCE JUN 1     63                106    -43      129
  SINCE JUL 1     30                 18     12       21

 COOLING
  YESTERDAY       10                  6      4        0
  MONTH TO DATE  188                200    -12      159
  SINCE JUN 1    518                551    -33      396
  SINCE JAN 1    526                569    -43      424
...........................................................


WIND (MPH)
  HIGHEST GUST SPEED    30   HIGHEST GUST DIRECTION     N (360)



WEATHER CONDITIONS
 THE FOLLOWING WEATHER WAS RECORDED YESTERDAY.
  THUNDERSTORM
  RAIN


..........................................................


THE EAST RAPID CITY SD CLIMATE NORMALS FOR TODAY
                         NORMAL    RECORD    YEAR
 MAXIMUM TEMPERATURE (F)   81       102      1937
 MINIMUM TEMPERATURE (F)   58        39      1911


SUNRISE AND SUNSET
AUGUST 27 2015........SUNRISE   610 AM MDT   SUNSET   738 PM MDT
AUGUST 28 2015........SUNRISE   611 AM MDT   SUNSET   736 PM MDT


-  INDICATES NEGATIVE NUMBERS.
R  INDICATES RECORD WAS SET OR TIED.
MM INDICATES DATA IS MISSING.
T  INDICATES TRACE AMOUNT.




$$
