000
CDUS43 KUNR 140834
CLIUNR


CLIMATE REPORT
NATIONAL WEATHER SERVICE RAPID CITY SD
232 AM MDT THU JUL 14 2016


...................................

...THE EAST RAPID CITY SD CLIMATE SUMMARY FOR JULY 13 2016...

CLIMATE NORMAL PERIOD 1981 TO 2010
CLIMATE RECORD PERIOD 1888 TO 2016


WEATHER ITEM   OBSERVED RECORD YEAR NORMAL DEPARTURE LAST
                VALUE   VALUE       VALUE  FROM      YEAR
                                           NORMAL
...........................................................
TEMPERATURE (F)
 YESTERDAY
  MAXIMUM         82    102    2003  84     -2       89
  MINIMUM         60     47    1913  62     -2       67
  AVERAGE         71                 73     -2       78

PRECIPITATION (IN)
  YESTERDAY        0.03   1.90 1902   0.07  -0.04     0.00
  MONTH TO DATE    1.49               0.94   0.55     0.97
  SINCE JUN 1      2.07               4.10  -2.03     7.84
  SINCE JAN 1      6.61              12.15  -5.54    17.20

SNOWFALL (IN)
  YESTERDAY        0.0    0.0  2002   0.0    0.0      0.0
                               2001
                               2000
  MONTH TO DATE    0.0                0.0    0.0      0.0
  SINCE JUN 1      0.0                0.0    0.0      0.0
  SINCE JUL 1      0.0                0.0    0.0      0.0
  SNOW DEPTH       0

DEGREE DAYS
 HEATING
  YESTERDAY        0                  0      0        0
  MONTH TO DATE    1                  6     -5        1
  SINCE JUN 1      6                 94    -88       34
  SINCE JUL 1      1                  6     -5        1

 COOLING
  YESTERDAY        6                  8     -2       13
  MONTH TO DATE   97                 95      2       83
  SINCE JUN 1    342                186    156      190
  SINCE JAN 1    348                204    144      198
...........................................................


WIND (MPH)
  HIGHEST GUST SPEED    40   HIGHEST GUST DIRECTION     N (350)



WEATHER CONDITIONS
 THE FOLLOWING WEATHER WAS RECORDED YESTERDAY.
  LIGHT RAIN


..........................................................


THE EAST RAPID CITY SD CLIMATE NORMALS FOR TODAY
                         NORMAL    RECORD    YEAR
 MAXIMUM TEMPERATURE (F)   85       101      2012
 MINIMUM TEMPERATURE (F)   62        46      1912


SUNRISE AND SUNSET
JULY 14 2016..........SUNRISE   523 AM MDT   SUNSET   834 PM MDT
JULY 15 2016..........SUNRISE   524 AM MDT   SUNSET   833 PM MDT


-  INDICATES NEGATIVE NUMBERS.
R  INDICATES RECORD WAS SET OR TIED.
MM INDICATES DATA IS MISSING.
T  INDICATES TRACE AMOUNT.




$$
