000
CDUS43 KUNR 090836
CLIUNR


CLIMATE REPORT
NATIONAL WEATHER SERVICE RAPID CITY SD
133 AM MST THU NOV 9 2017


...................................

...THE EAST RAPID CITY SD CLIMATE SUMMARY FOR NOVEMBER 8 2017...

CLIMATE NORMAL PERIOD 1981 TO 2010
CLIMATE RECORD PERIOD 1888 TO 2017


WEATHER ITEM   OBSERVED RECORD YEAR NORMAL DEPARTURE LAST
                VALUE   VALUE       VALUE  FROM      YEAR
                                           NORMAL
...........................................................
TEMPERATURE (F)
 YESTERDAY
  MAXIMUM         41     80    1999  50     -9       64
  MINIMUM         22     10    2003  30     -8       37
                               1936
  AVERAGE         32                 40     -8       51

PRECIPITATION (IN)
  YESTERDAY        0.00   0.76 1944   0.04  -0.04     0.00
  MONTH TO DATE    0.08               0.27  -0.19     0.00
  SINCE SEP 1      2.45               3.46  -1.01     1.43
  SINCE JAN 1     12.42              19.14  -6.72    12.73

SNOWFALL (IN)
  YESTERDAY        0.0    4.2  1966   0.3   -0.3      0.0
  MONTH TO DATE    0.9                1.7   -0.8      0.0
  SINCE SEP 1      0.9                4.1   -3.2       T
  SINCE JUL 1      0.9                4.1   -3.2       T
  SNOW DEPTH       0

DEGREE DAYS
 HEATING
  YESTERDAY       33                 25      8       14
  MONTH TO DATE  272                189     83       60
  SINCE SEP 1    899                888     11      501
  SINCE JUL 1    904                918    -14      526

 COOLING
  YESTERDAY        0                  0      0        0
  MONTH TO DATE    0                  0      0        0
  SINCE SEP 1    117                 70     47       53
  SINCE JAN 1    854                665    189      813
...........................................................


WIND (MPH)
  HIGHEST GUST SPEED    30   HIGHEST GUST DIRECTION    NW (330)



WEATHER CONDITIONS
 THE FOLLOWING WEATHER WAS RECORDED YESTERDAY.
  NO SIGNIFICANT WEATHER WAS OBSERVED.


..........................................................


THE EAST RAPID CITY SD CLIMATE NORMALS FOR TODAY
                         NORMAL    RECORD    YEAR
 MAXIMUM TEMPERATURE (F)   49        74      2016
                                             1909
 MINIMUM TEMPERATURE (F)   30         0      1966


SUNRISE AND SUNSET
NOVEMBER  9 2017......SUNRISE   640 AM MST   SUNSET   432 PM MST
NOVEMBER 10 2017......SUNRISE   642 AM MST   SUNSET   431 PM MST


-  INDICATES NEGATIVE NUMBERS.
R  INDICATES RECORD WAS SET OR TIED.
MM INDICATES DATA IS MISSING.
T  INDICATES TRACE AMOUNT.




$$
