000
CDUS43 KUNR 191831
CLIUNR


CLIMATE REPORT
NATIONAL WEATHER SERVICE RAPID CITY SD
1231 PM MDT THU MAR 19 2015


...................................

...THE EAST RAPID CITY SD CLIMATE SUMMARY FOR MARCH 19 2015...
VALID AS OF 1100 AM LOCAL TIME.

CLIMATE NORMAL PERIOD 1981 TO 2010
CLIMATE RECORD PERIOD 1888 TO 2015


WEATHER ITEM   OBSERVED RECORD YEAR NORMAL DEPARTURE LAST
                VALUE   VALUE       VALUE  FROM      YEAR
                                           NORMAL
...........................................................
TEMPERATURE (F)
 TODAY
  MAXIMUM         54     74    2004  48      6       43
  MINIMUM         39     -1    1965  26     13       28
  AVERAGE         47                 37     10       36

PRECIPITATION (IN)
  TODAY            0.00   0.44 2006   0.03  -0.03     0.00
  MONTH TO DATE    0.09               0.49  -0.40     0.82
  SINCE MAR 1      0.09               0.49  -0.40     0.82
  SINCE JAN 1      0.64               1.26  -0.62     1.33

SNOWFALL (IN)
  TODAY            0.0    6.8  2006   0.5   -0.5      0.0
  MONTH TO DATE    1.4                7.0   -5.6      9.4
  SINCE MAR 1      1.4                7.0   -5.6      9.4
  SINCE JUL 1     37.1               33.7    3.4     59.5
  SNOW DEPTH       0

DEGREE DAYS
 HEATING
  TODAY           18                 28    -10       29
  MONTH TO DATE  441                588   -147      624
  SINCE MAR 1    441                588   -147      624
  SINCE JUL 1   5137               5542   -405     5972

 COOLING
  TODAY            0                  0      0        0
  MONTH TO DATE    6                  0      6        0
  SINCE MAR 1      6                  0      6        0
  SINCE JAN 1      6                  0      6        0
...........................................................





WEATHER CONDITIONS
 THE FOLLOWING WEATHER WAS RECORDED TODAY.
  NO SIGNIFICANT WEATHER WAS OBSERVED.


..........................................................


THE EAST RAPID CITY SD CLIMATE NORMALS FOR TOMORROW
                         NORMAL    RECORD    YEAR
 MAXIMUM TEMPERATURE (F)   48        79      2007
 MINIMUM TEMPERATURE (F)   26       -12      1913


SUNRISE AND SUNSET
MARCH 19 2015.........SUNRISE   658 AM MDT   SUNSET   704 PM MDT
MARCH 20 2015.........SUNRISE   656 AM MDT   SUNSET   705 PM MDT


-  INDICATES NEGATIVE NUMBERS.
R  INDICATES RECORD WAS SET OR TIED.
MM INDICATES DATA IS MISSING.
T  INDICATES TRACE AMOUNT.




$$
