000
CDUS43 KUNR 070042
CLIUNR


CLIMATE REPORT
NATIONAL WEATHER SERVICE RAPID CITY SD
542 PM MST MON FEB 6 2017


...................................

...THE EAST RAPID CITY SD CLIMATE SUMMARY FOR FEBRUARY 6 2017...
VALID TODAY AS OF 0500 PM LOCAL TIME.

CLIMATE NORMAL PERIOD 1981 TO 2010
CLIMATE RECORD PERIOD 1888 TO 2017


WEATHER ITEM   OBSERVED RECORD YEAR NORMAL DEPARTURE LAST
                VALUE   VALUE       VALUE  FROM      YEAR
                                           NORMAL
...........................................................
TEMPERATURE (F)
 TODAY
  MAXIMUM         49     73    2015  37     12       59
  MINIMUM         14    -24    1936  17     -3       31
  AVERAGE         32                 27      5       45

PRECIPITATION (IN)
  TODAY            0.00   0.23 2001   0.01  -0.01     0.00
  MONTH TO DATE    0.05               0.10  -0.05     0.24
  SINCE DEC 1      1.22               0.71   0.51     1.14
  SINCE JAN 1      0.40               0.39   0.01     0.41

SNOWFALL (IN)
  TODAY            0.0    3.0  2001   0.3   -0.3      0.0
  MONTH TO DATE    1.6                1.6    0.0      3.8
  SINCE DEC 1     21.8               12.3    9.5     21.8
  SINCE JUL 1     25.5               20.9    4.6     27.8
  SNOW DEPTH       T

DEGREE DAYS
 HEATING
  TODAY           33                 38     -5       20
  MONTH TO DATE  269                228     41      203
  SINCE DEC 1   2963               2576    387     2429
  SINCE JUL 1   3994               4156   -162     3687

 COOLING
  TODAY            0                  0      0        0
  MONTH TO DATE    0                  0      0        0
  SINCE DEC 1      0                  0      0        0
  SINCE JAN 1      0                  0      0        0
...........................................................





WEATHER CONDITIONS
 THE FOLLOWING WEATHER WAS RECORDED TODAY.
  NO SIGNIFICANT WEATHER WAS OBSERVED.


..........................................................


THE EAST RAPID CITY SD CLIMATE NORMALS FOR TOMORROW
                         NORMAL    RECORD    YEAR
 MAXIMUM TEMPERATURE (F)   37        69      2015
 MINIMUM TEMPERATURE (F)   17       -28      1933


SUNRISE AND SUNSET
FEBRUARY  6 2017......SUNRISE   704 AM MST   SUNSET   510 PM MST
FEBRUARY  7 2017......SUNRISE   703 AM MST   SUNSET   512 PM MST


-  INDICATES NEGATIVE NUMBERS.
R  INDICATES RECORD WAS SET OR TIED.
MM INDICATES DATA IS MISSING.
T  INDICATES TRACE AMOUNT.




$$
