000
CDUS43 KUNR 150844
CLIUNR


CLIMATE REPORT
NATIONAL WEATHER SERVICE RAPID CITY SD
242 AM MDT FRI MAY 15 2015


...................................

...THE EAST RAPID CITY SD CLIMATE SUMMARY FOR MAY 14 2015...

CLIMATE NORMAL PERIOD 1981 TO 2010
CLIMATE RECORD PERIOD 1888 TO 2015


WEATHER ITEM   OBSERVED RECORD YEAR NORMAL DEPARTURE LAST
                VALUE   VALUE       VALUE  FROM      YEAR
                                           NORMAL
...........................................................
TEMPERATURE (F)
 YESTERDAY
  MAXIMUM         62     91    1931  66     -4       56
  MINIMUM         47     28    2004  45      2       40
  AVERAGE         55                 55      0       48

PRECIPITATION (IN)
  YESTERDAY        T      2.71 1965   0.14  -0.14     0.00
  MONTH TO DATE    2.60               1.67   0.93     0.83
  SINCE MAR 1      3.65               4.76  -1.11     3.64
  SINCE JAN 1      4.20               5.53  -1.33     4.15

SNOWFALL (IN)
  YESTERDAY        0.0    0.3  1945   0.1   -0.1      0.0
  MONTH TO DATE   13.6                1.6   12.0      0.6
  SINCE MAR 1     15.0               22.2   -7.2     23.4
  SINCE JUL 1     50.7               48.9    1.8     73.5
  SNOW DEPTH       0

DEGREE DAYS
 HEATING
  YESTERDAY       10                 10      0       17
  MONTH TO DATE  195                173     22      244
  SINCE MAR 1   1334               1685   -351     1869
  SINCE JUL 1   6030               6639   -609     7217

 COOLING
  YESTERDAY        0                  0      0        0
  MONTH TO DATE    2                  0      2        0
  SINCE MAR 1      8                  1      7        0
  SINCE JAN 1      8                  1      7        0
...........................................................


WIND (MPH)
  HIGHEST GUST SPEED    35   HIGHEST GUST DIRECTION     N (10)



WEATHER CONDITIONS
 THE FOLLOWING WEATHER WAS RECORDED YESTERDAY.
  LIGHT RAIN


..........................................................


THE EAST RAPID CITY SD CLIMATE NORMALS FOR TODAY
                         NORMAL    RECORD    YEAR
 MAXIMUM TEMPERATURE (F)   66        95      1936
 MINIMUM TEMPERATURE (F)   45        29      1945


SUNRISE AND SUNSET
MAY 15 2015...........SUNRISE   527 AM MDT   SUNSET   812 PM MDT
MAY 16 2015...........SUNRISE   526 AM MDT   SUNSET   813 PM MDT


-  INDICATES NEGATIVE NUMBERS.
R  INDICATES RECORD WAS SET OR TIED.
MM INDICATES DATA IS MISSING.
T  INDICATES TRACE AMOUNT.




$$
