000
CDUS43 KUNR 091835
CLIUNR


CLIMATE REPORT
NATIONAL WEATHER SERVICE RAPID CITY SD
1234 PM MDT FRI SEP 9 2016


...................................

...THE EAST RAPID CITY SD CLIMATE SUMMARY FOR SEPTEMBER 9 2016...
VALID AS OF 1100 AM LOCAL TIME.

CLIMATE NORMAL PERIOD 1981 TO 2010
CLIMATE RECORD PERIOD 1888 TO 2016


WEATHER ITEM   OBSERVED RECORD YEAR NORMAL DEPARTURE LAST
                VALUE   VALUE       VALUE  FROM      YEAR
                                           NORMAL
...........................................................
TEMPERATURE (F)
 TODAY
  MAXIMUM         61    100    1931  76    -15       78
  MINIMUM         50     35    1898  53     -3       56
  AVERAGE         56                 64     -8       67

PRECIPITATION (IN)
  TODAY            0.02   1.19 1898   0.06  -0.04     0.00
  MONTH TO DATE    0.32               0.46  -0.14      T
  SINCE SEP 1      0.32               0.46  -0.14      T
  SINCE JAN 1     11.62              16.14  -4.52    22.10

SNOWFALL (IN)
  TODAY            0.0    0.0  2002   0.0    0.0      0.0
                               2001
                               2000
  MONTH TO DATE    0.0                0.0    0.0      0.0
  SINCE SEP 1      0.0                0.0    0.0      0.0
  SINCE JUL 1      0.0                0.0    0.0      0.0
  SNOW DEPTH       0

DEGREE DAYS
 HEATING
  TODAY            9                  4      5        0
  MONTH TO DATE   15                 25    -10        0
  SINCE SEP 1     15                 25    -10        0
  SINCE JUL 1     40                 55    -15       30

 COOLING
  TODAY            0                  3     -3        2
  MONTH TO DATE   22                 36    -14       66
  SINCE SEP 1     22                 36    -14       66
  SINCE JAN 1    782                631    151      643
...........................................................





WEATHER CONDITIONS
 THE FOLLOWING WEATHER WAS RECORDED TODAY.
  LIGHT RAIN


..........................................................


THE EAST RAPID CITY SD CLIMATE NORMALS FOR TOMORROW
                         NORMAL    RECORD    YEAR
 MAXIMUM TEMPERATURE (F)   75        97      2012
 MINIMUM TEMPERATURE (F)   53        33      1962


SUNRISE AND SUNSET
SEPTEMBER  9 2016.....SUNRISE   626 AM MDT   SUNSET   713 PM MDT
SEPTEMBER 10 2016.....SUNRISE   627 AM MDT   SUNSET   711 PM MDT


-  INDICATES NEGATIVE NUMBERS.
R  INDICATES RECORD WAS SET OR TIED.
MM INDICATES DATA IS MISSING.
T  INDICATES TRACE AMOUNT.




$$
