412
CDUS43 KUNR 200037
CLIUNR


CLIMATE REPORT
NATIONAL WEATHER SERVICE RAPID CITY SD
536 PM MST MON FEB 19 2018


...................................

...THE EAST RAPID CITY SD CLIMATE SUMMARY FOR FEBRUARY 19 2018...
VALID TODAY AS OF 0500 PM LOCAL TIME.

CLIMATE NORMAL PERIOD 1981 TO 2010
CLIMATE RECORD PERIOD 1888 TO 2018


WEATHER ITEM   OBSERVED RECORD YEAR NORMAL DEPARTURE LAST
                VALUE   VALUE       VALUE  FROM      YEAR
                                           NORMAL
...........................................................
TEMPERATURE (F)
 TODAY
  MAXIMUM          3     68    2017  39    -36       68
                               1965
  MINIMUM         -2    -17    1929  19    -21       38
  AVERAGE          1                 29    -28       53

PRECIPITATION (IN)
  TODAY            0.17   0.59 1953   0.02   0.15     0.00
  MONTH TO DATE    0.81               0.31   0.50     0.18
  SINCE DEC 1      1.37               0.92   0.45     1.35
  SINCE JAN 1      1.07               0.60   0.47     0.53

SNOWFALL (IN)
  TODAY            4.1    5.9  1953   0.2    3.9      0.0
  MONTH TO DATE   18.7                4.8   13.9      4.8
  SINCE DEC 1     29.8               15.5   14.3     25.0
  SINCE JUL 1     30.9               24.1    6.8     28.7
  SNOW DEPTH       8

DEGREE DAYS
 HEATING
  TODAY           64                 36     28       12
  MONTH TO DATE  941                712    229      588
  SINCE DEC 1   3305               3060    245     3282
  SINCE JUL 1   4685               4640     45     4313

 COOLING
  TODAY            0                  0      0        0
  MONTH TO DATE    0                  0      0        0
  SINCE DEC 1      0                  0      0        0
  SINCE JAN 1      0                  0      0        0
...........................................................





WEATHER CONDITIONS
 THE FOLLOWING WEATHER WAS RECORDED TODAY.
  SNOW
  LIGHT SNOW


..........................................................


THE EAST RAPID CITY SD CLIMATE NORMALS FOR TOMORROW
                         NORMAL    RECORD    YEAR
 MAXIMUM TEMPERATURE (F)   39        72      1930
 MINIMUM TEMPERATURE (F)   19       -19      1918


SUNRISE AND SUNSET
FEBRUARY 19 2018......SUNRISE   646 AM MST   SUNSET   528 PM MST
FEBRUARY 20 2018......SUNRISE   644 AM MST   SUNSET   529 PM MST


-  INDICATES NEGATIVE NUMBERS.
R  INDICATES RECORD WAS SET OR TIED.
MM INDICATES DATA IS MISSING.
T  INDICATES TRACE AMOUNT.




$$
