000
CDUS43 KUNR 120834
CLIUNR


CLIMATE REPORT
NATIONAL WEATHER SERVICE RAPID CITY SD
132 AM MST SUN FEB 12 2017


...................................

...THE EAST RAPID CITY SD CLIMATE SUMMARY FOR FEBRUARY 11 2017...

CLIMATE NORMAL PERIOD 1981 TO 2010
CLIMATE RECORD PERIOD 1888 TO 2017


WEATHER ITEM   OBSERVED RECORD YEAR NORMAL DEPARTURE LAST
                VALUE   VALUE       VALUE  FROM      YEAR
                                           NORMAL
...........................................................
TEMPERATURE (F)
 YESTERDAY
  MAXIMUM         50     65    1952  38     12       55
  MINIMUM         28    -34    1899  17     11       23
  AVERAGE         39                 28     11       39

PRECIPITATION (IN)
  YESTERDAY        T      0.20 1948   0.01  -0.01     0.00
  MONTH TO DATE    0.18               0.18   0.00     0.24
  SINCE DEC 1      1.35               0.79   0.56     1.14
  SINCE JAN 1      0.53               0.47   0.06     0.41

SNOWFALL (IN)
  YESTERDAY        0.0    2.0  1948   0.2   -0.2      0.0
  MONTH TO DATE    4.8                2.8    2.0      3.8
  SINCE DEC 1     25.0               13.5   11.5     21.8
  SINCE JUL 1     28.7               22.1    6.6     27.8
  SNOW DEPTH       0

DEGREE DAYS
 HEATING
  YESTERDAY       26                 38    -12       26
  MONTH TO DATE  453                418     35      334
  SINCE DEC 1   3147               2766    381     2560
  SINCE JUL 1   4178               4346   -168     3818

 COOLING
  YESTERDAY        0                  0      0        0
  MONTH TO DATE    0                  0      0        0
  SINCE DEC 1      0                  0      0        0
  SINCE JAN 1      0                  0      0        0
...........................................................


WIND (MPH)
  HIGHEST GUST SPEED    41   HIGHEST GUST DIRECTION    NW (320)



WEATHER CONDITIONS
 THE FOLLOWING WEATHER WAS RECORDED YESTERDAY.
  LIGHT RAIN


..........................................................


THE EAST RAPID CITY SD CLIMATE NORMALS FOR TODAY
                         NORMAL    RECORD    YEAR
 MAXIMUM TEMPERATURE (F)   38        66      1890
 MINIMUM TEMPERATURE (F)   17       -29      1905


SUNRISE AND SUNSET
FEBRUARY 12 2017......SUNRISE   656 AM MST   SUNSET   519 PM MST
FEBRUARY 13 2017......SUNRISE   655 AM MST   SUNSET   520 PM MST


-  INDICATES NEGATIVE NUMBERS.
R  INDICATES RECORD WAS SET OR TIED.
MM INDICATES DATA IS MISSING.
T  INDICATES TRACE AMOUNT.




$$
