519
CDUS43 KUNR 080038
CLIUNR


CLIMATE REPORT
NATIONAL WEATHER SERVICE RAPID CITY SD
537 PM MST SUN JAN 7 2018


...................................

...THE EAST RAPID CITY SD CLIMATE SUMMARY FOR JANUARY 7 2018...
VALID TODAY AS OF 0500 PM LOCAL TIME.

CLIMATE NORMAL PERIOD 1981 TO 2010
CLIMATE RECORD PERIOD 1888 TO 2018


WEATHER ITEM   OBSERVED RECORD YEAR NORMAL DEPARTURE LAST
                VALUE   VALUE       VALUE  FROM      YEAR
                                           NORMAL
...........................................................
TEMPERATURE (F)
 TODAY
  MAXIMUM         48     65    1948  38     10       15
  MINIMUM         41    -28    1888  16     25       -2
  AVERAGE         45                 27     18        7

PRECIPITATION (IN)
  TODAY            T      0.25 1944   0.01  -0.01     0.00
  MONTH TO DATE    T                  0.06  -0.06     0.07
  SINCE DEC 1      0.30               0.38  -0.08     0.89
  SINCE JAN 1      T                  0.06  -0.06     0.07

SNOWFALL (IN)
  TODAY            0.0    2.5  1944   0.2   -0.2      0.0
  MONTH TO DATE    0.0                1.1   -1.1      2.4
  SINCE DEC 1      7.3                6.3    1.0     14.5
  SINCE JUL 1      8.4               14.9   -6.5     18.2
  SNOW DEPTH       T

DEGREE DAYS
 HEATING
  TODAY           20                 38    -18       58
  MONTH TO DATE  276                266     10      408
  SINCE DEC 1   1467               1433     34     1801
  SINCE JUL 1   2847               3013   -166     2832

 COOLING
  TODAY            0                  0      0        0
  MONTH TO DATE    0                  0      0        0
  SINCE DEC 1      0                  0      0        0
  SINCE JAN 1      0                  0      0        0
...........................................................





WEATHER CONDITIONS
 THE FOLLOWING WEATHER WAS RECORDED TODAY.
  NO SIGNIFICANT WEATHER WAS OBSERVED.


..........................................................


THE EAST RAPID CITY SD CLIMATE NORMALS FOR TOMORROW
                         NORMAL    RECORD    YEAR
 MAXIMUM TEMPERATURE (F)   38        73      2002
 MINIMUM TEMPERATURE (F)   16       -20      1888


SUNRISE AND SUNSET
JANUARY  7 2018.......SUNRISE   727 AM MST   SUNSET   431 PM MST
JANUARY  8 2018.......SUNRISE   727 AM MST   SUNSET   432 PM MST


-  INDICATES NEGATIVE NUMBERS.
R  INDICATES RECORD WAS SET OR TIED.
MM INDICATES DATA IS MISSING.
T  INDICATES TRACE AMOUNT.




$$
