349
CDUS43 KUNR 170841
CLIUNR


CLIMATE REPORT
NATIONAL WEATHER SERVICE RAPID CITY SD
240 AM MDT SAT SEP 17 2016


...................................

...THE EAST RAPID CITY SD CLIMATE SUMMARY FOR SEPTEMBER 16 2016...

CLIMATE NORMAL PERIOD 1981 TO 2010
CLIMATE RECORD PERIOD 1888 TO 2016


WEATHER ITEM   OBSERVED RECORD YEAR NORMAL DEPARTURE LAST
                VALUE   VALUE       VALUE  FROM      YEAR
                                           NORMAL
...........................................................
TEMPERATURE (F)
 YESTERDAY
  MAXIMUM         72     96    1895  72      0       88
  MINIMUM         54     29    1965  50      4       53
  AVERAGE         63                 61      2       71

PRECIPITATION (IN)
  YESTERDAY        T      2.76 1913   0.06  -0.06     0.00
  MONTH TO DATE    0.48               0.84  -0.36      T
  SINCE SEP 1      0.48               0.84  -0.36      T
  SINCE JAN 1     11.78              16.52  -4.74    22.10

SNOWFALL (IN)
  YESTERDAY        0.0    2.6  1965   0.0    0.0      0.0
  MONTH TO DATE    0.0                0.0    0.0      0.0
  SINCE SEP 1      0.0                0.0    0.0      0.0
  SINCE JUL 1      0.0                0.0    0.0      0.0
  SNOW DEPTH       0

DEGREE DAYS
 HEATING
  YESTERDAY        2                  6     -4        0
  MONTH TO DATE   56                 58     -2        7
  SINCE SEP 1     56                 58     -2        7
  SINCE JUL 1     81                 88     -7       37

 COOLING
  YESTERDAY        0                  2     -2        6
  MONTH TO DATE   30                 53    -23      101
  SINCE SEP 1     30                 53    -23      101
  SINCE JAN 1    790                648    142      678
...........................................................


WIND (MPH)
  HIGHEST GUST SPEED    35   HIGHEST GUST DIRECTION     N (340)



WEATHER CONDITIONS
 THE FOLLOWING WEATHER WAS RECORDED YESTERDAY.
  LIGHT RAIN


..........................................................


THE EAST RAPID CITY SD CLIMATE NORMALS FOR TODAY
                         NORMAL    RECORD    YEAR
 MAXIMUM TEMPERATURE (F)   72        94      2000
 MINIMUM TEMPERATURE (F)   50        30      1901


SUNRISE AND SUNSET
SEPTEMBER 17 2016.....SUNRISE   635 AM MDT   SUNSET   659 PM MDT
SEPTEMBER 18 2016.....SUNRISE   636 AM MDT   SUNSET   657 PM MDT


-  INDICATES NEGATIVE NUMBERS.
R  INDICATES RECORD WAS SET OR TIED.
MM INDICATES DATA IS MISSING.
T  INDICATES TRACE AMOUNT.




$$
