000
CDUS43 KUNR 210847
CLIUNR


CLIMATE REPORT
NATIONAL WEATHER SERVICE RAPID CITY SD
245 AM MDT MON JUL 21 2014


...................................

...THE EAST RAPID CITY SD CLIMATE SUMMARY FOR JULY 20 2014...

CLIMATE NORMAL PERIOD 1981 TO 2010
CLIMATE RECORD PERIOD 1888 TO 2014


WEATHER ITEM   OBSERVED RECORD YEAR NORMAL DEPARTURE LAST
                VALUE   VALUE       VALUE  FROM      YEAR
                                           NORMAL
...........................................................
TEMPERATURE (F)
 YESTERDAY
  MAXIMUM         92    105    1939  85      7       82
  MINIMUM         72     47    1915  63      9       63
  AVERAGE         82                 74      8       73

PRECIPITATION (IN)
  YESTERDAY        0.00   1.48 2002   0.08  -0.08     0.54
  MONTH TO DATE    0.58               1.49  -0.91     2.07
  SINCE JUN 1      6.63               4.65   1.98     3.74
  SINCE JAN 1     11.81              12.70  -0.89    12.46

SNOWFALL (IN)
  YESTERDAY        0.0                0.0    0.0      0.0
  MONTH TO DATE    0.0                0.0    0.0      0.0
  SINCE JUN 1      0.0                0.0    0.0      0.0
  SINCE JUL 1      0.0                0.0    0.0      0.0
  SNOW DEPTH       0

DEGREE DAYS
 HEATING
  YESTERDAY        0                  0      0        0
  MONTH TO DATE   11                  6      5        0
  SINCE JUN 1    119                 94     25       58
  SINCE JUL 1     11                  6      5        0

 COOLING
  YESTERDAY       17                  9      8        8
  MONTH TO DATE  117                158    -41      214
  SINCE JUN 1    145                249   -104      309
  SINCE JAN 1    173                267    -94      333
...........................................................


WIND (MPH)
  HIGHEST GUST SPEED    16   HIGHEST GUST DIRECTION     E (110)



WEATHER CONDITIONS
 THE FOLLOWING WEATHER WAS RECORDED YESTERDAY.
  NO SIGNIFICANT WEATHER WAS OBSERVED.


..........................................................


THE EAST RAPID CITY SD CLIMATE NORMALS FOR TODAY
                         NORMAL    RECORD    YEAR
 MAXIMUM TEMPERATURE (F)   85       104      1934
 MINIMUM TEMPERATURE (F)   63        49      1947


SUNRISE AND SUNSET
JULY 21 2014..........SUNRISE   529 AM MDT   SUNSET   829 PM MDT
JULY 22 2014..........SUNRISE   530 AM MDT   SUNSET   828 PM MDT


-  INDICATES NEGATIVE NUMBERS.
R  INDICATES RECORD WAS SET OR TIED.
MM INDICATES DATA IS MISSING.
T  INDICATES TRACE AMOUNT.




$$
