000
CDUS43 KUNR 100835
CLIUNR


CLIMATE REPORT
NATIONAL WEATHER SERVICE RAPID CITY SD
234 AM MDT THU AUG 10 2017


...................................

...THE EAST RAPID CITY SD CLIMATE SUMMARY FOR AUGUST 9 2017...

CLIMATE NORMAL PERIOD 1981 TO 2010
CLIMATE RECORD PERIOD 1888 TO 2017


WEATHER ITEM   OBSERVED RECORD YEAR NORMAL DEPARTURE LAST
                VALUE   VALUE       VALUE  FROM      YEAR
                                           NORMAL
...........................................................
TEMPERATURE (F)
 YESTERDAY
  MAXIMUM         79    103    1947  85     -6       91
  MINIMUM         58     43    1917  61     -3       62
  AVERAGE         69                 73     -4       77

PRECIPITATION (IN)
  YESTERDAY        0.09   0.80 1968   0.07   0.02      T
  MONTH TO DATE    0.32               0.70  -0.38     1.13
  SINCE JUN 1      3.09               6.36  -3.27     4.57
  SINCE JAN 1      7.72              14.41  -6.69     9.11

SNOWFALL (IN)
  YESTERDAY        0.0    0.0  2002   0.0    0.0      0.0
                               2001
                               2000
  MONTH TO DATE    0.0                0.0    0.0      0.0
  SINCE JUN 1      0.0                0.0    0.0      0.0
  SINCE JUL 1      0.0                0.0    0.0      0.0
  SNOW DEPTH       0

DEGREE DAYS
 HEATING
  YESTERDAY        0                  0      0        0
  MONTH TO DATE    5                  0      5        0
  SINCE JUN 1     17                100    -83        6
  SINCE JUL 1      5                 12     -7        1

 COOLING
  YESTERDAY        4                  8     -4       12
  MONTH TO DATE   30                 80    -50       86
  SINCE JUN 1    596                431    165      616
  SINCE JAN 1    609                449    160      622
...........................................................


WIND (MPH)
  HIGHEST GUST SPEED    33   HIGHEST GUST DIRECTION     N (350)



WEATHER CONDITIONS
 THE FOLLOWING WEATHER WAS RECORDED YESTERDAY.
  THUNDERSTORM
  LIGHT RAIN


..........................................................


THE EAST RAPID CITY SD CLIMATE NORMALS FOR TODAY
                         NORMAL    RECORD    YEAR
 MAXIMUM TEMPERATURE (F)   85       103      1935
 MINIMUM TEMPERATURE (F)   61        44      1939


SUNRISE AND SUNSET
AUGUST 10 2017........SUNRISE   551 AM MDT   SUNSET   804 PM MDT
AUGUST 11 2017........SUNRISE   552 AM MDT   SUNSET   803 PM MDT


-  INDICATES NEGATIVE NUMBERS.
R  INDICATES RECORD WAS SET OR TIED.
MM INDICATES DATA IS MISSING.
T  INDICATES TRACE AMOUNT.




$$
