000
CDUS43 KUNR 150832
CLIUNR


CLIMATE REPORT
NATIONAL WEATHER SERVICE RAPID CITY SD
231 AM MDT SUN OCT 15 2017


...................................

...THE EAST RAPID CITY SD CLIMATE SUMMARY FOR OCTOBER 14 2017...

CLIMATE NORMAL PERIOD 1981 TO 2010
CLIMATE RECORD PERIOD 1888 TO 2017


WEATHER ITEM   OBSERVED RECORD YEAR NORMAL DEPARTURE LAST
                VALUE   VALUE       VALUE  FROM      YEAR
                                           NORMAL
...........................................................
TEMPERATURE (F)
 YESTERDAY
  MAXIMUM         46     84    2016  60    -14       84
  MINIMUM         34     16    1969  38     -4       40
  AVERAGE         40                 49     -9       62

PRECIPITATION (IN)
  YESTERDAY        0.07   1.10 2013   0.06   0.01     0.00
  MONTH TO DATE    0.74               0.75  -0.01     0.27
  SINCE SEP 1      2.36               2.29   0.07     1.14
  SINCE JAN 1     12.33              17.97  -5.64    12.44

SNOWFALL (IN)
  YESTERDAY        0.0    0.7  2013   0.0    0.0      0.0
  MONTH TO DATE    0.0                0.4   -0.4       T
  SINCE SEP 1      0.0                0.5   -0.5       T
  SINCE JUL 1      0.0                0.5   -0.5       T
  SNOW DEPTH       0

DEGREE DAYS
 HEATING
  YESTERDAY       25                 16      9        3
  MONTH TO DATE  221                195     26      181
  SINCE SEP 1    403                374     29      280
  SINCE JUL 1    408                404      4      305

 COOLING
  YESTERDAY        0                  0      0        0
  MONTH TO DATE    0                  0      0        2
  SINCE SEP 1    113                 66     47       49
  SINCE JAN 1    850                661    189      809
...........................................................


WIND (MPH)
  HIGHEST GUST SPEED    38   HIGHEST GUST DIRECTION    NW (330)



WEATHER CONDITIONS
 THE FOLLOWING WEATHER WAS RECORDED YESTERDAY.
  THUNDERSTORM
  LIGHT RAIN


..........................................................


THE EAST RAPID CITY SD CLIMATE NORMALS FOR TODAY
                         NORMAL    RECORD    YEAR
 MAXIMUM TEMPERATURE (F)   59        87      1950
 MINIMUM TEMPERATURE (F)   38        24      1966


SUNRISE AND SUNSET
OCTOBER 15 2017.......SUNRISE   708 AM MDT   SUNSET   608 PM MDT
OCTOBER 16 2017.......SUNRISE   709 AM MDT   SUNSET   607 PM MDT


-  INDICATES NEGATIVE NUMBERS.
R  INDICATES RECORD WAS SET OR TIED.
MM INDICATES DATA IS MISSING.
T  INDICATES TRACE AMOUNT.




$$
