000
CDUS43 KUNR 061834
CLIUNR


CLIMATE REPORT
NATIONAL WEATHER SERVICE RAPID CITY SD
1234 PM MDT SUN APR 6 2014


...................................

...THE EAST RAPID CITY SD CLIMATE SUMMARY FOR APRIL 6 2014...
VALID AS OF 1100 AM LOCAL TIME.

CLIMATE NORMAL PERIOD 1981 TO 2010
CLIMATE RECORD PERIOD 1888 TO 2014


WEATHER ITEM   OBSERVED RECORD YEAR NORMAL DEPARTURE LAST
                VALUE   VALUE       VALUE  FROM      YEAR
                                           NORMAL
...........................................................
TEMPERATURE (F)
 TODAY
  MAXIMUM         54     79    1969  53      1       63
  MINIMUM         39     13    1997  31      8       45
  AVERAGE         47                 42      5       54

PRECIPITATION (IN)
  TODAY            0.02   1.17 1922   0.05  -0.03      T
  MONTH TO DATE    0.58               0.26   0.32      T
  SINCE MAR 1      1.71               1.25   0.46     0.69
  SINCE JAN 1      2.22               2.02   0.20     1.37

SNOWFALL (IN)
  TODAY            0.0                0.3   -0.3      0.0
  MONTH TO DATE    7.6                2.1    5.5      0.0
  SINCE MAR 1     22.0               13.9    8.1     11.8
  SINCE JUL 1     72.1               40.6   31.5     33.5
  SNOW DEPTH       0

DEGREE DAYS
 HEATING
  TODAY           18                 23     -5       11
  MONTH TO DATE  192                145     47      115
  SINCE MAR 1   1212               1053    159     1059
  SINCE JUL 1   6560               6007    553     5687

 COOLING
  TODAY            0                  0      0        0
  MONTH TO DATE    0                  0      0        0
  SINCE MAR 1      0                  0      0        0
  SINCE JAN 1      0                  0      0        0
...........................................................





WEATHER CONDITIONS
 THE FOLLOWING WEATHER WAS RECORDED TODAY.
  LIGHT RAIN


..........................................................


THE EAST RAPID CITY SD CLIMATE NORMALS FOR TOMORROW
                         NORMAL    RECORD    YEAR
 MAXIMUM TEMPERATURE (F)   53        81      1952
 MINIMUM TEMPERATURE (F)   31         8      1923


SUNRISE AND SUNSET
APRIL  6 2014.........SUNRISE   625 AM MDT   SUNSET   726 PM MDT
APRIL  7 2014.........SUNRISE   623 AM MDT   SUNSET   727 PM MDT


-  INDICATES NEGATIVE NUMBERS.
R  INDICATES RECORD WAS SET OR TIED.
MM INDICATES DATA IS MISSING.
T  INDICATES TRACE AMOUNT.




$$
