000
CDUS43 KUNR 110831
CLIUNR


CLIMATE REPORT
NATIONAL WEATHER SERVICE RAPID CITY SD
131 AM MST THU DEC 11 2014


...................................

...THE EAST RAPID CITY SD CLIMATE SUMMARY FOR DECEMBER 10 2014...

CLIMATE NORMAL PERIOD 1981 TO 2010
CLIMATE RECORD PERIOD 1888 TO 2014


WEATHER ITEM   OBSERVED RECORD YEAR NORMAL DEPARTURE LAST
                VALUE   VALUE       VALUE  FROM      YEAR
                                           NORMAL
...........................................................
TEMPERATURE (F)
 YESTERDAY
  MAXIMUM         61     75    1890  36     25       31
  MINIMUM         41    -17    1919  19     22        1
  AVERAGE         51                 28     23       16

PRECIPITATION (IN)
  YESTERDAY        0.00   0.31 1970   0.01  -0.01     0.02
  MONTH TO DATE    0.00               0.09  -0.09     0.16
  SINCE DEC 1      0.00               0.09  -0.09     0.16
  SINCE JAN 1     23.35              19.56   3.79    22.62

SNOWFALL (IN)
  YESTERDAY        0.0    3.5  2000   0.2   -0.2      0.3
  MONTH TO DATE    0.0                1.7   -1.7      2.7
  SINCE DEC 1      0.0                1.7   -1.7      2.7
  SINCE JUL 1     15.3               10.3    5.0     32.5
  SNOW DEPTH       0

DEGREE DAYS
 HEATING
  YESTERDAY       14                 37    -23       49
  MONTH TO DATE  293                363    -70      541
  SINCE DEC 1    293                363    -70      541
  SINCE JUL 1   1907               1943    -36     2130

 COOLING
  YESTERDAY        0                  0      0        0
  MONTH TO DATE    0                  0      0        0
  SINCE DEC 1      0                  0      0        0
  SINCE JAN 1    514                665   -151      830
...........................................................


WIND (MPH)
  HIGHEST GUST SPEED    16   HIGHEST GUST DIRECTION     W (270)



WEATHER CONDITIONS
 THE FOLLOWING WEATHER WAS RECORDED YESTERDAY.
  NO SIGNIFICANT WEATHER WAS OBSERVED.


..........................................................


THE EAST RAPID CITY SD CLIMATE NORMALS FOR TODAY
                         NORMAL    RECORD    YEAR
 MAXIMUM TEMPERATURE (F)   36        72      1939
 MINIMUM TEMPERATURE (F)   19       -18      1932


SUNRISE AND SUNSET
DECEMBER 11 2014......SUNRISE   718 AM MST   SUNSET   414 PM MST
DECEMBER 12 2014......SUNRISE   719 AM MST   SUNSET   415 PM MST


-  INDICATES NEGATIVE NUMBERS.
R  INDICATES RECORD WAS SET OR TIED.
MM INDICATES DATA IS MISSING.
T  INDICATES TRACE AMOUNT.




$$
