000
CDUS43 KUNR 140833
CLIUNR


CLIMATE REPORT
NATIONAL WEATHER SERVICE RAPID CITY SD
232 AM MDT SAT MAY 14 2016


...................................

...THE EAST RAPID CITY SD CLIMATE SUMMARY FOR MAY 13 2016...

CLIMATE NORMAL PERIOD 1981 TO 2010
CLIMATE RECORD PERIOD 1888 TO 2016


WEATHER ITEM   OBSERVED RECORD YEAR NORMAL DEPARTURE LAST
                VALUE   VALUE       VALUE  FROM      YEAR
                                           NORMAL
...........................................................
TEMPERATURE (F)
 YESTERDAY
  MAXIMUM         48     94    2001  66    -18       59
  MINIMUM         33     24    1953  44    -11       47
  AVERAGE         41                 55    -14       53

PRECIPITATION (IN)
  YESTERDAY        T      1.10 1942   0.14  -0.14     0.08
  MONTH TO DATE    0.27               1.53  -1.26     2.60
  SINCE MAR 1      2.50               4.62  -2.12     3.65
  SINCE JAN 1      3.31               5.39  -2.08     4.20

SNOWFALL (IN)
  YESTERDAY        T      0.1  2005   0.1   -0.1      0.0
  MONTH TO DATE    T                  1.5   -1.5     13.6
  SINCE MAR 1     11.7               22.1  -10.4     15.0
  SINCE JUL 1     41.6               48.8   -7.2     50.7
  SNOW DEPTH       0

DEGREE DAYS
 HEATING
  YESTERDAY       24                 11     13       12
  MONTH TO DATE  138                163    -25      185
  SINCE MAR 1   1335               1675   -340     1324
  SINCE JUL 1   5584               6629  -1045     6020

 COOLING
  YESTERDAY        0                  0      0        0
  MONTH TO DATE    2                  0      2        2
  SINCE MAR 1      4                  1      3        8
  SINCE JAN 1      4                  1      3        8
...........................................................


WIND (MPH)
  HIGHEST GUST SPEED    44   HIGHEST GUST DIRECTION     N (340)



WEATHER CONDITIONS
 THE FOLLOWING WEATHER WAS RECORDED YESTERDAY.
  LIGHT RAIN
  LIGHT SNOW
  SLEET


..........................................................


THE EAST RAPID CITY SD CLIMATE NORMALS FOR TODAY
                         NORMAL    RECORD    YEAR
 MAXIMUM TEMPERATURE (F)   66        91      1931
 MINIMUM TEMPERATURE (F)   45        28      2004


SUNRISE AND SUNSET
MAY 14 2016...........SUNRISE   527 AM MDT   SUNSET   812 PM MDT
MAY 15 2016...........SUNRISE   526 AM MDT   SUNSET   813 PM MDT


-  INDICATES NEGATIVE NUMBERS.
R  INDICATES RECORD WAS SET OR TIED.
MM INDICATES DATA IS MISSING.
T  INDICATES TRACE AMOUNT.




$$
