000
CDUS43 KUNR 181837
CLIUNR


CLIMATE REPORT
NATIONAL WEATHER SERVICE RAPID CITY SD
1233 PM MDT TUE AUG 18 2015


...................................

...THE EAST RAPID CITY SD CLIMATE SUMMARY FOR AUGUST 18 2015...
VALID AS OF 1100 AM LOCAL TIME.

CLIMATE NORMAL PERIOD 1981 TO 2010
CLIMATE RECORD PERIOD 1888 TO 2015


WEATHER ITEM   OBSERVED RECORD YEAR NORMAL DEPARTURE LAST
                VALUE   VALUE       VALUE  FROM      YEAR
                                           NORMAL
...........................................................
TEMPERATURE (F)
 TODAY
  MAXIMUM         55    101    1959  84    -29       80
  MINIMUM         51     48    1950  60     -9       65
  AVERAGE         53                 72    -19       73

PRECIPITATION (IN)
  TODAY            0.14   0.92 1968   0.06   0.08      T
  MONTH TO DATE    1.49               1.31   0.18     3.12
  SINCE JUN 1     11.98               6.97   5.01    10.59
  SINCE JAN 1     21.34              15.02   6.32    15.77

SNOWFALL (IN)
  TODAY            0.0    0.0  2002   0.0    0.0      0.0
                               2001
                               1949
  MONTH TO DATE    0.0                0.0    0.0      0.0
  SINCE JUN 1      0.0                0.0    0.0      0.0
  SINCE JUL 1      0.0                0.0    0.0      0.0
  SNOW DEPTH       0

DEGREE DAYS
 HEATING
  TODAY           12                  0     12        0
  MONTH TO DATE   19                  0     19        0
  SINCE JUN 1     53                100    -47      119
  SINCE JUL 1     20                 12      8       11

 COOLING
  TODAY            0                  7     -7        8
  MONTH TO DATE  163                149     14      128
  SINCE JUN 1    493                500     -7      365
  SINCE JAN 1    501                518    -17      393
...........................................................





WEATHER CONDITIONS
 THE FOLLOWING WEATHER WAS RECORDED TODAY.
  HEAVY RAIN
  RAIN
  LIGHT RAIN


..........................................................


THE EAST RAPID CITY SD CLIMATE NORMALS FOR TOMORROW
                         NORMAL    RECORD    YEAR
 MAXIMUM TEMPERATURE (F)   84       100      1948
 MINIMUM TEMPERATURE (F)   60        46      1908


SUNRISE AND SUNSET
AUGUST 18 2015........SUNRISE   600 AM MDT   SUNSET   753 PM MDT
AUGUST 19 2015........SUNRISE   601 AM MDT   SUNSET   751 PM MDT


-  INDICATES NEGATIVE NUMBERS.
R  INDICATES RECORD WAS SET OR TIED.
MM INDICATES DATA IS MISSING.
T  INDICATES TRACE AMOUNT.




$$
