187
CDUS43 KUNR 250839
CLIUNR


CLIMATE REPORT
NATIONAL WEATHER SERVICE RAPID CITY SD
137 AM MST FRI NOV 25 2016


...................................

...THE EAST RAPID CITY SD CLIMATE SUMMARY FOR NOVEMBER 24 2016...

CLIMATE NORMAL PERIOD 1981 TO 2010
CLIMATE RECORD PERIOD 1888 TO 2016


WEATHER ITEM   OBSERVED RECORD YEAR NORMAL DEPARTURE LAST
                VALUE   VALUE       VALUE  FROM      YEAR
                                           NORMAL
...........................................................
TEMPERATURE (F)
 YESTERDAY
  MAXIMUM         43     75    1932  41      2       47
  MINIMUM         27     -5    1918  24      3       26
  AVERAGE         35                 33      2       37

PRECIPITATION (IN)
  YESTERDAY        0.00   0.17 2014   0.01  -0.01     0.00
  MONTH TO DATE    0.17               0.55  -0.38     0.11
  SINCE SEP 1      1.60               3.74  -2.14     1.47
  SINCE JAN 1     12.90              19.42  -6.52    23.57

SNOWFALL (IN)
  YESTERDAY        0.0    2.5  2014   0.1   -0.1      0.0
  MONTH TO DATE    3.0                5.1   -2.1      2.3
  SINCE SEP 1      3.0                7.5   -4.5      2.3
  SINCE JUL 1      3.0                7.5   -4.5      2.3
  SNOW DEPTH       0

DEGREE DAYS
 HEATING
  YESTERDAY       30                 32     -2       28
  MONTH TO DATE  387                649   -262      532
  SINCE SEP 1    828               1348   -520      959
  SINCE JUL 1    853               1378   -525      989

 COOLING
  YESTERDAY        0                  0      0        0
  MONTH TO DATE    0                  0      0        0
  SINCE SEP 1     53                 70    -17      139
  SINCE JAN 1    813                665    148      716
...........................................................


WIND (MPH)
  HIGHEST GUST SPEED    38   HIGHEST GUST DIRECTION    NW (310)



WEATHER CONDITIONS
 THE FOLLOWING WEATHER WAS RECORDED YESTERDAY.
  FOG
  FOG W/VISIBILITY <= 1/4 MILE


..........................................................


THE EAST RAPID CITY SD CLIMATE NORMALS FOR TODAY
                         NORMAL    RECORD    YEAR
 MAXIMUM TEMPERATURE (F)   41        75      1960
 MINIMUM TEMPERATURE (F)   24        -4      2010


SUNRISE AND SUNSET
NOVEMBER 25 2016......SUNRISE   701 AM MST   SUNSET   418 PM MST
NOVEMBER 26 2016......SUNRISE   703 AM MST   SUNSET   418 PM MST


-  INDICATES NEGATIVE NUMBERS.
R  INDICATES RECORD WAS SET OR TIED.
MM INDICATES DATA IS MISSING.
T  INDICATES TRACE AMOUNT.




$$
