000
CDUS43 KUNR 200833
CLIUNR


CLIMATE REPORT
NATIONAL WEATHER SERVICE RAPID CITY SD
132 AM MST THU NOV 20 2014


...................................

...THE EAST RAPID CITY SD CLIMATE SUMMARY FOR NOVEMBER 19 2014...

CLIMATE NORMAL PERIOD 1981 TO 2010
CLIMATE RECORD PERIOD 1888 TO 2014


WEATHER ITEM   OBSERVED RECORD YEAR NORMAL DEPARTURE LAST
                VALUE   VALUE       VALUE  FROM      YEAR
                                           NORMAL
...........................................................
TEMPERATURE (F)
 YESTERDAY
  MAXIMUM         31     76    1897  44    -13       61
  MINIMUM         20     -3    1921  26     -6       33
  AVERAGE         26                 35     -9       47

PRECIPITATION (IN)
  YESTERDAY        0.00   0.24 2011   0.01  -0.01     0.00
  MONTH TO DATE    0.45               0.49  -0.04     0.32
  SINCE SEP 1      5.74               3.68   2.06     6.71
  SINCE JAN 1     23.14              19.36   3.78    22.46

SNOWFALL (IN)
  YESTERDAY        0.0    5.9  2011   0.2   -0.2      0.0
  MONTH TO DATE   10.2                4.2    6.0      4.0
  SINCE SEP 1     11.8                6.6    5.2     29.5
  SINCE JUL 1     11.8                6.6    5.2     29.5
  SNOW DEPTH       1

DEGREE DAYS
 HEATING
  YESTERDAY       39                 30      9       18
  MONTH TO DATE  686                493    193      477
  SINCE SEP 1   1240               1192     48     1202
  SINCE JUL 1   1264               1222     42     1208

 COOLING
  YESTERDAY        0                  0      0        0
  MONTH TO DATE    0                  0      0        0
  SINCE SEP 1     78                 70      8      145
  SINCE JAN 1    514                665   -151      830
...........................................................


WIND (MPH)
  HIGHEST GUST SPEED    30   HIGHEST GUST DIRECTION     N (360)



WEATHER CONDITIONS
 THE FOLLOWING WEATHER WAS RECORDED YESTERDAY.
  NO SIGNIFICANT WEATHER WAS OBSERVED.


..........................................................


THE EAST RAPID CITY SD CLIMATE NORMALS FOR TODAY
                         NORMAL    RECORD    YEAR
 MAXIMUM TEMPERATURE (F)   43        74      1897
 MINIMUM TEMPERATURE (F)   26        -6      1900


SUNRISE AND SUNSET
NOVEMBER 20 2014......SUNRISE   655 AM MST   SUNSET   422 PM MST
NOVEMBER 21 2014......SUNRISE   656 AM MST   SUNSET   421 PM MST


-  INDICATES NEGATIVE NUMBERS.
R  INDICATES RECORD WAS SET OR TIED.
MM INDICATES DATA IS MISSING.
T  INDICATES TRACE AMOUNT.




$$
