000
CDUS43 KUNR 100036
CLIUNR


CLIMATE REPORT
NATIONAL WEATHER SERVICE RAPID CITY SD
636 PM MDT MON MAY 9 2016


...................................

...THE EAST RAPID CITY SD CLIMATE SUMMARY FOR MAY 9 2016...
VALID TODAY AS OF 0500 PM LOCAL TIME.

CLIMATE NORMAL PERIOD 1981 TO 2010
CLIMATE RECORD PERIOD 1888 TO 2016


WEATHER ITEM   OBSERVED RECORD YEAR NORMAL DEPARTURE LAST
                VALUE   VALUE       VALUE  FROM      YEAR
                                           NORMAL
...........................................................
TEMPERATURE (F)
 TODAY
  MAXIMUM         55     88    1916  64     -9       46
  MINIMUM         47     26    1909  43      4       31
  AVERAGE         51                 54     -3       39

PRECIPITATION (IN)
  TODAY            0.21   1.29 1890   0.11   0.10     1.26
  MONTH TO DATE    0.26               1.00  -0.74     1.85
  SINCE MAR 1      2.49               4.09  -1.60     2.90
  SINCE JAN 1      3.30               4.86  -1.56     3.45

SNOWFALL (IN)
  TODAY            0.0    8.0  1965   0.0    0.0      6.5
  MONTH TO DATE    0.0                1.2   -1.2      6.5
  SINCE MAR 1     11.7               21.8  -10.1      7.9
  SINCE JUL 1     41.6               48.5   -6.9     43.6
  SNOW DEPTH       0

DEGREE DAYS
 HEATING
  TODAY           14                 12      2       26
  MONTH TO DATE   70                118    -48      107
  SINCE MAR 1   1267               1630   -363     1246
  SINCE JUL 1   5516               6584  -1068     5942

 COOLING
  TODAY            0                  0      0        0
  MONTH TO DATE    2                  0      2        2
  SINCE MAR 1      4                  1      3        8
  SINCE JAN 1      4                  1      3        8
...........................................................





WEATHER CONDITIONS
 THE FOLLOWING WEATHER WAS RECORDED TODAY.
  RAIN
  LIGHT RAIN


..........................................................


THE EAST RAPID CITY SD CLIMATE NORMALS FOR TOMORROW
                         NORMAL    RECORD    YEAR
 MAXIMUM TEMPERATURE (F)   65        90      1961
 MINIMUM TEMPERATURE (F)   43        28      1996


SUNRISE AND SUNSET
MAY  9 2016...........SUNRISE   533 AM MDT   SUNSET   806 PM MDT
MAY 10 2016...........SUNRISE   532 AM MDT   SUNSET   807 PM MDT


-  INDICATES NEGATIVE NUMBERS.
R  INDICATES RECORD WAS SET OR TIED.
MM INDICATES DATA IS MISSING.
T  INDICATES TRACE AMOUNT.




$$
