000
CDUS43 KUNR 030039
CLIUNR


CLIMATE REPORT
NATIONAL WEATHER SERVICE RAPID CITY SD
639 PM MDT WED APR 2 2014


...................................

...THE EAST RAPID CITY SD CLIMATE SUMMARY FOR APRIL 2 2014...
VALID TODAY AS OF 0500 PM LOCAL TIME.

CLIMATE NORMAL PERIOD 1981 TO 2010
CLIMATE RECORD PERIOD 1888 TO 2014


WEATHER ITEM   OBSERVED RECORD YEAR NORMAL DEPARTURE LAST
                VALUE   VALUE       VALUE  FROM      YEAR
                                           NORMAL
...........................................................
TEMPERATURE (F)
 TODAY
  MAXIMUM         25     81    1921  51    -26       58
  MINIMUM         21     -8    1936  29     -8       29
  AVERAGE         23                 40    -17       44

PRECIPITATION (IN)
  TODAY            0.45   0.78 1905   0.04   0.41     0.00
  MONTH TO DATE    0.56               0.08   0.48     0.00
  SINCE MAR 1      1.69               1.07   0.62     0.69
  SINCE JAN 1      2.20               1.84   0.36     1.37

SNOWFALL (IN)
  TODAY            6.1                0.3    5.8      0.0
  MONTH TO DATE    7.6                0.7    6.9      0.0
  SINCE MAR 1     22.0               12.5    9.5     11.8
  SINCE JUL 1     72.1               39.2   32.9     33.5
  SNOW DEPTH       5

DEGREE DAYS
 HEATING
  TODAY           42                 25     17       21
  MONTH TO DATE   87                 50     37       48
  SINCE MAR 1   1107                958    149      992
  SINCE JUL 1   6455               5912    543     5620

 COOLING
  TODAY            0                  0      0        0
  MONTH TO DATE    0                  0      0        0
  SINCE MAR 1      0                  0      0        0
  SINCE JAN 1      0                  0      0        0
...........................................................





WEATHER CONDITIONS
 THE FOLLOWING WEATHER WAS RECORDED TODAY.
  HEAVY SNOW
  SNOW
  LIGHT SNOW
  FOG


..........................................................


THE EAST RAPID CITY SD CLIMATE NORMALS FOR TOMORROW
                         NORMAL    RECORD    YEAR
 MAXIMUM TEMPERATURE (F)   52        81      1943
 MINIMUM TEMPERATURE (F)   30        -2      1936


SUNRISE AND SUNSET
APRIL  2 2014.........SUNRISE   632 AM MDT   SUNSET   721 PM MDT
APRIL  3 2014.........SUNRISE   631 AM MDT   SUNSET   722 PM MDT


-  INDICATES NEGATIVE NUMBERS.
R  INDICATES RECORD WAS SET OR TIED.
MM INDICATES DATA IS MISSING.
T  INDICATES TRACE AMOUNT.




$$
