000
CDUS43 KUNR 231835
CLIUNR


CLIMATE REPORT
NATIONAL WEATHER SERVICE RAPID CITY SD
1135 AM MST WED NOV 23 2016


...................................

...THE EAST RAPID CITY SD CLIMATE SUMMARY FOR NOVEMBER 23 2016...
VALID AS OF 1100 AM LOCAL TIME.

CLIMATE NORMAL PERIOD 1981 TO 2010
CLIMATE RECORD PERIOD 1888 TO 2016


WEATHER ITEM   OBSERVED RECORD YEAR NORMAL DEPARTURE LAST
                VALUE   VALUE       VALUE  FROM      YEAR
                                           NORMAL
...........................................................
TEMPERATURE (F)
 TODAY
  MAXIMUM         40     67    1915  42     -2       50
  MINIMUM         28    -11    1918  25      3       28
  AVERAGE         34                 33      1       39

PRECIPITATION (IN)
  TODAY            0.00   0.30 1959   0.01  -0.01     0.00
  MONTH TO DATE    0.17               0.54  -0.37     0.11
  SINCE SEP 1      1.60               3.73  -2.13     1.47
  SINCE JAN 1     12.90              19.41  -6.51    23.57

SNOWFALL (IN)
  TODAY            0.0    1.6  1931   0.2   -0.2      0.0
  MONTH TO DATE    3.0                5.0   -2.0      2.3
  SINCE SEP 1      3.0                7.4   -4.4      2.3
  SINCE JUL 1      3.0                7.4   -4.4      2.3
  SNOW DEPTH       0

DEGREE DAYS
 HEATING
  TODAY           31                 32     -1       26
  MONTH TO DATE  359                617   -258      504
  SINCE SEP 1    800               1316   -516      931
  SINCE JUL 1    825               1346   -521      961

 COOLING
  TODAY            0                  0      0        0
  MONTH TO DATE    0                  0      0        0
  SINCE SEP 1     53                 70    -17      139
  SINCE JAN 1    813                665    148      716
...........................................................





WEATHER CONDITIONS
 THE FOLLOWING WEATHER WAS RECORDED TODAY.
  NO SIGNIFICANT WEATHER WAS OBSERVED.


..........................................................


THE EAST RAPID CITY SD CLIMATE NORMALS FOR TOMORROW
                         NORMAL    RECORD    YEAR
 MAXIMUM TEMPERATURE (F)   41        75      1932
 MINIMUM TEMPERATURE (F)   24        -5      1918


SUNRISE AND SUNSET
NOVEMBER 23 2016......SUNRISE   659 AM MST   SUNSET   420 PM MST
NOVEMBER 24 2016......SUNRISE   700 AM MST   SUNSET   419 PM MST


-  INDICATES NEGATIVE NUMBERS.
R  INDICATES RECORD WAS SET OR TIED.
MM INDICATES DATA IS MISSING.
T  INDICATES TRACE AMOUNT.




$$
