000
CDUS43 KUNR 260832
CLIUNR


CLIMATE REPORT
NATIONAL WEATHER SERVICE RAPID CITY SD
232 AM MDT FRI JUN 26 2015


...................................

...THE EAST RAPID CITY SD CLIMATE SUMMARY FOR JUNE 25 2015...

CLIMATE NORMAL PERIOD 1981 TO 2010
CLIMATE RECORD PERIOD 1888 TO 2015


WEATHER ITEM   OBSERVED RECORD YEAR NORMAL DEPARTURE LAST
                VALUE   VALUE       VALUE  FROM      YEAR
                                           NORMAL
...........................................................
TEMPERATURE (F)
 YESTERDAY
  MAXIMUM         70     99    1890  79     -9       82
  MINIMUM         60     37    1904  57      3       57
  AVERAGE         65                 68     -3       70

PRECIPITATION (IN)
  YESTERDAY        0.20   1.64 2011   0.07   0.13     0.01
  MONTH TO DATE    6.75               2.82   3.93     4.18
  SINCE JUN 1      6.75               2.82   3.93     4.18
  SINCE JAN 1     16.11              10.87   5.24     9.36

SNOWFALL (IN)
  YESTERDAY        0.0    0.0  2002   0.0    0.0      0.0
                               2001
                               2000
  MONTH TO DATE    0.0                0.0    0.0      0.0
  SINCE JUN 1      0.0                0.0    0.0      0.0
  SINCE JUL 1     50.7               49.3    1.4     73.5
  SNOW DEPTH       0

DEGREE DAYS
 HEATING
  YESTERDAY        0                  1     -1        0
  MONTH TO DATE   33                 82    -49      107
  SINCE JUN 1     33                 82    -49      107
  SINCE JUL 1   6273               6854   -581     7403

 COOLING
  YESTERDAY        0                  5     -5        5
  MONTH TO DATE   60                 63     -3       22
  SINCE JUN 1     60                 63     -3       22
  SINCE JAN 1     68                 81    -13       50
...........................................................


WIND (MPH)
  HIGHEST GUST SPEED    20   HIGHEST GUST DIRECTION     N (350)



WEATHER CONDITIONS
 THE FOLLOWING WEATHER WAS RECORDED YESTERDAY.
  THUNDERSTORM
  LIGHT RAIN


..........................................................


THE EAST RAPID CITY SD CLIMATE NORMALS FOR TODAY
                         NORMAL    RECORD    YEAR
 MAXIMUM TEMPERATURE (F)   80       106      2012
 MINIMUM TEMPERATURE (F)   58        45      2003
                                             1968


SUNRISE AND SUNSET
JUNE 26 2015..........SUNRISE   511 AM MDT   SUNSET   840 PM MDT
JUNE 27 2015..........SUNRISE   512 AM MDT   SUNSET   840 PM MDT


-  INDICATES NEGATIVE NUMBERS.
R  INDICATES RECORD WAS SET OR TIED.
MM INDICATES DATA IS MISSING.
T  INDICATES TRACE AMOUNT.




$$
