000
CDUS43 KUNR 110043
CLIUNR


CLIMATE REPORT
NATIONAL WEATHER SERVICE RAPID CITY SD
643 PM MDT MON APR 10 2017


...................................

...THE EAST RAPID CITY SD CLIMATE SUMMARY FOR APRIL 10 2017...
VALID TODAY AS OF 0500 PM LOCAL TIME.

CLIMATE NORMAL PERIOD 1981 TO 2010
CLIMATE RECORD PERIOD 1888 TO 2017


WEATHER ITEM   OBSERVED RECORD YEAR NORMAL DEPARTURE LAST
                VALUE   VALUE       VALUE  FROM      YEAR
                                           NORMAL
...........................................................
TEMPERATURE (F)
 TODAY
  MAXIMUM         39     85    1996  54    -15       55
  MINIMUM         29     10    1997  32     -3       35
  AVERAGE         34                 43     -9       45

PRECIPITATION (IN)
  TODAY            0.10   1.26 1963   0.06   0.04     0.01
  MONTH TO DATE    0.95               0.50   0.45     0.02
  SINCE MAR 1      1.75               1.49   0.26     1.07
  SINCE JAN 1      2.54               2.26   0.28     1.88

SNOWFALL (IN)
  TODAY            1.0    7.0  1929   0.3    0.7      0.0
  MONTH TO DATE    1.4                3.5   -2.1       T
  SINCE MAR 1      2.7               15.3  -12.6      7.9
  SINCE JUL 1     35.9               42.0   -6.1     37.8
  SNOW DEPTH       0

DEGREE DAYS
 HEATING
  TODAY           31                 22      9       20
  MONTH TO DATE  186                236    -50      150
  SINCE MAR 1    955               1144   -189      835
  SINCE JUL 1   5551               6098   -547     5084

 COOLING
  TODAY            0                  0      0        0
  MONTH TO DATE    0                  0      0        0
  SINCE MAR 1      0                  0      0        0
  SINCE JAN 1      0                  0      0        0
...........................................................





WEATHER CONDITIONS
 THE FOLLOWING WEATHER WAS RECORDED TODAY.
  LIGHT RAIN
  LIGHT SNOW


..........................................................


THE EAST RAPID CITY SD CLIMATE NORMALS FOR TOMORROW
                         NORMAL    RECORD    YEAR
 MAXIMUM TEMPERATURE (F)   54        80      1968
 MINIMUM TEMPERATURE (F)   32         7      1940


SUNRISE AND SUNSET
APRIL 10 2017.........SUNRISE   618 AM MDT   SUNSET   731 PM MDT
APRIL 11 2017.........SUNRISE   616 AM MDT   SUNSET   732 PM MDT


-  INDICATES NEGATIVE NUMBERS.
R  INDICATES RECORD WAS SET OR TIED.
MM INDICATES DATA IS MISSING.
T  INDICATES TRACE AMOUNT.




$$
