000
CDUS43 KUNR 080037
CLIUNR


CLIMATE REPORT
NATIONAL WEATHER SERVICE RAPID CITY SD
537 PM MST SAT JAN 7 2017


...................................

...THE EAST RAPID CITY SD CLIMATE SUMMARY FOR JANUARY 7 2017...
VALID TODAY AS OF 0500 PM LOCAL TIME.

CLIMATE NORMAL PERIOD 1981 TO 2010
CLIMATE RECORD PERIOD 1888 TO 2017


WEATHER ITEM   OBSERVED RECORD YEAR NORMAL DEPARTURE LAST
                VALUE   VALUE       VALUE  FROM      YEAR
                                           NORMAL
...........................................................
TEMPERATURE (F)
 TODAY
  MAXIMUM         15     65    1948  38    -23       19
  MINIMUM         -2    -28    1888  16    -18        9
  AVERAGE          7                 27    -20       14

PRECIPITATION (IN)
  TODAY            0.00   0.25 1944   0.01  -0.01      T
  MONTH TO DATE    0.07               0.06   0.01      T
  SINCE DEC 1      0.89               0.38   0.51     0.73
  SINCE JAN 1      0.07               0.06   0.01      T

SNOWFALL (IN)
  TODAY            0.0    2.5  1944   0.2   -0.2       T
  MONTH TO DATE    2.4                1.1    1.3       T
  SINCE DEC 1     14.5                6.3    8.2     15.5
  SINCE JUL 1     18.2               14.9    3.3     21.5
  SNOW DEPTH       4

DEGREE DAYS
 HEATING
  TODAY           58                 38     20       51
  MONTH TO DATE  408                266    142      275
  SINCE DEC 1   1801               1433    368     1377
  SINCE JUL 1   2832               3013   -181     2635

 COOLING
  TODAY            0                  0      0        0
  MONTH TO DATE    0                  0      0        0
  SINCE DEC 1      0                  0      0        0
  SINCE JAN 1      0                  0      0        0
...........................................................





WEATHER CONDITIONS
 THE FOLLOWING WEATHER WAS RECORDED TODAY.
  NO SIGNIFICANT WEATHER WAS OBSERVED.


..........................................................


THE EAST RAPID CITY SD CLIMATE NORMALS FOR TOMORROW
                         NORMAL    RECORD    YEAR
 MAXIMUM TEMPERATURE (F)   38        73      2002
 MINIMUM TEMPERATURE (F)   16       -20      1888


SUNRISE AND SUNSET
JANUARY  7 2017.......SUNRISE   727 AM MST   SUNSET   432 PM MST
JANUARY  8 2017.......SUNRISE   727 AM MST   SUNSET   433 PM MST


-  INDICATES NEGATIVE NUMBERS.
R  INDICATES RECORD WAS SET OR TIED.
MM INDICATES DATA IS MISSING.
T  INDICATES TRACE AMOUNT.




$$
