000
CDUS43 KUNR 141833
CLIUNR


CLIMATE REPORT
NATIONAL WEATHER SERVICE RAPID CITY SD
1233 PM MDT FRI JUL 14 2017


...................................

...THE EAST RAPID CITY SD CLIMATE SUMMARY FOR JULY 14 2017...
VALID AS OF 1100 AM LOCAL TIME.

CLIMATE NORMAL PERIOD 1981 TO 2010
CLIMATE RECORD PERIOD 1888 TO 2017


WEATHER ITEM   OBSERVED RECORD YEAR NORMAL DEPARTURE LAST
                VALUE   VALUE       VALUE  FROM      YEAR
                                           NORMAL
...........................................................
TEMPERATURE (F)
 TODAY
  MAXIMUM         96    101    2012  85     11       83
  MINIMUM         64     46    1912  62      2       59
  AVERAGE         80                 73      7       71

PRECIPITATION (IN)
  TODAY            0.00   2.33 1962   0.08  -0.08      T
  MONTH TO DATE    0.76               1.02  -0.26     1.49
  SINCE JUN 1      2.29               4.18  -1.89     2.07
  SINCE JAN 1      6.92              12.23  -5.31     6.61

SNOWFALL (IN)
  TODAY            0.0    0.0  2002   0.0    0.0      0.0
                               2001
                               2000
  MONTH TO DATE    0.0                0.0    0.0      0.0
  SINCE JUN 1      0.0                0.0    0.0      0.0
  SINCE JUL 1      0.0                0.0    0.0      0.0
  SNOW DEPTH       0

DEGREE DAYS
 HEATING
  TODAY            0                  0      0        0
  MONTH TO DATE    0                  6     -6        1
  SINCE JUN 1     12                 94    -82        6
  SINCE JUL 1      0                  6     -6        1

 COOLING
  TODAY           15                  9      6        6
  MONTH TO DATE  187                104     83      103
  SINCE JUN 1    329                195    134      348
  SINCE JAN 1    342                213    129      354
...........................................................





WEATHER CONDITIONS
 THE FOLLOWING WEATHER WAS RECORDED TODAY.
  NO SIGNIFICANT WEATHER WAS OBSERVED.


..........................................................


THE EAST RAPID CITY SD CLIMATE NORMALS FOR TOMORROW
                         NORMAL    RECORD    YEAR
 MAXIMUM TEMPERATURE (F)   85       106      2006
 MINIMUM TEMPERATURE (F)   62        42      1912


SUNRISE AND SUNSET
JULY 14 2017..........SUNRISE   523 AM MDT   SUNSET   834 PM MDT
JULY 15 2017..........SUNRISE   524 AM MDT   SUNSET   833 PM MDT


-  INDICATES NEGATIVE NUMBERS.
R  INDICATES RECORD WAS SET OR TIED.
MM INDICATES DATA IS MISSING.
T  INDICATES TRACE AMOUNT.




$$
