000
CDUS43 KUNR 120831
CLIUNR


CLIMATE REPORT
NATIONAL WEATHER SERVICE RAPID CITY SD
230 AM MDT TUE AUG 12 2014


...................................

...THE EAST RAPID CITY SD CLIMATE SUMMARY FOR AUGUST 11 2014...

CLIMATE NORMAL PERIOD 1981 TO 2010
CLIMATE RECORD PERIOD 1888 TO 2014


WEATHER ITEM   OBSERVED RECORD YEAR NORMAL DEPARTURE LAST
                VALUE   VALUE       VALUE  FROM      YEAR
                                           NORMAL
...........................................................
TEMPERATURE (F)
 YESTERDAY
  MAXIMUM         78    103    1969  85     -7       75
  MINIMUM         56     45    2004  61     -5       62
                               1939
  AVERAGE         67                 73     -6       69

PRECIPITATION (IN)
  YESTERDAY        0.00   0.96 1925   0.07  -0.07      T
  MONTH TO DATE    2.78               0.85   1.93     1.67
  SINCE JUN 1     10.25               6.51   3.74     5.66
  SINCE JAN 1     15.43              14.56   0.87    14.38

SNOWFALL (IN)
  YESTERDAY        0.0                0.0    0.0      0.0
  MONTH TO DATE    0.0                0.0    0.0      0.0
  SINCE JUN 1      0.0                0.0    0.0      0.0
  SINCE JUL 1      0.0                0.0    0.0      0.0
  SNOW DEPTH       0

DEGREE DAYS
 HEATING
  YESTERDAY        0                  0      0        0
  MONTH TO DATE    0                  0      0        0
  SINCE JUN 1    119                100     19       64
  SINCE JUL 1     11                 12     -1        6

 COOLING
  YESTERDAY        2                  8     -6        4
  MONTH TO DATE   67                 96    -29       56
  SINCE JUN 1    304                447   -143      429
  SINCE JAN 1    332                465   -133      453
...........................................................


WIND (MPH)
  HIGHEST GUST SPEED    20   HIGHEST GUST DIRECTION    SE (140)



WEATHER CONDITIONS
 THE FOLLOWING WEATHER WAS RECORDED YESTERDAY.
  NO SIGNIFICANT WEATHER WAS OBSERVED.


..........................................................


THE EAST RAPID CITY SD CLIMATE NORMALS FOR TODAY
                         NORMAL    RECORD    YEAR
 MAXIMUM TEMPERATURE (F)   85       102      1938
 MINIMUM TEMPERATURE (F)   61        43      1964


SUNRISE AND SUNSET
AUGUST 12 2014........SUNRISE   553 AM MDT   SUNSET   802 PM MDT
AUGUST 13 2014........SUNRISE   554 AM MDT   SUNSET   800 PM MDT


-  INDICATES NEGATIVE NUMBERS.
R  INDICATES RECORD WAS SET OR TIED.
MM INDICATES DATA IS MISSING.
T  INDICATES TRACE AMOUNT.




$$
