000
CDUS43 KUNR 151833
CLIUNR


CLIMATE REPORT
NATIONAL WEATHER SERVICE RAPID CITY SD
1232 PM MDT TUE JUL 15 2014


...................................

...THE EAST RAPID CITY SD CLIMATE SUMMARY FOR JULY 15 2014...
VALID AS OF 1100 AM LOCAL TIME.

CLIMATE NORMAL PERIOD 1981 TO 2010
CLIMATE RECORD PERIOD 1888 TO 2014


WEATHER ITEM   OBSERVED RECORD YEAR NORMAL DEPARTURE LAST
                VALUE   VALUE       VALUE  FROM      YEAR
                                           NORMAL
...........................................................
TEMPERATURE (F)
 TODAY
  MAXIMUM         67    106    2006  85    -18       88
  MINIMUM         49     42    1912  62    -13       64
  AVERAGE         58                 73    -15       76

PRECIPITATION (IN)
  TODAY            0.00   1.25 2001   0.07  -0.07     0.00
  MONTH TO DATE    0.32               1.09  -0.77     0.76
  SINCE JUN 1      6.37               4.25   2.12     2.43
  SINCE JAN 1     11.55              12.30  -0.75    11.15

SNOWFALL (IN)
  TODAY            0.0                0.0    0.0      0.0
  MONTH TO DATE    0.0                0.0    0.0      0.0
  SINCE JUN 1      0.0                0.0    0.0      0.0
  SINCE JUL 1      0.0                0.0    0.0      0.0
  SNOW DEPTH       0

DEGREE DAYS
 HEATING
  TODAY            7                  0      7        0
  MONTH TO DATE   14                  6      8        0
  SINCE JUN 1    122                 94     28       58
  SINCE JUL 1     14                  6      8        0

 COOLING
  TODAY            0                  9     -9       11
  MONTH TO DATE   82                113    -31      152
  SINCE JUN 1    110                204    -94      247
  SINCE JAN 1    138                222    -84      271
...........................................................





WEATHER CONDITIONS
 THE FOLLOWING WEATHER WAS RECORDED TODAY.
  NO SIGNIFICANT WEATHER WAS OBSERVED.


..........................................................


THE EAST RAPID CITY SD CLIMATE NORMALS FOR TOMORROW
                         NORMAL    RECORD    YEAR
 MAXIMUM TEMPERATURE (F)   85       105      2005
 MINIMUM TEMPERATURE (F)   62        48      1950


SUNRISE AND SUNSET
JULY 15 2014..........SUNRISE   524 AM MDT   SUNSET   833 PM MDT
JULY 16 2014..........SUNRISE   525 AM MDT   SUNSET   833 PM MDT


-  INDICATES NEGATIVE NUMBERS.
R  INDICATES RECORD WAS SET OR TIED.
MM INDICATES DATA IS MISSING.
T  INDICATES TRACE AMOUNT.




$$
