000
CDUS43 KUNR 060852
CLIUNR


CLIMATE REPORT
NATIONAL WEATHER SERVICE RAPID CITY SD
146 AM MST MON NOV 6 2017


...................................

...THE EAST RAPID CITY SD CLIMATE SUMMARY FOR NOVEMBER 5 2017...

CLIMATE NORMAL PERIOD 1981 TO 2010
CLIMATE RECORD PERIOD 1888 TO 2017


WEATHER ITEM   OBSERVED RECORD YEAR NORMAL DEPARTURE LAST
                VALUE   VALUE       VALUE  FROM      YEAR
                                           NORMAL
...........................................................
TEMPERATURE (F)
 YESTERDAY
  MAXIMUM         39     77    1891  51    -12       76
  MINIMUM         25      5    1933  31     -6       47
  AVERAGE         32                 41     -9       62

PRECIPITATION (IN)
  YESTERDAY        0.00   0.79 1922   0.03  -0.03     0.00
  MONTH TO DATE    0.08               0.17  -0.09     0.00
  SINCE SEP 1      2.45               3.36  -0.91     1.43
  SINCE JAN 1     12.42              19.04  -6.62    12.73

SNOWFALL (IN)
  YESTERDAY        0.0    6.2  1922   0.2   -0.2      0.0
  MONTH TO DATE    0.8                1.0   -0.2      0.0
  SINCE SEP 1      0.8                3.4   -2.6       T
  SINCE JUL 1      0.8                3.4   -2.6       T
  SNOW DEPTH       T

DEGREE DAYS
 HEATING
  YESTERDAY       33                 24      9        3
  MONTH TO DATE  158                115     43       30
  SINCE SEP 1    785                814    -29      471
  SINCE JUL 1    790                844    -54      496

 COOLING
  YESTERDAY        0                  0      0        0
  MONTH TO DATE    0                  0      0        0
  SINCE SEP 1    117                 70     47       53
  SINCE JAN 1    854                665    189      813
...........................................................


WIND (MPH)
  HIGHEST GUST SPEED    26   HIGHEST GUST DIRECTION    SE (150)



WEATHER CONDITIONS
 THE FOLLOWING WEATHER WAS RECORDED YESTERDAY.
  NO SIGNIFICANT WEATHER WAS OBSERVED.


..........................................................


THE EAST RAPID CITY SD CLIMATE NORMALS FOR TODAY
                         NORMAL    RECORD    YEAR
 MAXIMUM TEMPERATURE (F)   51        77      2010
 MINIMUM TEMPERATURE (F)   31         2      1959


SUNRISE AND SUNSET
NOVEMBER  6 2017......SUNRISE   636 AM MST   SUNSET   436 PM MST
NOVEMBER  7 2017......SUNRISE   638 AM MST   SUNSET   435 PM MST


-  INDICATES NEGATIVE NUMBERS.
R  INDICATES RECORD WAS SET OR TIED.
MM INDICATES DATA IS MISSING.
T  INDICATES TRACE AMOUNT.




$$
