000
CDUS43 KUNR 120835
CLIUNR


CLIMATE REPORT
NATIONAL WEATHER SERVICE RAPID CITY SD
234 AM MDT FRI MAY 12 2017


...................................

...THE EAST RAPID CITY SD CLIMATE SUMMARY FOR MAY 11 2017...

CLIMATE NORMAL PERIOD 1981 TO 2010
CLIMATE RECORD PERIOD 1888 TO 2017


WEATHER ITEM   OBSERVED RECORD YEAR NORMAL DEPARTURE LAST
                VALUE   VALUE       VALUE  FROM      YEAR
                                           NORMAL
...........................................................
TEMPERATURE (F)
 YESTERDAY
  MAXIMUM         70     92    1940  65      5       56
  MINIMUM         44     26    2008  44      0       38
  AVERAGE         57                 54      3       47

PRECIPITATION (IN)
  YESTERDAY        0.00   2.92 1920   0.12  -0.12     0.00
  MONTH TO DATE    0.38               1.25  -0.87     0.27
  SINCE MAR 1      2.81               4.34  -1.53     2.50
  SINCE JAN 1      3.60               5.11  -1.51     3.31

SNOWFALL (IN)
  YESTERDAY        0.0    7.3  2005   0.1   -0.1      0.0
  MONTH TO DATE    0.0                1.4   -1.4      0.0
  SINCE MAR 1      6.0               22.0  -16.0     11.7
  SINCE JUL 1     39.2               48.7   -9.5     41.6
  SNOW DEPTH       0

DEGREE DAYS
 HEATING
  YESTERDAY        8                 11     -3       18
  MONTH TO DATE   86                141    -55      102
  SINCE MAR 1   1399               1653   -254     1299
  SINCE JUL 1   5995               6607   -612     5548

 COOLING
  YESTERDAY        0                  0      0        0
  MONTH TO DATE    9                  0      9        2
  SINCE MAR 1      9                  1      8        4
  SINCE JAN 1      9                  1      8        4
...........................................................


WIND (MPH)
  HIGHEST GUST SPEED    32   HIGHEST GUST DIRECTION     S (160)



WEATHER CONDITIONS
 THE FOLLOWING WEATHER WAS RECORDED YESTERDAY.
  NO SIGNIFICANT WEATHER WAS OBSERVED.


..........................................................


THE EAST RAPID CITY SD CLIMATE NORMALS FOR TODAY
                         NORMAL    RECORD    YEAR
 MAXIMUM TEMPERATURE (F)   65        89      1941
 MINIMUM TEMPERATURE (F)   44        23      1953


SUNRISE AND SUNSET
MAY 12 2017...........SUNRISE   530 AM MDT   SUNSET   809 PM MDT
MAY 13 2017...........SUNRISE   528 AM MDT   SUNSET   811 PM MDT


-  INDICATES NEGATIVE NUMBERS.
R  INDICATES RECORD WAS SET OR TIED.
MM INDICATES DATA IS MISSING.
T  INDICATES TRACE AMOUNT.




$$
