000
CDUS43 KUNR 161835
CLIUNR

CLIMATE REPORT
NATIONAL WEATHER SERVICE RAPID CITY SD
1133 AM MST SUN NOV 16 2014

...................................

...THE EAST RAPID CITY SD CLIMATE SUMMARY FOR NOVEMBER 16 2014...
VALID AS OF 1100 AM LOCAL TIME.

CLIMATE NORMAL PERIOD 1981 TO 2010
CLIMATE RECORD PERIOD 1888 TO 2014

WEATHER ITEM   OBSERVED RECORD YEAR NORMAL DEPARTURE LAST
                VALUE   VALUE       VALUE  FROM      YEAR
                                           NORMAL
...........................................................
TEMPERATURE (F)
 TODAY
  MAXIMUM         28     73    1953  46    -18       46
  MINIMUM          0    -10    1959  27    -27       30
  AVERAGE         14                 36    -22       38

PRECIPITATION (IN)
  TODAY            0.00   0.40 1971   0.02  -0.02     0.00
  MONTH TO DATE    0.45               0.45   0.00     0.32
  SINCE SEP 1      5.74               3.64   2.10     6.71
  SINCE JAN 1     23.14              19.32   3.82    22.46

SNOWFALL (IN)
  TODAY            0.0    3.7  1911   0.2   -0.2      0.0
  MONTH TO DATE    9.9                3.5    6.4      4.0
  SINCE SEP 1     11.5                5.9    5.6     29.5
  SINCE JUL 1     11.5                5.9    5.6     29.5
  SNOW DEPTH       2

DEGREE DAYS
 HEATING
  TODAY           51                 29     22       27
  MONTH TO DATE  552                405    147      409
  SINCE SEP 1   1106               1104      2     1134
  SINCE JUL 1   1130               1134     -4     1140

 COOLING
  TODAY            0                  0      0        0
  MONTH TO DATE    0                  0      0        0
  SINCE SEP 1     78                 70      8      145
  SINCE JAN 1    514                665   -151      830
...........................................................

WEATHER CONDITIONS
 THE FOLLOWING WEATHER WAS RECORDED TODAY.
  NO SIGNIFICANT WEATHER WAS OBSERVED.

..........................................................

THE EAST RAPID CITY SD CLIMATE NORMALS FOR TOMORROW
                         NORMAL    RECORD    YEAR
 MAXIMUM TEMPERATURE (F)   45        72      1953
 MINIMUM TEMPERATURE (F)   27        -4      1959

SUNRISE AND SUNSET
NOVEMBER 16 2014......SUNRISE   649 AM MST   SUNSET   425 PM MST
NOVEMBER 17 2014......SUNRISE   651 AM MST   SUNSET   425 PM MST

-  INDICATES NEGATIVE NUMBERS.
R  INDICATES RECORD WAS SET OR TIED.
MM INDICATES DATA IS MISSING.
T  INDICATES TRACE AMOUNT.

$$
