000
CDUS43 KUNR 130832
CLIUNR


CLIMATE REPORT
NATIONAL WEATHER SERVICE RAPID CITY SD
232 AM MDT WED APR 13 2016


...................................

...THE EAST RAPID CITY SD CLIMATE SUMMARY FOR APRIL 12 2016...

CLIMATE NORMAL PERIOD 1981 TO 2010
CLIMATE RECORD PERIOD 1888 TO 2016


WEATHER ITEM   OBSERVED RECORD YEAR NORMAL DEPARTURE LAST
                VALUE   VALUE       VALUE  FROM      YEAR
                                           NORMAL
...........................................................
TEMPERATURE (F)
 YESTERDAY
  MAXIMUM         76     83    2003  54     22       67
  MINIMUM         32      7    1940  33     -1       37
  AVERAGE         54                 44     10       52

PRECIPITATION (IN)
  YESTERDAY        0.00   1.21 1927   0.07  -0.07      T
  MONTH TO DATE    0.02               0.64  -0.62     0.16
  SINCE MAR 1      1.07               1.63  -0.56     0.26
  SINCE JAN 1      1.88               2.40  -0.52     0.81

SNOWFALL (IN)
  YESTERDAY        0.0   11.0  1927   0.4   -0.4      0.0
  MONTH TO DATE    T                  4.3   -4.3       T
  SINCE MAR 1      7.9               16.1   -8.2      1.4
  SINCE JUL 1     37.8               42.8   -5.0     37.1
  SNOW DEPTH       0

DEGREE DAYS
 HEATING
  YESTERDAY       11                 22    -11       13
  MONTH TO DATE  185                280    -95      235
  SINCE MAR 1    870               1188   -318      860
  SINCE JUL 1   5119               6142  -1023     5556

 COOLING
  YESTERDAY        0                  0      0        0
  MONTH TO DATE    0                  0      0        0
  SINCE MAR 1      0                  0      0        6
  SINCE JAN 1      0                  0      0        6
...........................................................


WIND (MPH)
  HIGHEST GUST SPEED    29   HIGHEST GUST DIRECTION     N (10)



WEATHER CONDITIONS
 THE FOLLOWING WEATHER WAS RECORDED YESTERDAY.
  NO SIGNIFICANT WEATHER WAS OBSERVED.


..........................................................


THE EAST RAPID CITY SD CLIMATE NORMALS FOR TODAY
                         NORMAL    RECORD    YEAR
 MAXIMUM TEMPERATURE (F)   55        83      2003
                                             1908
 MINIMUM TEMPERATURE (F)   33        17      1997


SUNRISE AND SUNSET
APRIL 13 2016.........SUNRISE   612 AM MDT   SUNSET   735 PM MDT
APRIL 14 2016.........SUNRISE   610 AM MDT   SUNSET   736 PM MDT


-  INDICATES NEGATIVE NUMBERS.
R  INDICATES RECORD WAS SET OR TIED.
MM INDICATES DATA IS MISSING.
T  INDICATES TRACE AMOUNT.




$$
