000
CDUS43 KUNR 210039
CLIUNR


CLIMATE REPORT
NATIONAL WEATHER SERVICE RAPID CITY SD
539 PM MST FRI FEB 20 2015


...................................

...THE EAST RAPID CITY SD CLIMATE SUMMARY FOR FEBRUARY 20 2015...
VALID TODAY AS OF 0500 PM LOCAL TIME.

CLIMATE NORMAL PERIOD 1981 TO 2010
CLIMATE RECORD PERIOD 1888 TO 2015


WEATHER ITEM   OBSERVED RECORD YEAR NORMAL DEPARTURE LAST
                VALUE   VALUE       VALUE  FROM      YEAR
                                           NORMAL
...........................................................
TEMPERATURE (F)
 TODAY
  MAXIMUM         47     72    1930  39      8       34
  MINIMUM         35    -19    1918  19     16       24
  AVERAGE         41                 29     12       29

PRECIPITATION (IN)
  TODAY            0.00   0.57 2011   0.02  -0.02      T
  MONTH TO DATE    0.20               0.33  -0.13     0.12
  SINCE DEC 1      0.73               0.94  -0.21     0.92
  SINCE JAN 1      0.35               0.62  -0.27     0.38

SNOWFALL (IN)
  TODAY            0.0    9.3  2011   0.3   -0.3      0.1
  MONTH TO DATE    4.5                5.1   -0.6      3.3
  SINCE DEC 1     16.3               15.8    0.5     16.6
  SINCE JUL 1     31.6               24.4    7.2     46.4
  SNOW DEPTH       0

DEGREE DAYS
 HEATING
  TODAY           24                 36    -12       36
  MONTH TO DATE  626                748   -122      883
  SINCE DEC 1   2716               3096   -380     3371
  SINCE JUL 1   4330               4676   -346     4960

 COOLING
  TODAY            0                  0      0        0
  MONTH TO DATE    0                  0      0        0
  SINCE DEC 1      0                  0      0        0
  SINCE JAN 1      0                  0      0        0
...........................................................





WEATHER CONDITIONS
 THE FOLLOWING WEATHER WAS RECORDED TODAY.
  NO SIGNIFICANT WEATHER WAS OBSERVED.


..........................................................


THE EAST RAPID CITY SD CLIMATE NORMALS FOR TOMORROW
                         NORMAL    RECORD    YEAR
 MAXIMUM TEMPERATURE (F)   40        68      1961
 MINIMUM TEMPERATURE (F)   19       -14      1894


SUNRISE AND SUNSET
FEBRUARY 20 2015......SUNRISE   645 AM MST   SUNSET   529 PM MST
FEBRUARY 21 2015......SUNRISE   643 AM MST   SUNSET   530 PM MST


-  INDICATES NEGATIVE NUMBERS.
R  INDICATES RECORD WAS SET OR TIED.
MM INDICATES DATA IS MISSING.
T  INDICATES TRACE AMOUNT.




$$
