752
CDUS43 KUNR 190832
CLIUNR


CLIMATE REPORT
NATIONAL WEATHER SERVICE RAPID CITY SD
131 AM MST SUN FEB 19 2017


...................................

...THE EAST RAPID CITY SD CLIMATE SUMMARY FOR FEBRUARY 18 2017...

CLIMATE NORMAL PERIOD 1981 TO 2010
CLIMATE RECORD PERIOD 1888 TO 2017


WEATHER ITEM   OBSERVED RECORD YEAR NORMAL DEPARTURE LAST
                VALUE   VALUE       VALUE  FROM      YEAR
                                           NORMAL
...........................................................
TEMPERATURE (F)
 YESTERDAY
  MAXIMUM         66     74    1930  39     27       70
  MINIMUM         37    -24    1936  18     19       41
  AVERAGE         52                 29     23       56

PRECIPITATION (IN)
  YESTERDAY        0.00   0.35 1970   0.01  -0.01     0.02
  MONTH TO DATE    0.18               0.29  -0.11     0.43
  SINCE DEC 1      1.35               0.90   0.45     1.33
  SINCE JAN 1      0.53               0.58  -0.05     0.60

SNOWFALL (IN)
  YESTERDAY        0.0    3.0  1971   0.3   -0.3      0.0
  MONTH TO DATE    4.8                4.6    0.2      3.8
  SINCE DEC 1     25.0               15.3    9.7     21.8
  SINCE JUL 1     28.7               23.9    4.8     27.8
  SNOW DEPTH       0

DEGREE DAYS
 HEATING
  YESTERDAY       13                 36    -23        9
  MONTH TO DATE  576                676   -100      498
  SINCE DEC 1   3270               3024    246     2724
  SINCE JUL 1   4301               4604   -303     3982

 COOLING
  YESTERDAY        0                  0      0        0
  MONTH TO DATE    0                  0      0        0
  SINCE DEC 1      0                  0      0        0
  SINCE JAN 1      0                  0      0        0
...........................................................


WIND (MPH)
  HIGHEST GUST SPEED    21   HIGHEST GUST DIRECTION     W (270)



WEATHER CONDITIONS
 THE FOLLOWING WEATHER WAS RECORDED YESTERDAY.
  NO SIGNIFICANT WEATHER WAS OBSERVED.


..........................................................


THE EAST RAPID CITY SD CLIMATE NORMALS FOR TODAY
                         NORMAL    RECORD    YEAR
 MAXIMUM TEMPERATURE (F)   39        68      1965
 MINIMUM TEMPERATURE (F)   19       -17      1929


SUNRISE AND SUNSET
FEBRUARY 19 2017......SUNRISE   646 AM MST   SUNSET   528 PM MST
FEBRUARY 20 2017......SUNRISE   644 AM MST   SUNSET   530 PM MST


-  INDICATES NEGATIVE NUMBERS.
R  INDICATES RECORD WAS SET OR TIED.
MM INDICATES DATA IS MISSING.
T  INDICATES TRACE AMOUNT.




$$
