000
CDUS43 KUNR 280842
CLIUNR


CLIMATE REPORT
NATIONAL WEATHER SERVICE RAPID CITY SD
240 AM MDT SAT MAR 28 2015


...................................

...THE EAST RAPID CITY SD CLIMATE SUMMARY FOR MARCH 27 2015...

CLIMATE NORMAL PERIOD 1981 TO 2010
CLIMATE RECORD PERIOD 1888 TO 2015


WEATHER ITEM   OBSERVED RECORD YEAR NORMAL DEPARTURE LAST
                VALUE   VALUE       VALUE  FROM      YEAR
                                           NORMAL
...........................................................
TEMPERATURE (F)
 YESTERDAY
  MAXIMUM         66     80    1946  50     16       33
  MINIMUM         31     -4    1931  28      3       24
  AVERAGE         49                 39     10       29

PRECIPITATION (IN)
  YESTERDAY        0.00   0.45 1905   0.04  -0.04     0.01
  MONTH TO DATE    0.10               0.81  -0.71     0.93
  SINCE MAR 1      0.10               0.81  -0.71     0.93
  SINCE JAN 1      0.65               1.58  -0.93     1.44

SNOWFALL (IN)
  YESTERDAY        0.0    3.5  1939   0.4   -0.4      0.1
  MONTH TO DATE    1.4               10.2   -8.8     12.1
  SINCE MAR 1      1.4               10.2   -8.8     12.1
  SINCE JUL 1     37.1               36.9    0.2     62.2
  SNOW DEPTH       0

DEGREE DAYS
 HEATING
  YESTERDAY       16                 26    -10       36
  MONTH TO DATE  600                806   -206      905
  SINCE MAR 1    600                806   -206      905
  SINCE JUL 1   5296               5760   -464     6253

 COOLING
  YESTERDAY        0                  0      0        0
  MONTH TO DATE    6                  0      6        0
  SINCE MAR 1      6                  0      6        0
  SINCE JAN 1      6                  0      6        0
...........................................................


WIND (MPH)
  HIGHEST GUST SPEED    36   HIGHEST GUST DIRECTION    NW (330)



WEATHER CONDITIONS
 THE FOLLOWING WEATHER WAS RECORDED YESTERDAY.
  NO SIGNIFICANT WEATHER WAS OBSERVED.


..........................................................


THE EAST RAPID CITY SD CLIMATE NORMALS FOR TODAY
                         NORMAL    RECORD    YEAR
 MAXIMUM TEMPERATURE (F)   50        79      1963
 MINIMUM TEMPERATURE (F)   28         0      1931


SUNRISE AND SUNSET
MARCH 28 2015.........SUNRISE   642 AM MDT   SUNSET   715 PM MDT
MARCH 29 2015.........SUNRISE   640 AM MDT   SUNSET   716 PM MDT


-  INDICATES NEGATIVE NUMBERS.
R  INDICATES RECORD WAS SET OR TIED.
MM INDICATES DATA IS MISSING.
T  INDICATES TRACE AMOUNT.




$$
