000
CDUS43 KUNR 180831
CLIUNR


CLIMATE REPORT
NATIONAL WEATHER SERVICE RAPID CITY SD
131 AM MST SAT NOV 18 2017


...................................

...THE EAST RAPID CITY SD CLIMATE SUMMARY FOR NOVEMBER 17 2017...

CLIMATE NORMAL PERIOD 1981 TO 2010
CLIMATE RECORD PERIOD 1888 TO 2017


WEATHER ITEM   OBSERVED RECORD YEAR NORMAL DEPARTURE LAST
                VALUE   VALUE       VALUE  FROM      YEAR
                                           NORMAL
...........................................................
TEMPERATURE (F)
 YESTERDAY
  MAXIMUM         45     72    1953  45      0       40
  MINIMUM         34     -4    1959  27      7       25
  AVERAGE         40                 36      4       33

PRECIPITATION (IN)
  YESTERDAY        0.14   0.17 2016   0.01   0.13     0.17
  MONTH TO DATE    0.22               0.46  -0.24     0.17
  SINCE SEP 1      2.59               3.65  -1.06     1.60
  SINCE JAN 1     12.56              19.33  -6.77    12.90

SNOWFALL (IN)
  YESTERDAY        T      3.0  2016   0.3   -0.3      3.0
  MONTH TO DATE    0.9                3.8   -2.9      3.0
  SINCE SEP 1      0.9                6.2   -5.3      3.0
  SINCE JUL 1      0.9                6.2   -5.3      3.0
  SNOW DEPTH       0

DEGREE DAYS
 HEATING
  YESTERDAY       25                 29     -4       32
  MONTH TO DATE  494                434     60      185
  SINCE SEP 1   1121               1133    -12      626
  SINCE JUL 1   1126               1163    -37      651

 COOLING
  YESTERDAY        0                  0      0        0
  MONTH TO DATE    0                  0      0        0
  SINCE SEP 1    117                 70     47       53
  SINCE JAN 1    854                665    189      813
...........................................................


WIND (MPH)
  HIGHEST GUST SPEED    35   HIGHEST GUST DIRECTION    NW (330)



WEATHER CONDITIONS
 THE FOLLOWING WEATHER WAS RECORDED YESTERDAY.
  LIGHT RAIN
  SLEET


..........................................................


THE EAST RAPID CITY SD CLIMATE NORMALS FOR TODAY
                         NORMAL    RECORD    YEAR
 MAXIMUM TEMPERATURE (F)   44        78      2008
 MINIMUM TEMPERATURE (F)   27        -2      1903


SUNRISE AND SUNSET
NOVEMBER 18 2017......SUNRISE   652 AM MST   SUNSET   423 PM MST
NOVEMBER 19 2017......SUNRISE   654 AM MST   SUNSET   423 PM MST


-  INDICATES NEGATIVE NUMBERS.
R  INDICATES RECORD WAS SET OR TIED.
MM INDICATES DATA IS MISSING.
T  INDICATES TRACE AMOUNT.




$$
