000
CDUS43 KUNR 261850
CLIUNR


CLIMATE REPORT
NATIONAL WEATHER SERVICE RAPID CITY SD
1150 AM MST SUN NOV 26 2017


...................................

...THE EAST RAPID CITY SD CLIMATE SUMMARY FOR NOVEMBER 26 2017...
VALID AS OF 1100 AM LOCAL TIME.

CLIMATE NORMAL PERIOD 1981 TO 2010
CLIMATE RECORD PERIOD 1888 TO 2017


WEATHER ITEM   OBSERVED RECORD YEAR NORMAL DEPARTURE LAST
                VALUE   VALUE       VALUE  FROM      YEAR
                                           NORMAL
...........................................................
TEMPERATURE (F)
 TODAY
  MAXIMUM         56     70    1998  40     16       56
  MINIMUM         43     -2    1919  23     20       31
  AVERAGE         50                 32     18       44

PRECIPITATION (IN)
  TODAY            0.00   0.19 1966   0.01  -0.01     0.00
  MONTH TO DATE    0.23               0.56  -0.33     0.17
  SINCE SEP 1      2.60               3.75  -1.15     1.60
  SINCE JAN 1     12.57              19.43  -6.86    12.90

SNOWFALL (IN)
  TODAY            0.0    4.7  2001   0.2   -0.2      0.0
  MONTH TO DATE    1.1                5.5   -4.4      3.0
  SINCE SEP 1      1.1                7.9   -6.8      3.0
  SINCE JUL 1      1.1                7.9   -6.8      3.0
  SNOW DEPTH       0

DEGREE DAYS
 HEATING
  TODAY           15                 33    -18       21
  MONTH TO DATE  671                715    -44      432
  SINCE SEP 1   1298               1414   -116      873
  SINCE JUL 1   1303               1444   -141      898

 COOLING
  TODAY            0                  0      0        0
  MONTH TO DATE    0                  0      0        0
  SINCE SEP 1    117                 70     47       53
  SINCE JAN 1    854                665    189      813
...........................................................





WEATHER CONDITIONS
 THE FOLLOWING WEATHER WAS RECORDED TODAY.
  NO SIGNIFICANT WEATHER WAS OBSERVED.


..........................................................


THE EAST RAPID CITY SD CLIMATE NORMALS FOR TOMORROW
                         NORMAL    RECORD    YEAR
 MAXIMUM TEMPERATURE (F)   40        72      1949
 MINIMUM TEMPERATURE (F)   23        -5      1955


SUNRISE AND SUNSET
NOVEMBER 26 2017......SUNRISE   702 AM MST   SUNSET   418 PM MST
NOVEMBER 27 2017......SUNRISE   703 AM MST   SUNSET   417 PM MST


-  INDICATES NEGATIVE NUMBERS.
R  INDICATES RECORD WAS SET OR TIED.
MM INDICATES DATA IS MISSING.
T  INDICATES TRACE AMOUNT.




$$
