717
CDUS43 KUNR 131832
CLIUNR


CLIMATE REPORT
NATIONAL WEATHER SERVICE RAPID CITY SD
1232 PM MDT FRI OCT 13 2017


...................................

...THE EAST RAPID CITY SD CLIMATE SUMMARY FOR OCTOBER 13 2017...
VALID AS OF 1100 AM LOCAL TIME.

CLIMATE NORMAL PERIOD 1981 TO 2010
CLIMATE RECORD PERIOD 1888 TO 2017


WEATHER ITEM   OBSERVED RECORD YEAR NORMAL DEPARTURE LAST
                VALUE   VALUE       VALUE  FROM      YEAR
                                           NORMAL
...........................................................
TEMPERATURE (F)
 TODAY
  MAXIMUM         58     87    1958  60     -2       64
  MINIMUM         35     20    1969  38     -3       37
  AVERAGE         47                 49     -2       51

PRECIPITATION (IN)
  TODAY            0.00   0.99 1892   0.05  -0.05     0.00
  MONTH TO DATE    0.67               0.69  -0.02     0.27
  SINCE SEP 1      2.29               2.23   0.06     1.14
  SINCE JAN 1     12.26              17.91  -5.65    12.44

SNOWFALL (IN)
  TODAY            0.0    1.0  1997   0.1   -0.1      0.0
  MONTH TO DATE    0.0                0.4   -0.4       T
  SINCE SEP 1      0.0                0.5   -0.5       T
  SINCE JUL 1      0.0                0.5   -0.5       T
  SNOW DEPTH       0

DEGREE DAYS
 HEATING
  TODAY           18                 16      2       14
  MONTH TO DATE  200                179     21      178
  SINCE SEP 1    382                358     24      277
  SINCE JUL 1    387                388     -1      302

 COOLING
  TODAY            0                  0      0        0
  MONTH TO DATE    0                  0      0        2
  SINCE SEP 1    113                 66     47       49
  SINCE JAN 1    850                661    189      809
...........................................................





WEATHER CONDITIONS
 THE FOLLOWING WEATHER WAS RECORDED TODAY.
  NO SIGNIFICANT WEATHER WAS OBSERVED.


..........................................................


THE EAST RAPID CITY SD CLIMATE NORMALS FOR TOMORROW
                         NORMAL    RECORD    YEAR
 MAXIMUM TEMPERATURE (F)   60        84      2016
 MINIMUM TEMPERATURE (F)   38        16      1969


SUNRISE AND SUNSET
OCTOBER 13 2017.......SUNRISE   705 AM MDT   SUNSET   612 PM MDT
OCTOBER 14 2017.......SUNRISE   707 AM MDT   SUNSET   610 PM MDT


-  INDICATES NEGATIVE NUMBERS.
R  INDICATES RECORD WAS SET OR TIED.
MM INDICATES DATA IS MISSING.
T  INDICATES TRACE AMOUNT.




$$
