000
CDUS43 KUNR 050037
CLIUNR


CLIMATE REPORT
NATIONAL WEATHER SERVICE RAPID CITY SD
536 PM MST SUN FEB 4 2018


...................................

...THE EAST RAPID CITY SD CLIMATE SUMMARY FOR FEBRUARY 4 2018...
VALID TODAY AS OF 0500 PM LOCAL TIME.

CLIMATE NORMAL PERIOD 1981 TO 2010
CLIMATE RECORD PERIOD 1888 TO 2018


WEATHER ITEM   OBSERVED RECORD YEAR NORMAL DEPARTURE LAST
                VALUE   VALUE       VALUE  FROM      YEAR
                                           NORMAL
...........................................................
TEMPERATURE (F)
 TODAY
  MAXIMUM          8     73    2005  37    -29       40
  MINIMUM         -6    -27    1899  17    -23       12
  AVERAGE          1                 27    -26       26

PRECIPITATION (IN)
  TODAY            0.10   0.16 2010   0.02   0.08     0.00
  MONTH TO DATE    0.12               0.07   0.05     0.05
  SINCE DEC 1      0.68               0.68   0.00     1.22
  SINCE JAN 1      0.38               0.36   0.02     0.40

SNOWFALL (IN)
  TODAY            1.0    3.3  2010   0.3    0.7      0.0
  MONTH TO DATE    1.8                1.1    0.7      1.6
  SINCE DEC 1     12.9               11.8    1.1     21.8
  SINCE JUL 1     14.0               20.4   -6.4     25.5
  SNOW DEPTH       2

DEGREE DAYS
 HEATING
  TODAY           64                 38     26       39
  MONTH TO DATE  199                152     47      197
  SINCE DEC 1   2563               2500     63     2891
  SINCE JUL 1   3943               4080   -137     3922

 COOLING
  TODAY            0                  0      0        0
  MONTH TO DATE    0                  0      0        0
  SINCE DEC 1      0                  0      0        0
  SINCE JAN 1      0                  0      0        0
...........................................................





WEATHER CONDITIONS
 THE FOLLOWING WEATHER WAS RECORDED TODAY.
  LIGHT SNOW
  BLOWING SNOW


..........................................................


THE EAST RAPID CITY SD CLIMATE NORMALS FOR TOMORROW
                         NORMAL    RECORD    YEAR
 MAXIMUM TEMPERATURE (F)   37        67      1963
 MINIMUM TEMPERATURE (F)   17       -20      1936


SUNRISE AND SUNSET
FEBRUARY  4 2018......SUNRISE   707 AM MST   SUNSET   507 PM MST
FEBRUARY  5 2018......SUNRISE   706 AM MST   SUNSET   509 PM MST


-  INDICATES NEGATIVE NUMBERS.
R  INDICATES RECORD WAS SET OR TIED.
MM INDICATES DATA IS MISSING.
T  INDICATES TRACE AMOUNT.




$$
