000
CDUS43 KUNR 090045
CLIUNR


CLIMATE REPORT
NATIONAL WEATHER SERVICE RAPID CITY SD
545 PM MST MON DEC 8 2014


...................................

...THE EAST RAPID CITY SD CLIMATE SUMMARY FOR DECEMBER 8 2014...
VALID TODAY AS OF 0500 PM LOCAL TIME.

CLIMATE NORMAL PERIOD 1981 TO 2010
CLIMATE RECORD PERIOD 1888 TO 2014


WEATHER ITEM   OBSERVED RECORD YEAR NORMAL DEPARTURE LAST
                VALUE   VALUE       VALUE  FROM      YEAR
                                           NORMAL
...........................................................
TEMPERATURE (F)
 TODAY
  MAXIMUM         49     66    1939  37     12        6
  MINIMUM         32    -16    1932  19     13      -11
  AVERAGE         41                 28     13       -2

PRECIPITATION (IN)
  TODAY            0.00   0.15 1967   0.01  -0.01     0.02
  MONTH TO DATE    0.00               0.07  -0.07     0.14
  SINCE DEC 1      0.00               0.07  -0.07     0.14
  SINCE JAN 1     23.35              19.54   3.81    22.60

SNOWFALL (IN)
  TODAY            0.0    3.5  2007   0.2   -0.2      0.4
  MONTH TO DATE    0.0                1.4   -1.4      2.4
  SINCE DEC 1      0.0                1.4   -1.4      2.4
  SINCE JUL 1     15.3               10.0    5.3     32.2
  SNOW DEPTH       0

DEGREE DAYS
 HEATING
  TODAY           24                 37    -13       67
  MONTH TO DATE  244                289    -45      435
  SINCE DEC 1    244                289    -45      435
  SINCE JUL 1   1858               1869    -11     2024

 COOLING
  TODAY            0                  0      0        0
  MONTH TO DATE    0                  0      0        0
  SINCE DEC 1      0                  0      0        0
  SINCE JAN 1    514                665   -151      830
...........................................................





WEATHER CONDITIONS
 THE FOLLOWING WEATHER WAS RECORDED TODAY.
  NO SIGNIFICANT WEATHER WAS OBSERVED.


..........................................................


THE EAST RAPID CITY SD CLIMATE NORMALS FOR TOMORROW
                         NORMAL    RECORD    YEAR
 MAXIMUM TEMPERATURE (F)   37        70      1939
 MINIMUM TEMPERATURE (F)   19       -23      1919


SUNRISE AND SUNSET
DECEMBER  8 2014......SUNRISE   715 AM MST   SUNSET   414 PM MST
DECEMBER  9 2014......SUNRISE   716 AM MST   SUNSET   414 PM MST


-  INDICATES NEGATIVE NUMBERS.
R  INDICATES RECORD WAS SET OR TIED.
MM INDICATES DATA IS MISSING.
T  INDICATES TRACE AMOUNT.




$$
