000
CDUS43 KUNR 120038
CLIUNR


CLIMATE REPORT
NATIONAL WEATHER SERVICE RAPID CITY SD
637 PM MDT THU AUG 11 2016


...................................

...THE EAST RAPID CITY SD CLIMATE SUMMARY FOR AUGUST 11 2016...
VALID TODAY AS OF 0500 PM LOCAL TIME.

CLIMATE NORMAL PERIOD 1981 TO 2010
CLIMATE RECORD PERIOD 1888 TO 2016


WEATHER ITEM   OBSERVED RECORD YEAR NORMAL DEPARTURE LAST
                VALUE   VALUE       VALUE  FROM      YEAR
                                           NORMAL
...........................................................
TEMPERATURE (F)
 TODAY
  MAXIMUM         79    103    1969  85     -6       90
  MINIMUM         65     45    2004  61      4       59
                               1939
  AVERAGE         72                 73     -1       75

PRECIPITATION (IN)
  TODAY            0.03   0.96 1925   0.07  -0.04      T
  MONTH TO DATE    1.18               0.85   0.33     0.09
  SINCE JUN 1      4.62               6.51  -1.89    10.58
  SINCE JAN 1      9.16              14.56  -5.40    19.94

SNOWFALL (IN)
  TODAY            0.0    0.0  2002   0.0    0.0      0.0
                               2001
                               2000
  MONTH TO DATE    0.0                0.0    0.0      0.0
  SINCE JUN 1      0.0                0.0    0.0      0.0
  SINCE JUL 1      0.0                0.0    0.0      0.0
  SNOW DEPTH       0

DEGREE DAYS
 HEATING
  TODAY            0                  0      0        0
  MONTH TO DATE    0                  0      0        0
  SINCE JUN 1      6                100    -94       34
  SINCE JUL 1      1                 12    -11        1

 COOLING
  TODAY            7                  8     -1       10
  MONTH TO DATE  107                 96     11       91
  SINCE JUN 1    637                447    190      421
  SINCE JAN 1    643                465    178      429
...........................................................





WEATHER CONDITIONS
 THE FOLLOWING WEATHER WAS RECORDED TODAY.
  NO SIGNIFICANT WEATHER WAS OBSERVED.


..........................................................


THE EAST RAPID CITY SD CLIMATE NORMALS FOR TOMORROW
                         NORMAL    RECORD    YEAR
 MAXIMUM TEMPERATURE (F)   85       102      1938
 MINIMUM TEMPERATURE (F)   61        43      1964


SUNRISE AND SUNSET
AUGUST 11 2016........SUNRISE   553 AM MDT   SUNSET   802 PM MDT
AUGUST 12 2016........SUNRISE   554 AM MDT   SUNSET   801 PM MDT


-  INDICATES NEGATIVE NUMBERS.
R  INDICATES RECORD WAS SET OR TIED.
MM INDICATES DATA IS MISSING.
T  INDICATES TRACE AMOUNT.




$$
