000
CDUS43 KUNR 071834
CLIUNR


CLIMATE REPORT
NATIONAL WEATHER SERVICE RAPID CITY SD
1233 PM MDT MON AUG 7 2017


...................................

...THE EAST RAPID CITY SD CLIMATE SUMMARY FOR AUGUST 7 2017...
VALID AS OF 1100 AM LOCAL TIME.

CLIMATE NORMAL PERIOD 1981 TO 2010
CLIMATE RECORD PERIOD 1888 TO 2017


WEATHER ITEM   OBSERVED RECORD YEAR NORMAL DEPARTURE LAST
                VALUE   VALUE       VALUE  FROM      YEAR
                                           NORMAL
...........................................................
TEMPERATURE (F)
 TODAY
  MAXIMUM         71    101    2001  85    -14       85
                               1893
  MINIMUM         55     46    1921  62     -7       61
  AVERAGE         63                 73    -10       73

PRECIPITATION (IN)
  TODAY            0.00   1.88 1906   0.07  -0.07     0.15
  MONTH TO DATE    0.21               0.55  -0.34     0.15
  SINCE JUN 1      2.98               6.21  -3.23     3.59
  SINCE JAN 1      7.61              14.26  -6.65     8.13

SNOWFALL (IN)
  TODAY            0.0    0.0  2002   0.0    0.0      0.0
                               2001
                               2000
  MONTH TO DATE    0.0                0.0    0.0      0.0
  SINCE JUN 1      0.0                0.0    0.0      0.0
  SINCE JUL 1      0.0                0.0    0.0      0.0
  SNOW DEPTH       0

DEGREE DAYS
 HEATING
  TODAY            2                  0      2        0
  MONTH TO DATE    7                  0      7        0
  SINCE JUN 1     19                100    -81        6
  SINCE JUL 1      7                 12     -5        1

 COOLING
  TODAY            0                  9     -9        8
  MONTH TO DATE   22                 63    -41       65
  SINCE JUN 1    588                414    174      595
  SINCE JAN 1    601                432    169      601
...........................................................





WEATHER CONDITIONS
 THE FOLLOWING WEATHER WAS RECORDED TODAY.
  NO SIGNIFICANT WEATHER WAS OBSERVED.


..........................................................


THE EAST RAPID CITY SD CLIMATE NORMALS FOR TOMORROW
                         NORMAL    RECORD    YEAR
 MAXIMUM TEMPERATURE (F)   85       102      1944
 MINIMUM TEMPERATURE (F)   61        42      1888


SUNRISE AND SUNSET
AUGUST  7 2017........SUNRISE   548 AM MDT   SUNSET   809 PM MDT
AUGUST  8 2017........SUNRISE   549 AM MDT   SUNSET   807 PM MDT


-  INDICATES NEGATIVE NUMBERS.
R  INDICATES RECORD WAS SET OR TIED.
MM INDICATES DATA IS MISSING.
T  INDICATES TRACE AMOUNT.




$$
