000
CDUS43 KUNR 090857
CLIUNR


CLIMATE REPORT
NATIONAL WEATHER SERVICE RAPID CITY SD
250 AM MDT FRI SEP 9 2016


...................................

...THE EAST RAPID CITY SD CLIMATE SUMMARY FOR SEPTEMBER 8 2016...

CLIMATE NORMAL PERIOD 1981 TO 2010
CLIMATE RECORD PERIOD 1888 TO 2016


WEATHER ITEM   OBSERVED RECORD YEAR NORMAL DEPARTURE LAST
                VALUE   VALUE       VALUE  FROM      YEAR
                                           NORMAL
...........................................................
TEMPERATURE (F)
 YESTERDAY
  MAXIMUM         83    100    1959  76      7       77
  MINIMUM         52     36    1929  53     -1       53
  AVERAGE         68                 65      3       65

PRECIPITATION (IN)
  YESTERDAY        0.00   0.88 1946   0.05  -0.05     0.00
  MONTH TO DATE    0.30               0.40  -0.10      T
  SINCE SEP 1      0.30               0.40  -0.10      T
  SINCE JAN 1     11.60              16.08  -4.48    22.10

SNOWFALL (IN)
  YESTERDAY        0.0    0.0  2002   0.0    0.0      0.0
                               2001
                               2000
  MONTH TO DATE    0.0                0.0    0.0      0.0
  SINCE SEP 1      0.0                0.0    0.0      0.0
  SINCE JUL 1      0.0                0.0    0.0      0.0
  SNOW DEPTH       0

DEGREE DAYS
 HEATING
  YESTERDAY        0                  3     -3        0
  MONTH TO DATE    6                 21    -15        0
  SINCE SEP 1      6                 21    -15        0
  SINCE JUL 1     31                 51    -20       30

 COOLING
  YESTERDAY        3                  3      0        0
  MONTH TO DATE   22                 33    -11       64
  SINCE SEP 1     22                 33    -11       64
  SINCE JAN 1    782                628    154      641
...........................................................


WIND (MPH)
  HIGHEST GUST SPEED    40   HIGHEST GUST DIRECTION    NW (330)



WEATHER CONDITIONS
 THE FOLLOWING WEATHER WAS RECORDED YESTERDAY.
  NO SIGNIFICANT WEATHER WAS OBSERVED.


..........................................................


THE EAST RAPID CITY SD CLIMATE NORMALS FOR TODAY
                         NORMAL    RECORD    YEAR
 MAXIMUM TEMPERATURE (F)   76       100      1931
 MINIMUM TEMPERATURE (F)   53        35      1898


SUNRISE AND SUNSET
SEPTEMBER  9 2016.....SUNRISE   626 AM MDT   SUNSET   713 PM MDT
SEPTEMBER 10 2016.....SUNRISE   627 AM MDT   SUNSET   711 PM MDT


-  INDICATES NEGATIVE NUMBERS.
R  INDICATES RECORD WAS SET OR TIED.
MM INDICATES DATA IS MISSING.
T  INDICATES TRACE AMOUNT.




$$
