443
CDUS43 KUNR 160036
CLIUNR


CLIMATE REPORT
NATIONAL WEATHER SERVICE RAPID CITY SD
636 PM MDT MON MAY 15 2017


...................................

...THE EAST RAPID CITY SD CLIMATE SUMMARY FOR MAY 15 2017...
VALID TODAY AS OF 0500 PM LOCAL TIME.

CLIMATE NORMAL PERIOD 1981 TO 2010
CLIMATE RECORD PERIOD 1888 TO 2017


WEATHER ITEM   OBSERVED RECORD YEAR NORMAL DEPARTURE LAST
                VALUE   VALUE       VALUE  FROM      YEAR
                                           NORMAL
...........................................................
TEMPERATURE (F)
 TODAY
  MAXIMUM         68     95    1936  66      2       56
  MINIMUM         49     29    1945  45      4       36
  AVERAGE         59                 56      3       46

PRECIPITATION (IN)
  TODAY            0.13   2.10 1925   0.14  -0.01     0.00
  MONTH TO DATE    0.62               1.81  -1.19     0.27
  SINCE MAR 1      3.05               4.90  -1.85     2.50
  SINCE JAN 1      3.84               5.67  -1.83     3.31

SNOWFALL (IN)
  TODAY            0.0    0.0  2002   0.0    0.0      0.0
                               2001
                               1945
  MONTH TO DATE    0.0                1.6   -1.6       T
  SINCE MAR 1      6.0               22.2  -16.2     11.7
  SINCE JUL 1     39.2               48.9   -9.7     41.6
  SNOW DEPTH       0

DEGREE DAYS
 HEATING
  TODAY            6                 10     -4       19
  MONTH TO DATE   99                183    -84      179
  SINCE MAR 1   1412               1695   -283     1376
  SINCE JUL 1   6008               6649   -641     5625

 COOLING
  TODAY            0                  0      0        0
  MONTH TO DATE   13                  0     13        2
  SINCE MAR 1     13                  1     12        4
  SINCE JAN 1     13                  1     12        4
...........................................................





WEATHER CONDITIONS
 THE FOLLOWING WEATHER WAS RECORDED TODAY.
  THUNDERSTORM
  LIGHT RAIN


..........................................................


THE EAST RAPID CITY SD CLIMATE NORMALS FOR TOMORROW
                         NORMAL    RECORD    YEAR
 MAXIMUM TEMPERATURE (F)   66        90      2012
                                             1934
 MINIMUM TEMPERATURE (F)   45        32      2009
                                             1942


SUNRISE AND SUNSET
MAY 15 2017...........SUNRISE   526 AM MDT   SUNSET   813 PM MDT
MAY 16 2017...........SUNRISE   525 AM MDT   SUNSET   814 PM MDT


-  INDICATES NEGATIVE NUMBERS.
R  INDICATES RECORD WAS SET OR TIED.
MM INDICATES DATA IS MISSING.
T  INDICATES TRACE AMOUNT.




$$
