000
CDUS43 KUNR 221832
CLIUNR


CLIMATE REPORT
NATIONAL WEATHER SERVICE RAPID CITY SD
1132 AM MST TUE NOV 22 2016


...................................

...THE EAST RAPID CITY SD CLIMATE SUMMARY FOR NOVEMBER 22 2016...
VALID AS OF 1100 AM LOCAL TIME.

CLIMATE NORMAL PERIOD 1981 TO 2010
CLIMATE RECORD PERIOD 1888 TO 2016


WEATHER ITEM   OBSERVED RECORD YEAR NORMAL DEPARTURE LAST
                VALUE   VALUE       VALUE  FROM      YEAR
                                           NORMAL
...........................................................
TEMPERATURE (F)
 TODAY
  MAXIMUM         47     70    1939  42      5       53
  MINIMUM         45     -7    1898  25     20       28
  AVERAGE         46                 34     12       41

PRECIPITATION (IN)
  TODAY            0.00   0.16 1895   0.02  -0.02     0.00
  MONTH TO DATE    0.17               0.53  -0.36     0.11
  SINCE SEP 1      1.60               3.72  -2.12     1.47
  SINCE JAN 1     12.90              19.40  -6.50    23.57

SNOWFALL (IN)
  TODAY            0.0    3.0  2010   0.2   -0.2      0.0
  MONTH TO DATE    3.0                4.8   -1.8      2.3
  SINCE SEP 1      3.0                7.2   -4.2      2.3
  SINCE JUL 1      3.0                7.2   -4.2      2.3
  SNOW DEPTH       0

DEGREE DAYS
 HEATING
  TODAY           19                 31    -12       24
  MONTH TO DATE  325                585   -260      478
  SINCE SEP 1    766               1284   -518      905
  SINCE JUL 1    791               1314   -523      935

 COOLING
  TODAY            0                  0      0        0
  MONTH TO DATE    0                  0      0        0
  SINCE SEP 1     53                 70    -17      139
  SINCE JAN 1    813                665    148      716
...........................................................





WEATHER CONDITIONS
 THE FOLLOWING WEATHER WAS RECORDED TODAY.
  NO SIGNIFICANT WEATHER WAS OBSERVED.


..........................................................


THE EAST RAPID CITY SD CLIMATE NORMALS FOR TOMORROW
                         NORMAL    RECORD    YEAR
 MAXIMUM TEMPERATURE (F)   42        67      1915
 MINIMUM TEMPERATURE (F)   25       -11      1918


SUNRISE AND SUNSET
NOVEMBER 22 2016......SUNRISE   658 AM MST   SUNSET   420 PM MST
NOVEMBER 23 2016......SUNRISE   659 AM MST   SUNSET   420 PM MST


-  INDICATES NEGATIVE NUMBERS.
R  INDICATES RECORD WAS SET OR TIED.
MM INDICATES DATA IS MISSING.
T  INDICATES TRACE AMOUNT.




$$
