792
CDUS43 KUNR 151850
CLIUNR


CLIMATE REPORT
NATIONAL WEATHER SERVICE RAPID CITY SD
1250 PM MDT SAT APR 15 2017


...................................

...THE EAST RAPID CITY SD CLIMATE SUMMARY FOR APRIL 15 2017...
VALID AS OF 1100 AM LOCAL TIME.

CLIMATE NORMAL PERIOD 1981 TO 2010
CLIMATE RECORD PERIOD 1888 TO 2017


WEATHER ITEM   OBSERVED RECORD YEAR NORMAL DEPARTURE LAST
                VALUE   VALUE       VALUE  FROM      YEAR
                                           NORMAL
...........................................................
TEMPERATURE (F)
 TODAY
  MAXIMUM         54     84    2008  56     -2       58
                               1913
  MINIMUM         46     17    2000  34     12       42
  AVERAGE         50                 45      5       50

PRECIPITATION (IN)
  TODAY            0.00   1.39 1938   0.07  -0.07     0.01
  MONTH TO DATE    0.95               0.84   0.11     0.15
  SINCE MAR 1      1.75               1.83  -0.08     1.20
  SINCE JAN 1      2.54               2.60  -0.06     2.01

SNOWFALL (IN)
  TODAY            0.0    9.3  1917   0.3   -0.3      0.0
  MONTH TO DATE    1.4                5.3   -3.9       T
  SINCE MAR 1      2.7               17.1  -14.4      7.9
  SINCE JUL 1     35.9               43.8   -7.9     37.8
  SNOW DEPTH       0

DEGREE DAYS
 HEATING
  TODAY           15                 20     -5       15
  MONTH TO DATE  248                342    -94      202
  SINCE MAR 1   1017               1250   -233      887
  SINCE JUL 1   5613               6204   -591     5136

 COOLING
  TODAY            0                  0      0        0
  MONTH TO DATE    0                  0      0        0
  SINCE MAR 1      0                  0      0        0
  SINCE JAN 1      0                  0      0        0
...........................................................





WEATHER CONDITIONS
 THE FOLLOWING WEATHER WAS RECORDED TODAY.
  NO SIGNIFICANT WEATHER WAS OBSERVED.


..........................................................


THE EAST RAPID CITY SD CLIMATE NORMALS FOR TOMORROW
                         NORMAL    RECORD    YEAR
 MAXIMUM TEMPERATURE (F)   56        84      1958
 MINIMUM TEMPERATURE (F)   34        13      1907


SUNRISE AND SUNSET
APRIL 15 2017.........SUNRISE   609 AM MDT   SUNSET   737 PM MDT
APRIL 16 2017.........SUNRISE   607 AM MDT   SUNSET   739 PM MDT


-  INDICATES NEGATIVE NUMBERS.
R  INDICATES RECORD WAS SET OR TIED.
MM INDICATES DATA IS MISSING.
T  INDICATES TRACE AMOUNT.




$$
