000
CDUS43 KUNR 090037
CLIUNR


CLIMATE REPORT
NATIONAL WEATHER SERVICE RAPID CITY SD
537 PM MST WED MAR 8 2017


...................................

...THE EAST RAPID CITY SD CLIMATE SUMMARY FOR MARCH 8 2017...
VALID TODAY AS OF 0500 PM LOCAL TIME.

CLIMATE NORMAL PERIOD 1981 TO 2010
CLIMATE RECORD PERIOD 1888 TO 2017


WEATHER ITEM   OBSERVED RECORD YEAR NORMAL DEPARTURE LAST
                VALUE   VALUE       VALUE  FROM      YEAR
                                           NORMAL
...........................................................
TEMPERATURE (F)
 TODAY
  MAXIMUM         46     67    1904  44      2       50
  MINIMUM         19    -11    1996  23     -4       36
  AVERAGE         33                 34     -1       43

PRECIPITATION (IN)
  TODAY            T      0.82 2000   0.03  -0.03     0.00
  MONTH TO DATE    T                  0.17  -0.17     0.04
  SINCE MAR 1      T                  0.17  -0.17     0.04
  SINCE JAN 1      0.79               0.94  -0.15     0.85

SNOWFALL (IN)
  TODAY            T      4.0  2000   0.3   -0.3      0.0
  MONTH TO DATE    T                  2.6   -2.6       T
  SINCE MAR 1      T                  2.6   -2.6       T
  SINCE JUL 1     33.2               29.3    3.9     29.9
  SNOW DEPTH       0

DEGREE DAYS
 HEATING
  TODAY           32                 31      1       22
  MONTH TO DATE  200                260    -60      149
  SINCE MAR 1    200                260    -60      149
  SINCE JUL 1   4796               5214   -418     4398

 COOLING
  TODAY            0                  0      0        0
  MONTH TO DATE    0                  0      0        0
  SINCE MAR 1      0                  0      0        0
  SINCE JAN 1      0                  0      0        0
...........................................................





WEATHER CONDITIONS
 THE FOLLOWING WEATHER WAS RECORDED TODAY.
  LIGHT SNOW


..........................................................


THE EAST RAPID CITY SD CLIMATE NORMALS FOR TOMORROW
                         NORMAL    RECORD    YEAR
 MAXIMUM TEMPERATURE (F)   45        72      2014
 MINIMUM TEMPERATURE (F)   23        -9      2002


SUNRISE AND SUNSET
MARCH  8 2017.........SUNRISE   617 AM MST   SUNSET   551 PM MST
MARCH  9 2017.........SUNRISE   615 AM MST   SUNSET   552 PM MST


-  INDICATES NEGATIVE NUMBERS.
R  INDICATES RECORD WAS SET OR TIED.
MM INDICATES DATA IS MISSING.
T  INDICATES TRACE AMOUNT.




$$
