000
CDUS43 KUNR 100039
CLIUNR


CLIMATE REPORT
NATIONAL WEATHER SERVICE RAPID CITY SD
637 PM MDT WED APR 9 2014


...................................

...THE EAST RAPID CITY SD CLIMATE SUMMARY FOR APRIL 9 2014...
VALID TODAY AS OF 0500 PM LOCAL TIME.

CLIMATE NORMAL PERIOD 1981 TO 2010
CLIMATE RECORD PERIOD 1888 TO 2014


WEATHER ITEM   OBSERVED RECORD YEAR NORMAL DEPARTURE LAST
                VALUE   VALUE       VALUE  FROM      YEAR
                                           NORMAL
...........................................................
TEMPERATURE (F)
 TODAY
  MAXIMUM         76     78    1917  53     23       17
  MINIMUM         53     10    2013  32     21       10
  AVERAGE         65                 42     23       14

PRECIPITATION (IN)
  TODAY            0.00   0.96 2013   0.06  -0.06     0.96
  MONTH TO DATE    0.61               0.44   0.17     1.36
  SINCE MAR 1      1.74               1.43   0.31     2.05
  SINCE JAN 1      2.25               2.20   0.05     2.73

SNOWFALL (IN)
  TODAY            0.0                0.4   -0.4     15.0
  MONTH TO DATE    7.6                3.2    4.4     18.6
  SINCE MAR 1     22.0               15.0    7.0     30.4
  SINCE JUL 1     72.1               41.7   30.4     52.1
  SNOW DEPTH       0

DEGREE DAYS
 HEATING
  TODAY            0                 23    -23       51
  MONTH TO DATE  224                214     10      216
  SINCE MAR 1   1244               1122    122     1160
  SINCE JUL 1   6592               6076    516     5788

 COOLING
  TODAY            0                  0      0        0
  MONTH TO DATE    0                  0      0        0
  SINCE MAR 1      0                  0      0        0
  SINCE JAN 1      0                  0      0        0
...........................................................





WEATHER CONDITIONS
 THE FOLLOWING WEATHER WAS RECORDED TODAY.
  NO SIGNIFICANT WEATHER WAS OBSERVED.


..........................................................


THE EAST RAPID CITY SD CLIMATE NORMALS FOR TOMORROW
                         NORMAL    RECORD    YEAR
 MAXIMUM TEMPERATURE (F)   54        85      1996
 MINIMUM TEMPERATURE (F)   32        10      1997


SUNRISE AND SUNSET
APRIL  9 2014.........SUNRISE   620 AM MDT   SUNSET   730 PM MDT
APRIL 10 2014.........SUNRISE   618 AM MDT   SUNSET   731 PM MDT


-  INDICATES NEGATIVE NUMBERS.
R  INDICATES RECORD WAS SET OR TIED.
MM INDICATES DATA IS MISSING.
T  INDICATES TRACE AMOUNT.




$$
