000
CDUS43 KUNR 150839
CLIUNR


CLIMATE REPORT
NATIONAL WEATHER SERVICE RAPID CITY SD
239 AM MDT FRI APR 15 2016


...................................

...THE EAST RAPID CITY SD CLIMATE SUMMARY FOR APRIL 14 2016...

CLIMATE NORMAL PERIOD 1981 TO 2010
CLIMATE RECORD PERIOD 1888 TO 2016


WEATHER ITEM   OBSERVED RECORD YEAR NORMAL DEPARTURE LAST
                VALUE   VALUE       VALUE  FROM      YEAR
                                           NORMAL
...........................................................
TEMPERATURE (F)
 YESTERDAY
  MAXIMUM         76     85    1942  55     21       79
  MINIMUM         50     14    1928  33     17       37
  AVERAGE         63                 44     19       58

PRECIPITATION (IN)
  YESTERDAY        0.11   0.99 1927   0.06   0.05     0.00
  MONTH TO DATE    0.14               0.77  -0.63     0.16
  SINCE MAR 1      1.19               1.76  -0.57     0.26
  SINCE JAN 1      2.00               2.53  -0.53     0.81

SNOWFALL (IN)
  YESTERDAY        0.0    9.8  1927   0.4   -0.4      0.0
  MONTH TO DATE    T                  5.0   -5.0       T
  SINCE MAR 1      7.9               16.8   -8.9      1.4
  SINCE JUL 1     37.8               43.5   -5.7     37.1
  SNOW DEPTH       0

DEGREE DAYS
 HEATING
  YESTERDAY        2                 21    -19        7
  MONTH TO DATE  187                322   -135      256
  SINCE MAR 1    872               1230   -358      881
  SINCE JUL 1   5121               6184  -1063     5577

 COOLING
  YESTERDAY        0                  0      0        0
  MONTH TO DATE    0                  0      0        0
  SINCE MAR 1      0                  0      0        6
  SINCE JAN 1      0                  0      0        6
...........................................................


WIND (MPH)
  HIGHEST GUST SPEED    38   HIGHEST GUST DIRECTION    SE (150)



WEATHER CONDITIONS
 THE FOLLOWING WEATHER WAS RECORDED YESTERDAY.
  NO SIGNIFICANT WEATHER WAS OBSERVED.


..........................................................


THE EAST RAPID CITY SD CLIMATE NORMALS FOR TODAY
                         NORMAL    RECORD    YEAR
 MAXIMUM TEMPERATURE (F)   56        84      2008
                                             1913
 MINIMUM TEMPERATURE (F)   34        17      2000


SUNRISE AND SUNSET
APRIL 15 2016.........SUNRISE   609 AM MDT   SUNSET   738 PM MDT
APRIL 16 2016.........SUNRISE   607 AM MDT   SUNSET   739 PM MDT


-  INDICATES NEGATIVE NUMBERS.
R  INDICATES RECORD WAS SET OR TIED.
MM INDICATES DATA IS MISSING.
T  INDICATES TRACE AMOUNT.




$$
