000
CDUS43 KUNR 121833
CLIUNR


CLIMATE REPORT
NATIONAL WEATHER SERVICE RAPID CITY SD
1232 PM MDT FRI SEP 12 2014


...................................

...THE EAST RAPID CITY SD CLIMATE SUMMARY FOR SEPTEMBER 12 2014...
VALID AS OF 1100 AM LOCAL TIME.

CLIMATE NORMAL PERIOD 1981 TO 2010
CLIMATE RECORD PERIOD 1888 TO 2014


WEATHER ITEM   OBSERVED RECORD YEAR NORMAL DEPARTURE LAST
                VALUE   VALUE       VALUE  FROM      YEAR
                                           NORMAL
...........................................................
TEMPERATURE (F)
 TODAY
  MAXIMUM         49     96    2004  74    -25       79
  MINIMUM         32R    32    1903  52    -20       56
  AVERAGE         41                 63    -22       68

PRECIPITATION (IN)
  TODAY            0.00   1.20 2009   0.05  -0.05     0.00
  MONTH TO DATE    0.99               0.62   0.37     0.57
  SINCE SEP 1      0.99               0.62   0.37     0.57
  SINCE JAN 1     18.39              16.30   2.09    16.32

SNOWFALL (IN)
  TODAY            0.0                0.0    0.0      0.0
  MONTH TO DATE    1.6                0.0    1.6      0.0
  SINCE SEP 1      1.6                0.0    1.6      0.0
  SINCE JUL 1      1.6                0.0    1.6      0.0
  SNOW DEPTH       0

DEGREE DAYS
 HEATING
  TODAY           24                  4     20        0
  MONTH TO DATE  101                 37     64        0
  SINCE SEP 1    101                 37     64        0
  SINCE JUL 1    125                 67     58        6

 COOLING
  TODAY            0                  3     -3        3
  MONTH TO DATE   26                 45    -19      111
  SINCE SEP 1     26                 45    -19      111
  SINCE JAN 1    462                640   -178      796
...........................................................





WEATHER CONDITIONS
 THE FOLLOWING WEATHER WAS RECORDED TODAY.
  NO SIGNIFICANT WEATHER WAS OBSERVED.


..........................................................


THE EAST RAPID CITY SD CLIMATE NORMALS FOR TOMORROW
                         NORMAL    RECORD    YEAR
 MAXIMUM TEMPERATURE (F)   74       100      1895
 MINIMUM TEMPERATURE (F)   51        31      1970


SUNRISE AND SUNSET
SEPTEMBER 12 2014.....SUNRISE   629 AM MDT   SUNSET   709 PM MDT
SEPTEMBER 13 2014.....SUNRISE   630 AM MDT   SUNSET   707 PM MDT


-  INDICATES NEGATIVE NUMBERS.
R  INDICATES RECORD WAS SET OR TIED.
MM INDICATES DATA IS MISSING.
T  INDICATES TRACE AMOUNT.




$$
