000
CDUS43 KUNR 190834
CLIUNR


CLIMATE REPORT
NATIONAL WEATHER SERVICE RAPID CITY SD
231 AM MDT TUE MAY 19 2015


...................................

...THE EAST RAPID CITY SD CLIMATE SUMMARY FOR MAY 18 2015...

CLIMATE NORMAL PERIOD 1981 TO 2010
CLIMATE RECORD PERIOD 1888 TO 2015


WEATHER ITEM   OBSERVED RECORD YEAR NORMAL DEPARTURE LAST
                VALUE   VALUE       VALUE  FROM      YEAR
                                           NORMAL
...........................................................
TEMPERATURE (F)
 YESTERDAY
  MAXIMUM         54     90    1948  67    -13       71
  MINIMUM         35     22    1888  46    -11       42
  AVERAGE         45                 56    -11       57

PRECIPITATION (IN)
  YESTERDAY        0.00   1.33 1962   0.14  -0.14      T
  MONTH TO DATE    4.07               2.22   1.85     0.84
  SINCE MAR 1      5.12               5.31  -0.19     3.65
  SINCE JAN 1      5.67               6.08  -0.41     4.16

SNOWFALL (IN)
  YESTERDAY        0.0    0.0  2002   0.1   -0.1      0.0
                               2001
                               2000
  MONTH TO DATE   13.6                1.8   11.8      0.6
  SINCE MAR 1     15.0               22.4   -7.4     23.4
  SINCE JUL 1     50.7               49.1    1.6     73.5
  SNOW DEPTH       0

DEGREE DAYS
 HEATING
  YESTERDAY       20                  9     11        8
  MONTH TO DATE  251                211     40      296
  SINCE MAR 1   1390               1723   -333     1921
  SINCE JUL 1   6086               6677   -591     7269

 COOLING
  YESTERDAY        0                  1     -1        0
  MONTH TO DATE    2                  2      0        0
  SINCE MAR 1      8                  3      5        0
  SINCE JAN 1      8                  3      5        0
...........................................................


WIND (MPH)
  HIGHEST GUST SPEED    32   HIGHEST GUST DIRECTION     N (10)



WEATHER CONDITIONS
 THE FOLLOWING WEATHER WAS RECORDED YESTERDAY.
  NO SIGNIFICANT WEATHER WAS OBSERVED.


..........................................................


THE EAST RAPID CITY SD CLIMATE NORMALS FOR TODAY
                         NORMAL    RECORD    YEAR
 MAXIMUM TEMPERATURE (F)   67        93      2009
 MINIMUM TEMPERATURE (F)   46        28      1895


SUNRISE AND SUNSET
MAY 19 2015...........SUNRISE   523 AM MDT   SUNSET   817 PM MDT
MAY 20 2015...........SUNRISE   522 AM MDT   SUNSET   818 PM MDT


-  INDICATES NEGATIVE NUMBERS.
R  INDICATES RECORD WAS SET OR TIED.
MM INDICATES DATA IS MISSING.
T  INDICATES TRACE AMOUNT.




$$
