000
CDUS43 KUNR 081831
CLIUNR


CLIMATE REPORT
NATIONAL WEATHER SERVICE RAPID CITY SD
1231 PM MDT FRI JUL 8 2016


...................................

...THE EAST RAPID CITY SD CLIMATE SUMMARY FOR JULY 8 2016...
VALID AS OF 1100 AM LOCAL TIME.

CLIMATE NORMAL PERIOD 1981 TO 2010
CLIMATE RECORD PERIOD 1888 TO 2016


WEATHER ITEM   OBSERVED RECORD YEAR NORMAL DEPARTURE LAST
                VALUE   VALUE       VALUE  FROM      YEAR
                                           NORMAL
...........................................................
TEMPERATURE (F)
 TODAY
  MAXIMUM         76    100    1954  83     -7       74
  MINIMUM         59     45    1904  61     -2       61
  AVERAGE         68                 72     -4       68

PRECIPITATION (IN)
  TODAY            0.00   1.32 1926   0.07  -0.07     0.00
  MONTH TO DATE    1.46               0.57   0.89     0.93
  SINCE JUN 1      2.04               3.73  -1.69     7.80
  SINCE JAN 1      6.58              11.78  -5.20    17.16

SNOWFALL (IN)
  TODAY            0.0    0.0  2002   0.0    0.0      0.0
                               2001
                               2000
  MONTH TO DATE    0.0                0.0    0.0      0.0
  SINCE JUN 1      0.0                0.0    0.0      0.0
  SINCE JUL 1      0.0                0.0    0.0      0.0
  SNOW DEPTH       0

DEGREE DAYS
 HEATING
  TODAY            0                  0      0        0
  MONTH TO DATE    1                  6     -5        1
  SINCE JUN 1      6                 94    -88       34
  SINCE JUL 1      1                  6     -5        1

 COOLING
  TODAY            3                  8     -5        3
  MONTH TO DATE   41                 55    -14       37
  SINCE JUN 1    286                146    140      144
  SINCE JAN 1    292                164    128      152
...........................................................





WEATHER CONDITIONS
 THE FOLLOWING WEATHER WAS RECORDED TODAY.
  NO SIGNIFICANT WEATHER WAS OBSERVED.


..........................................................


THE EAST RAPID CITY SD CLIMATE NORMALS FOR TOMORROW
                         NORMAL    RECORD    YEAR
 MAXIMUM TEMPERATURE (F)   84       107      1954
 MINIMUM TEMPERATURE (F)   61        45      1929


SUNRISE AND SUNSET
JULY  8 2016..........SUNRISE   518 AM MDT   SUNSET   837 PM MDT
JULY  9 2016..........SUNRISE   519 AM MDT   SUNSET   837 PM MDT


-  INDICATES NEGATIVE NUMBERS.
R  INDICATES RECORD WAS SET OR TIED.
MM INDICATES DATA IS MISSING.
T  INDICATES TRACE AMOUNT.




$$
