839
CDUS43 KUNR 010037
CLIUNR


CLIMATE REPORT
NATIONAL WEATHER SERVICE RAPID CITY SD
536 PM MST SUN JAN 31 2016


...................................

...THE EAST RAPID CITY SD CLIMATE SUMMARY FOR JANUARY 31 2016...
VALID TODAY AS OF 0500 PM LOCAL TIME.

CLIMATE NORMAL PERIOD 1981 TO 2010
CLIMATE RECORD PERIOD 1888 TO 2016


WEATHER ITEM   OBSERVED RECORD YEAR NORMAL DEPARTURE LAST
                VALUE   VALUE       VALUE  FROM      YEAR
                                           NORMAL
...........................................................
TEMPERATURE (F)
 TODAY
  MAXIMUM         42     66    1888  37      5       35
  MINIMUM         31    -26    1918  16     15        9
  AVERAGE         37                 27     10       22

PRECIPITATION (IN)
  TODAY            0.00   0.43 1892   0.01  -0.01     0.04
  MONTH TO DATE    0.17               0.29  -0.12     0.15
  SINCE DEC 1      0.90               0.61   0.29     0.53
  SINCE JAN 1      0.17               0.29  -0.12     0.15

SNOWFALL (IN)
  TODAY            0.0    5.8  1892   0.2   -0.2      2.2
  MONTH TO DATE    2.5                5.5   -3.0      4.3
  SINCE DEC 1     18.0               10.7    7.3     11.8
  SINCE JUL 1     24.0               19.3    4.7     27.1
  SNOW DEPTH       0

DEGREE DAYS
 HEATING
  TODAY           28                 38    -10       43
  MONTH TO DATE 1123               1178    -55     1026
  SINCE DEC 1   2225               2348   -123     2090
  SINCE JUL 1   3483               3928   -445     3704

 COOLING
  TODAY            0                  0      0        0
  MONTH TO DATE    0                  0      0        0
  SINCE DEC 1      0                  0      0        0
  SINCE JAN 1      0                  0      0        0
...........................................................





WEATHER CONDITIONS
 THE FOLLOWING WEATHER WAS RECORDED TODAY.
  NO SIGNIFICANT WEATHER WAS OBSERVED.


..........................................................


THE EAST RAPID CITY SD CLIMATE NORMALS FOR TOMORROW
                         NORMAL    RECORD    YEAR
 MAXIMUM TEMPERATURE (F)   37        69      1934
 MINIMUM TEMPERATURE (F)   17       -26      1893


SUNRISE AND SUNSET
JANUARY 31 2016.......SUNRISE   712 AM MST   SUNSET   501 PM MST
FEBRUARY  1 2016......SUNRISE   711 AM MST   SUNSET   502 PM MST


-  INDICATES NEGATIVE NUMBERS.
R  INDICATES RECORD WAS SET OR TIED.
MM INDICATES DATA IS MISSING.
T  INDICATES TRACE AMOUNT.




$$
