000
CDUS43 KUNR 010043
CLIUNR


CLIMATE REPORT
NATIONAL WEATHER SERVICE RAPID CITY SD
640 PM MDT MON MAR 31 2014


...................................

...THE EAST RAPID CITY SD CLIMATE SUMMARY FOR MARCH 31 2014...
VALID TODAY AS OF 0500 PM LOCAL TIME.

CLIMATE NORMAL PERIOD 1981 TO 2010
CLIMATE RECORD PERIOD 1888 TO 2014


WEATHER ITEM   OBSERVED RECORD YEAR NORMAL DEPARTURE LAST
                VALUE   VALUE       VALUE  FROM      YEAR
                                           NORMAL
...........................................................
TEMPERATURE (F)
 TODAY
  MAXIMUM         36     83    2012  51    -15       50
  MINIMUM         17     -6    1899  29    -12       29
  AVERAGE         27                 40    -13       40

PRECIPITATION (IN)
  TODAY            0.13   1.98 1927   0.04   0.09      T
  MONTH TO DATE    1.13               0.99   0.14     0.69
  SINCE MAR 1      1.13               0.99   0.14     0.69
  SINCE JAN 1      1.64               1.76  -0.12     1.37

SNOWFALL (IN)
  TODAY            1.5                0.4    1.1       T
  MONTH TO DATE   14.4               11.8    2.6     11.8
  SINCE MAR 1     14.4               11.8    2.6     11.8
  SINCE JUL 1     64.5               38.5   26.0     33.5
  SNOW DEPTH       1

DEGREE DAYS
 HEATING
  TODAY           38                 25     13       25
  MONTH TO DATE 1020                908    112      944
  SINCE MAR 1   1020                908    112      944
  SINCE JUL 1   6368               5862    506     5572

 COOLING
  TODAY            0                  0      0        0
  MONTH TO DATE    0                  0      0        0
  SINCE MAR 1      0                  0      0        0
  SINCE JAN 1      0                  0      0        0
...........................................................





WEATHER CONDITIONS
 THE FOLLOWING WEATHER WAS RECORDED TODAY.
  LIGHT SNOW
  BLOWING SNOW


..........................................................


THE EAST RAPID CITY SD CLIMATE NORMALS FOR TOMORROW
                         NORMAL    RECORD    YEAR
 MAXIMUM TEMPERATURE (F)   51        86      2012
 MINIMUM TEMPERATURE (F)   29        -2      1899


SUNRISE AND SUNSET
MARCH 31 2014.........SUNRISE   636 AM MDT   SUNSET   719 PM MDT
APRIL  1 2014.........SUNRISE   634 AM MDT   SUNSET   720 PM MDT


-  INDICATES NEGATIVE NUMBERS.
R  INDICATES RECORD WAS SET OR TIED.
MM INDICATES DATA IS MISSING.
T  INDICATES TRACE AMOUNT.




$$
