000
CDUS43 KUNR 301138
CLIUNR


CLIMATE REPORT
NATIONAL WEATHER SERVICE RAPID CITY SD
537 AM MDT THU OCT 30 2014


...................................

...THE EAST RAPID CITY SD CLIMATE SUMMARY FOR OCTOBER 29 2014...

CLIMATE NORMAL PERIOD 1981 TO 2010
CLIMATE RECORD PERIOD 1888 TO 2014


WEATHER ITEM   OBSERVED RECORD YEAR NORMAL DEPARTURE LAST
                VALUE   VALUE       VALUE  FROM      YEAR
                                           NORMAL
...........................................................
TEMPERATURE (F)
 YESTERDAY
  MAXIMUM         65     81    1968  54     11       29
  MINIMUM         31      7    1925  34     -3       24
  AVERAGE         48                 44      4       27

PRECIPITATION (IN)
  YESTERDAY        T      1.67 1996   0.05  -0.05     0.01
  MONTH TO DATE    0.47               1.56  -1.09     5.42
  SINCE SEP 1      5.29               3.10   2.19     6.37
  SINCE JAN 1     22.69              18.78   3.91    22.12

SNOWFALL (IN)
  YESTERDAY        0.0    4.0  1961   0.2   -0.2      0.0
  MONTH TO DATE    T                  2.0   -2.0     25.5
  SINCE SEP 1      1.6                2.1   -0.5     25.5
  SINCE JUL 1      1.6                2.1   -0.5     25.5
  SNOW DEPTH       0

DEGREE DAYS
 HEATING
  YESTERDAY       17                 21     -4       38
  MONTH TO DATE  321                477   -156      584
  SINCE SEP 1    506                656   -150      673
  SINCE JUL 1    530                686   -156      679

 COOLING
  YESTERDAY        0                  0      0        0
  MONTH TO DATE    0                  0      0        0
  SINCE SEP 1     78                 66     12      145
  SINCE JAN 1    514                661   -147      830
...........................................................


WIND (MPH)
  HIGHEST GUST SPEED    44   HIGHEST GUST DIRECTION     N (350)



WEATHER CONDITIONS
 THE FOLLOWING WEATHER WAS RECORDED YESTERDAY.
  LIGHT RAIN


..........................................................


THE EAST RAPID CITY SD CLIMATE NORMALS FOR TODAY
                         NORMAL    RECORD    YEAR
 MAXIMUM TEMPERATURE (F)   54        84      1950
 MINIMUM TEMPERATURE (F)   33        10      2002


SUNRISE AND SUNSET
OCTOBER 30 2014.......SUNRISE   727 AM MDT   SUNSET   546 PM MDT
OCTOBER 31 2014.......SUNRISE   728 AM MDT   SUNSET   544 PM MDT


-  INDICATES NEGATIVE NUMBERS.
R  INDICATES RECORD WAS SET OR TIED.
MM INDICATES DATA IS MISSING.
T  INDICATES TRACE AMOUNT.




$$
