000
CDUS43 KUNR 050849
CLIUNR


CLIMATE REPORT
NATIONAL WEATHER SERVICE RAPID CITY SD
146 AM MST THU MAR 5 2015


...................................

...THE EAST RAPID CITY SD CLIMATE SUMMARY FOR MARCH 4 2015...

CLIMATE NORMAL PERIOD 1981 TO 2010
CLIMATE RECORD PERIOD 1888 TO 2015


WEATHER ITEM   OBSERVED RECORD YEAR NORMAL DEPARTURE LAST
                VALUE   VALUE       VALUE  FROM      YEAR
                                           NORMAL
...........................................................
TEMPERATURE (F)
 YESTERDAY
  MAXIMUM         15     75    1905  43    -28       18
  MINIMUM          4    -14    1960  22    -18        5
  AVERAGE         10                 32    -22       12

PRECIPITATION (IN)
  YESTERDAY        0.00   0.78 1935   0.03  -0.03     0.00
  MONTH TO DATE    0.09               0.08   0.01     0.13
  SINCE MAR 1      0.09               0.08   0.01     0.13
  SINCE JAN 1      0.64               0.85  -0.21     0.64

SNOWFALL (IN)
  YESTERDAY        0.0    6.5  1935   0.3   -0.3      0.0
  MONTH TO DATE    1.4                1.2    0.2      3.0
  SINCE MAR 1      1.4                1.2    0.2      3.0
  SINCE JUL 1     37.1               27.9    9.2     53.1
  SNOW DEPTH       T

DEGREE DAYS
 HEATING
  YESTERDAY       55                 33     22       53
  MONTH TO DATE  180                133     47      256
  SINCE MAR 1    180                133     47      256
  SINCE JUL 1   4876               5087   -211     5604

 COOLING
  YESTERDAY        0                  0      0        0
  MONTH TO DATE    0                  0      0        0
  SINCE MAR 1      0                  0      0        0
  SINCE JAN 1      0                  0      0        0
...........................................................


WIND (MPH)
  HIGHEST GUST SPEED    31   HIGHEST GUST DIRECTION     N (10)



WEATHER CONDITIONS
 THE FOLLOWING WEATHER WAS RECORDED YESTERDAY.
  NO SIGNIFICANT WEATHER WAS OBSERVED.


..........................................................


THE EAST RAPID CITY SD CLIMATE NORMALS FOR TODAY
                         NORMAL    RECORD    YEAR
 MAXIMUM TEMPERATURE (F)   43        74      2000
 MINIMUM TEMPERATURE (F)   22       -12      1888


SUNRISE AND SUNSET
MARCH  5 2015.........SUNRISE   623 AM MST   SUNSET   546 PM MST
MARCH  6 2015.........SUNRISE   622 AM MST   SUNSET   547 PM MST


-  INDICATES NEGATIVE NUMBERS.
R  INDICATES RECORD WAS SET OR TIED.
MM INDICATES DATA IS MISSING.
T  INDICATES TRACE AMOUNT.




$$
