000
CDUS43 KUNR 161830
CLIUNR


CLIMATE REPORT
NATIONAL WEATHER SERVICE RAPID CITY SD
1130 AM MST THU NOV 16 2017


...................................

...THE EAST RAPID CITY SD CLIMATE SUMMARY FOR NOVEMBER 16 2017...
VALID AS OF 1100 AM LOCAL TIME.

CLIMATE NORMAL PERIOD 1981 TO 2010
CLIMATE RECORD PERIOD 1888 TO 2017


WEATHER ITEM   OBSERVED RECORD YEAR NORMAL DEPARTURE LAST
                VALUE   VALUE       VALUE  FROM      YEAR
                                           NORMAL
...........................................................
TEMPERATURE (F)
 TODAY
  MAXIMUM         54     73    1953  46      8       63
  MINIMUM         24    -10    1959  27     -3       38
  AVERAGE         39                 36      3       51

PRECIPITATION (IN)
  TODAY            0.00   0.40 1971   0.02  -0.02     0.00
  MONTH TO DATE    0.08               0.45  -0.37     0.00
  SINCE SEP 1      2.45               3.64  -1.19     1.43
  SINCE JAN 1     12.42              19.32  -6.90    12.73

SNOWFALL (IN)
  TODAY            0.0    3.7  1911   0.2   -0.2      0.0
  MONTH TO DATE    0.9                3.5   -2.6      0.0
  SINCE SEP 1      0.9                5.9   -5.0       T
  SINCE JUL 1      0.9                5.9   -5.0       T
  SNOW DEPTH       0

DEGREE DAYS
 HEATING
  TODAY           26                 29     -3       14
  MONTH TO DATE  478                405     73      153
  SINCE SEP 1   1105               1104      1      594
  SINCE JUL 1   1110               1134    -24      619

 COOLING
  TODAY            0                  0      0        0
  MONTH TO DATE    0                  0      0        0
  SINCE SEP 1    117                 70     47       53
  SINCE JAN 1    854                665    189      813
...........................................................





WEATHER CONDITIONS
 THE FOLLOWING WEATHER WAS RECORDED TODAY.
  NO SIGNIFICANT WEATHER WAS OBSERVED.


..........................................................


THE EAST RAPID CITY SD CLIMATE NORMALS FOR TOMORROW
                         NORMAL    RECORD    YEAR
 MAXIMUM TEMPERATURE (F)   45        72      1953
 MINIMUM TEMPERATURE (F)   27        -4      1959


SUNRISE AND SUNSET
NOVEMBER 16 2017......SUNRISE   650 AM MST   SUNSET   425 PM MST
NOVEMBER 17 2017......SUNRISE   651 AM MST   SUNSET   424 PM MST


-  INDICATES NEGATIVE NUMBERS.
R  INDICATES RECORD WAS SET OR TIED.
MM INDICATES DATA IS MISSING.
T  INDICATES TRACE AMOUNT.




$$
