000
CDUS43 KUNR 271833
CLIUNR


CLIMATE REPORT
NATIONAL WEATHER SERVICE RAPID CITY SD
1233 PM MDT MON MAR 27 2017


...................................

...THE EAST RAPID CITY SD CLIMATE SUMMARY FOR MARCH 27 2017...
VALID AS OF 1100 AM LOCAL TIME.

CLIMATE NORMAL PERIOD 1981 TO 2010
CLIMATE RECORD PERIOD 1888 TO 2017


WEATHER ITEM   OBSERVED RECORD YEAR NORMAL DEPARTURE LAST
                VALUE   VALUE       VALUE  FROM      YEAR
                                           NORMAL
...........................................................
TEMPERATURE (F)
 TODAY
  MAXIMUM         49     80    1946  50     -1       57
  MINIMUM         31     -4    1931  28      3       27
  AVERAGE         40                 39      1       42

PRECIPITATION (IN)
  TODAY            0.00   0.45 1905   0.04  -0.04     0.00
  MONTH TO DATE    0.48               0.81  -0.33     0.69
  SINCE MAR 1      0.48               0.81  -0.33     0.69
  SINCE JAN 1      1.27               1.58  -0.31     1.50

SNOWFALL (IN)
  TODAY            0.0    3.5  1939   0.4   -0.4      0.0
  MONTH TO DATE    1.3               10.2   -8.9      6.7
  SINCE MAR 1      1.3               10.2   -8.9      6.7
  SINCE JUL 1     34.5               36.9   -2.4     36.6
  SNOW DEPTH       0

DEGREE DAYS
 HEATING
  TODAY           25                 26     -1       23
  MONTH TO DATE  677                806   -129      596
  SINCE MAR 1    677                806   -129      596
  SINCE JUL 1   5273               5760   -487     4845

 COOLING
  TODAY            0                  0      0        0
  MONTH TO DATE    0                  0      0        0
  SINCE MAR 1      0                  0      0        0
  SINCE JAN 1      0                  0      0        0
...........................................................





WEATHER CONDITIONS
 THE FOLLOWING WEATHER WAS RECORDED TODAY.
  NO SIGNIFICANT WEATHER WAS OBSERVED.


..........................................................


THE EAST RAPID CITY SD CLIMATE NORMALS FOR TOMORROW
                         NORMAL    RECORD    YEAR
 MAXIMUM TEMPERATURE (F)   50        83      2015
 MINIMUM TEMPERATURE (F)   28         0      1931


SUNRISE AND SUNSET
MARCH 27 2017.........SUNRISE   643 AM MDT   SUNSET   714 PM MDT
MARCH 28 2017.........SUNRISE   641 AM MDT   SUNSET   715 PM MDT


-  INDICATES NEGATIVE NUMBERS.
R  INDICATES RECORD WAS SET OR TIED.
MM INDICATES DATA IS MISSING.
T  INDICATES TRACE AMOUNT.




$$
