000
CDUS43 KUNR 160035
CLIUNR


CLIMATE REPORT
NATIONAL WEATHER SERVICE RAPID CITY SD
635 PM MDT SUN OCT 15 2017


...................................

...THE EAST RAPID CITY SD CLIMATE SUMMARY FOR OCTOBER 15 2017...
VALID TODAY AS OF 0500 PM LOCAL TIME.

CLIMATE NORMAL PERIOD 1981 TO 2010
CLIMATE RECORD PERIOD 1888 TO 2017


WEATHER ITEM   OBSERVED RECORD YEAR NORMAL DEPARTURE LAST
                VALUE   VALUE       VALUE  FROM      YEAR
                                           NORMAL
...........................................................
TEMPERATURE (F)
 TODAY
  MAXIMUM         60     87    1950  59      1       72
  MINIMUM         37     24    1966  38     -1       53
  AVERAGE         49                 48      1       63

PRECIPITATION (IN)
  TODAY            0.00   0.74 1934   0.06  -0.06     0.00
  MONTH TO DATE    0.74               0.81  -0.07     0.27
  SINCE SEP 1      2.36               2.35   0.01     1.14
  SINCE JAN 1     12.33              18.03  -5.70    12.44

SNOWFALL (IN)
  TODAY            0.0    0.4  2013   0.1   -0.1      0.0
  MONTH TO DATE    0.0                0.5   -0.5       T
  SINCE SEP 1      0.0                0.6   -0.6       T
  SINCE JUL 1      0.0                0.6   -0.6       T
  SNOW DEPTH       0

DEGREE DAYS
 HEATING
  TODAY           16                 17     -1        2
  MONTH TO DATE  237                212     25      183
  SINCE SEP 1    419                391     28      282
  SINCE JUL 1    424                421      3      307

 COOLING
  TODAY            0                  0      0        0
  MONTH TO DATE    0                  0      0        2
  SINCE SEP 1    113                 66     47       49
  SINCE JAN 1    850                661    189      809
...........................................................





WEATHER CONDITIONS
 THE FOLLOWING WEATHER WAS RECORDED TODAY.
  NO SIGNIFICANT WEATHER WAS OBSERVED.


..........................................................


THE EAST RAPID CITY SD CLIMATE NORMALS FOR TOMORROW
                         NORMAL    RECORD    YEAR
 MAXIMUM TEMPERATURE (F)   59        86      1956
 MINIMUM TEMPERATURE (F)   37        17      1922


SUNRISE AND SUNSET
OCTOBER 15 2017.......SUNRISE   708 AM MDT   SUNSET   608 PM MDT
OCTOBER 16 2017.......SUNRISE   709 AM MDT   SUNSET   607 PM MDT


-  INDICATES NEGATIVE NUMBERS.
R  INDICATES RECORD WAS SET OR TIED.
MM INDICATES DATA IS MISSING.
T  INDICATES TRACE AMOUNT.




$$
