257
CDUS43 KUNR 230848
CLIUNR


CLIMATE REPORT
NATIONAL WEATHER SERVICE RAPID CITY SD
245 AM MDT MON MAY 23 2016


...................................

...THE EAST RAPID CITY SD CLIMATE SUMMARY FOR MAY 22 2016...

CLIMATE NORMAL PERIOD 1981 TO 2010
CLIMATE RECORD PERIOD 1888 TO 2016


WEATHER ITEM   OBSERVED RECORD YEAR NORMAL DEPARTURE LAST
                VALUE   VALUE       VALUE  FROM      YEAR
                                           NORMAL
...........................................................
TEMPERATURE (F)
 YESTERDAY
  MAXIMUM         81     89    2006  68     13       59
  MINIMUM         52     30    1963  47      5       46
  AVERAGE         67                 58      9       53

PRECIPITATION (IN)
  YESTERDAY        0.01   3.03 2008   0.16  -0.15     0.00
  MONTH TO DATE    0.62               2.84  -2.22     4.37
  SINCE MAR 1      2.85               5.93  -3.08     5.42
  SINCE JAN 1      3.66               6.70  -3.04     5.97

SNOWFALL (IN)
  YESTERDAY        0.0    0.0  2002   0.0    0.0      0.0
                               2001
                               2000
  MONTH TO DATE    T                  1.9   -1.9     13.6
  SINCE MAR 1     11.7               22.5  -10.8     15.0
  SINCE JUL 1     41.6               49.2   -7.6     50.7
  SNOW DEPTH       0

DEGREE DAYS
 HEATING
  YESTERDAY        0                  8     -8       12
  MONTH TO DATE  225                245    -20      323
  SINCE MAR 1   1422               1757   -335     1462
  SINCE JUL 1   5671               6711  -1040     6158

 COOLING
  YESTERDAY        2                  1      1        0
  MONTH TO DATE    4                  6     -2        2
  SINCE MAR 1      6                  7     -1        8
  SINCE JAN 1      6                  7     -1        8
...........................................................


WIND (MPH)
  HIGHEST GUST SPEED    51   HIGHEST GUST DIRECTION     W (250)



WEATHER CONDITIONS
 THE FOLLOWING WEATHER WAS RECORDED YESTERDAY.
  LIGHT RAIN


..........................................................


THE EAST RAPID CITY SD CLIMATE NORMALS FOR TODAY
                         NORMAL    RECORD    YEAR
 MAXIMUM TEMPERATURE (F)   69        88      1931
 MINIMUM TEMPERATURE (F)   47        31      2002


SUNRISE AND SUNSET
MAY 23 2016...........SUNRISE   518 AM MDT   SUNSET   821 PM MDT
MAY 24 2016...........SUNRISE   518 AM MDT   SUNSET   822 PM MDT


-  INDICATES NEGATIVE NUMBERS.
R  INDICATES RECORD WAS SET OR TIED.
MM INDICATES DATA IS MISSING.
T  INDICATES TRACE AMOUNT.




$$
