000
CDUS43 KUNR 190850
CLIUNR


CLIMATE REPORT
NATIONAL WEATHER SERVICE RAPID CITY SD
250 AM MDT SUN OCT 19 2014


...................................

...THE EAST RAPID CITY SD CLIMATE SUMMARY FOR OCTOBER 18 2014...

CLIMATE NORMAL PERIOD 1981 TO 2010
CLIMATE RECORD PERIOD 1888 TO 2014


WEATHER ITEM   OBSERVED RECORD YEAR NORMAL DEPARTURE LAST
                VALUE   VALUE       VALUE  FROM      YEAR
                                           NORMAL
...........................................................
TEMPERATURE (F)
 YESTERDAY
  MAXIMUM         67     85    2000  58      9       45
  MINIMUM         34     16    1925  37     -3       33
  AVERAGE         51                 48      3       39

PRECIPITATION (IN)
  YESTERDAY        0.00   0.79 1971   0.07  -0.07      T
  MONTH TO DATE    0.47               1.00  -0.53     5.28
  SINCE SEP 1      5.29               2.54   2.75     6.23
  SINCE JAN 1     22.69              18.22   4.47    21.98

SNOWFALL (IN)
  YESTERDAY        0.0                0.1   -0.1       T
  MONTH TO DATE    0.0                0.7   -0.7     24.2
  SINCE SEP 1      1.6                0.8    0.8     24.2
  SINCE JUL 1      1.6                0.8    0.8     24.2
  SNOW DEPTH       0

DEGREE DAYS
 HEATING
  YESTERDAY       14                 18     -4       26
  MONTH TO DATE  219                264    -45      342
  SINCE SEP 1    404                443    -39      431
  SINCE JUL 1    428                473    -45      437

 COOLING
  YESTERDAY        0                  0      0        0
  MONTH TO DATE    0                  0      0        0
  SINCE SEP 1     78                 66     12      145
  SINCE JAN 1    514                661   -147      830
...........................................................


WIND (MPH)
  HIGHEST GUST SPEED    25   HIGHEST GUST DIRECTION    SE (150)



WEATHER CONDITIONS
 THE FOLLOWING WEATHER WAS RECORDED YESTERDAY.
  NO SIGNIFICANT WEATHER WAS OBSERVED.


..........................................................


THE EAST RAPID CITY SD CLIMATE NORMALS FOR TODAY
                         NORMAL    RECORD    YEAR
 MAXIMUM TEMPERATURE (F)   58        86      1947
 MINIMUM TEMPERATURE (F)   36        15      1925


SUNRISE AND SUNSET
OCTOBER 19 2014.......SUNRISE   713 AM MDT   SUNSET   602 PM MDT
OCTOBER 20 2014.......SUNRISE   714 AM MDT   SUNSET   601 PM MDT


-  INDICATES NEGATIVE NUMBERS.
R  INDICATES RECORD WAS SET OR TIED.
MM INDICATES DATA IS MISSING.
T  INDICATES TRACE AMOUNT.




$$
