000
CDUS43 KUNR 190834
CLIUNR


CLIMATE REPORT
NATIONAL WEATHER SERVICE RAPID CITY SD
232 AM MDT FRI SEP 19 2014


...................................

...THE EAST RAPID CITY SD CLIMATE SUMMARY FOR SEPTEMBER 18 2014...

CLIMATE NORMAL PERIOD 1981 TO 2010
CLIMATE RECORD PERIOD 1888 TO 2014


WEATHER ITEM   OBSERVED RECORD YEAR NORMAL DEPARTURE LAST
                VALUE   VALUE       VALUE  FROM      YEAR
                                           NORMAL
...........................................................
TEMPERATURE (F)
 YESTERDAY
  MAXIMUM         90     96    2004  71     19       90
  MINIMUM         52     27    1901  49      3       59
  AVERAGE         71                 60     11       75

PRECIPITATION (IN)
  YESTERDAY        0.00   1.01 1946   0.05  -0.05     0.00
  MONTH TO DATE    0.99               0.94   0.05     0.58
  SINCE SEP 1      0.99               0.94   0.05     0.58
  SINCE JAN 1     18.39              16.62   1.77    16.33

SNOWFALL (IN)
  YESTERDAY        0.0                0.0    0.0      0.0
  MONTH TO DATE    1.6                0.0    1.6      0.0
  SINCE SEP 1      1.6                0.0    1.6      0.0
  SINCE JUL 1      1.6                0.0    1.6      0.0
  SNOW DEPTH       0

DEGREE DAYS
 HEATING
  YESTERDAY        0                  6     -6        0
  MONTH TO DATE  148                 70     78       13
  SINCE SEP 1    148                 70     78       13
  SINCE JUL 1    172                100     72       19

 COOLING
  YESTERDAY        6                  2      4       10
  MONTH TO DATE   35                 57    -22      130
  SINCE SEP 1     35                 57    -22      130
  SINCE JAN 1    471                652   -181      815
...........................................................


WIND (MPH)
  HIGHEST GUST SPEED    39   HIGHEST GUST DIRECTION    NW (330)



WEATHER CONDITIONS
 THE FOLLOWING WEATHER WAS RECORDED YESTERDAY.
  NO SIGNIFICANT WEATHER WAS OBSERVED.


..........................................................


THE EAST RAPID CITY SD CLIMATE NORMALS FOR TODAY
                         NORMAL    RECORD    YEAR
 MAXIMUM TEMPERATURE (F)   71        98      1914
 MINIMUM TEMPERATURE (F)   49        30      1896


SUNRISE AND SUNSET
SEPTEMBER 19 2014.....SUNRISE   637 AM MDT   SUNSET   656 PM MDT
SEPTEMBER 20 2014.....SUNRISE   638 AM MDT   SUNSET   654 PM MDT


-  INDICATES NEGATIVE NUMBERS.
R  INDICATES RECORD WAS SET OR TIED.
MM INDICATES DATA IS MISSING.
T  INDICATES TRACE AMOUNT.




$$
