000
CDUS43 KUNR 150832
CLIUNR


CLIMATE REPORT
NATIONAL WEATHER SERVICE RAPID CITY SD
232 AM MDT TUE AUG 15 2017


...................................

...THE EAST RAPID CITY SD CLIMATE SUMMARY FOR AUGUST 14 2017...

CLIMATE NORMAL PERIOD 1981 TO 2010
CLIMATE RECORD PERIOD 1888 TO 2017


WEATHER ITEM   OBSERVED RECORD YEAR NORMAL DEPARTURE LAST
                VALUE   VALUE       VALUE  FROM      YEAR
                                           NORMAL
...........................................................
TEMPERATURE (F)
 YESTERDAY
  MAXIMUM         83    106    1935  84     -1       91
  MINIMUM         57     48    1895  61     -4       59
  AVERAGE         70                 72     -2       75

PRECIPITATION (IN)
  YESTERDAY        1.50   1.73 1948   0.07   1.43     0.49
  MONTH TO DATE    2.32               1.06   1.26     1.77
  SINCE JUN 1      5.09               6.72  -1.63     5.21
  SINCE JAN 1      9.72              14.77  -5.05     9.75

SNOWFALL (IN)
  YESTERDAY        0.0    0.0  2002   0.0    0.0      0.0
                               2001
                               2000
  MONTH TO DATE    0.0                0.0    0.0      0.0
  SINCE JUN 1      0.0                0.0    0.0      0.0
  SINCE JUL 1      0.0                0.0    0.0      0.0
  SNOW DEPTH       0

DEGREE DAYS
 HEATING
  YESTERDAY        0                  0      0        0
  MONTH TO DATE    5                  0      5        0
  SINCE JUN 1     17                100    -83        6
  SINCE JUL 1      5                 12     -7        1

 COOLING
  YESTERDAY        5                  8     -3       10
  MONTH TO DATE   39                120    -81      128
  SINCE JUN 1    605                471    134      658
  SINCE JAN 1    618                489    129      664
...........................................................


WIND (MPH)
  HIGHEST GUST SPEED    66   HIGHEST GUST DIRECTION    NW (310)



WEATHER CONDITIONS
 THE FOLLOWING WEATHER WAS RECORDED YESTERDAY.
  THUNDERSTORM
  HEAVY RAIN
  LIGHT RAIN
  HAIL


..........................................................


THE EAST RAPID CITY SD CLIMATE NORMALS FOR TODAY
                         NORMAL    RECORD    YEAR
 MAXIMUM TEMPERATURE (F)   84       103      1929
 MINIMUM TEMPERATURE (F)   60        47      1959


SUNRISE AND SUNSET
AUGUST 15 2017........SUNRISE   557 AM MDT   SUNSET   757 PM MDT
AUGUST 16 2017........SUNRISE   558 AM MDT   SUNSET   755 PM MDT


-  INDICATES NEGATIVE NUMBERS.
R  INDICATES RECORD WAS SET OR TIED.
MM INDICATES DATA IS MISSING.
T  INDICATES TRACE AMOUNT.




$$
