000
CDUS43 KUNR 280833
CLIUNR


CLIMATE REPORT
NATIONAL WEATHER SERVICE RAPID CITY SD
232 AM MDT WED JUN 28 2017


...................................

...THE EAST RAPID CITY SD CLIMATE SUMMARY FOR JUNE 27 2017...

CLIMATE NORMAL PERIOD 1981 TO 2010
CLIMATE RECORD PERIOD 1888 TO 2017


WEATHER ITEM   OBSERVED RECORD YEAR NORMAL DEPARTURE LAST
                VALUE   VALUE       VALUE  FROM      YEAR
                                           NORMAL
...........................................................
TEMPERATURE (F)
 YESTERDAY
  MAXIMUM         91    100    1931  80     11       84
  MINIMUM         57     43    1898  58     -1       59
  AVERAGE         74                 69      5       72

PRECIPITATION (IN)
  YESTERDAY        0.27   1.10 1953   0.07   0.20      T
  MONTH TO DATE    1.20               2.97  -1.77     0.52
  SINCE JUN 1      1.20               2.97  -1.77     0.52
  SINCE JAN 1      5.83              11.02  -5.19     5.06

SNOWFALL (IN)
  YESTERDAY        0.0    0.0  2002   0.0    0.0      0.0
                               2001
                               1953
  MONTH TO DATE    0.0                0.0    0.0      0.0
  SINCE JUN 1      0.0                0.0    0.0      0.0
  SINCE JUL 1     39.2               49.3  -10.1     41.6
  SNOW DEPTH       0

DEGREE DAYS
 HEATING
  YESTERDAY        0                  1     -1        0
  MONTH TO DATE   12                 84    -72        5
  SINCE JUN 1     12                 84    -72        5
  SINCE JUL 1   6188               6856   -668     5719

 COOLING
  YESTERDAY        9                  5      4        7
  MONTH TO DATE  134                 73     61      225
  SINCE JUN 1    134                 73     61      225
  SINCE JAN 1    147                 91     56      231
...........................................................


WIND (MPH)
  HIGHEST GUST SPEED    54   HIGHEST GUST DIRECTION     W (250)



WEATHER CONDITIONS
 THE FOLLOWING WEATHER WAS RECORDED YESTERDAY.
  THUNDERSTORM
  HEAVY RAIN
  LIGHT RAIN


..........................................................


THE EAST RAPID CITY SD CLIMATE NORMALS FOR TODAY
                         NORMAL    RECORD    YEAR
 MAXIMUM TEMPERATURE (F)   80       105      1931
 MINIMUM TEMPERATURE (F)   58        46      1944


SUNRISE AND SUNSET
JUNE 28 2017..........SUNRISE   512 AM MDT   SUNSET   840 PM MDT
JUNE 29 2017..........SUNRISE   513 AM MDT   SUNSET   840 PM MDT


-  INDICATES NEGATIVE NUMBERS.
R  INDICATES RECORD WAS SET OR TIED.
MM INDICATES DATA IS MISSING.
T  INDICATES TRACE AMOUNT.




$$
