804
CDUS43 KUNR 290838
CLIUNR


CLIMATE REPORT
NATIONAL WEATHER SERVICE RAPID CITY SD
235 AM MDT WED MAR 29 2017


...................................

...THE EAST RAPID CITY SD CLIMATE SUMMARY FOR MARCH 28 2017...

CLIMATE NORMAL PERIOD 1981 TO 2010
CLIMATE RECORD PERIOD 1888 TO 2017


WEATHER ITEM   OBSERVED RECORD YEAR NORMAL DEPARTURE LAST
                VALUE   VALUE       VALUE  FROM      YEAR
                                           NORMAL
...........................................................
TEMPERATURE (F)
 YESTERDAY
  MAXIMUM         44     83    2015  50     -6       65
  MINIMUM         39      0    1931  28     11       37
  AVERAGE         42                 39      3       51

PRECIPITATION (IN)
  YESTERDAY        0.30   0.91 1998   0.05   0.25     0.00
  MONTH TO DATE    0.78               0.86  -0.08     0.69
  SINCE MAR 1      0.78               0.86  -0.08     0.69
  SINCE JAN 1      1.57               1.63  -0.06     1.50

SNOWFALL (IN)
  YESTERDAY        0.0    6.0  1998   0.4   -0.4      0.0
  MONTH TO DATE    1.3               10.6   -9.3      6.7
  SINCE MAR 1      1.3               10.6   -9.3      6.7
  SINCE JUL 1     34.5               37.3   -2.8     36.6
  SNOW DEPTH       0

DEGREE DAYS
 HEATING
  YESTERDAY       23                 26     -3       14
  MONTH TO DATE  695                832   -137      610
  SINCE MAR 1    695                832   -137      610
  SINCE JUL 1   5291               5786   -495     4859

 COOLING
  YESTERDAY        0                  0      0        0
  MONTH TO DATE    0                  0      0        0
  SINCE MAR 1      0                  0      0        0
  SINCE JAN 1      0                  0      0        0
...........................................................


WIND (MPH)
  HIGHEST GUST SPEED    17   HIGHEST GUST DIRECTION    SE (140)



WEATHER CONDITIONS
 THE FOLLOWING WEATHER WAS RECORDED YESTERDAY.
  LIGHT RAIN


..........................................................


THE EAST RAPID CITY SD CLIMATE NORMALS FOR TODAY
                         NORMAL    RECORD    YEAR
 MAXIMUM TEMPERATURE (F)   50        82      1943
 MINIMUM TEMPERATURE (F)   28         4      1898


SUNRISE AND SUNSET
MARCH 29 2017.........SUNRISE   639 AM MDT   SUNSET   717 PM MDT
MARCH 30 2017.........SUNRISE   637 AM MDT   SUNSET   718 PM MDT


-  INDICATES NEGATIVE NUMBERS.
R  INDICATES RECORD WAS SET OR TIED.
MM INDICATES DATA IS MISSING.
T  INDICATES TRACE AMOUNT.




$$
