000
CDUS43 KUNR 270838
CLIUNR


CLIMATE REPORT
NATIONAL WEATHER SERVICE RAPID CITY SD
236 AM MDT FRI MAR 27 2015


...................................

...THE EAST RAPID CITY SD CLIMATE SUMMARY FOR MARCH 26 2015...

CLIMATE NORMAL PERIOD 1981 TO 2010
CLIMATE RECORD PERIOD 1888 TO 2015


WEATHER ITEM   OBSERVED RECORD YEAR NORMAL DEPARTURE LAST
                VALUE   VALUE       VALUE  FROM      YEAR
                                           NORMAL
...........................................................
TEMPERATURE (F)
 YESTERDAY
  MAXIMUM         50     79    1956  49      1       63
  MINIMUM         30     -5    1965  28      2       28
  AVERAGE         40                 38      2       46

PRECIPITATION (IN)
  YESTERDAY        T      1.96 1902   0.04  -0.04     0.00
  MONTH TO DATE    0.10               0.77  -0.67     0.92
  SINCE MAR 1      0.10               0.77  -0.67     0.92
  SINCE JAN 1      0.65               1.54  -0.89     1.43

SNOWFALL (IN)
  YESTERDAY        T      6.0  1950   0.4   -0.4      0.0
  MONTH TO DATE    1.4                9.8   -8.4     12.0
  SINCE MAR 1      1.4                9.8   -8.4     12.0
  SINCE JUL 1     37.1               36.5    0.6     62.1
  SNOW DEPTH       0

DEGREE DAYS
 HEATING
  YESTERDAY       25                 27     -2       19
  MONTH TO DATE  584                780   -196      869
  SINCE MAR 1    584                780   -196      869
  SINCE JUL 1   5280               5734   -454     6217

 COOLING
  YESTERDAY        0                  0      0        0
  MONTH TO DATE    6                  0      6        0
  SINCE MAR 1      6                  0      6        0
  SINCE JAN 1      6                  0      6        0
...........................................................


WIND (MPH)
  HIGHEST GUST SPEED    41   HIGHEST GUST DIRECTION    NW (330)



WEATHER CONDITIONS
 THE FOLLOWING WEATHER WAS RECORDED YESTERDAY.
  LIGHT RAIN
  LIGHT SNOW


..........................................................


THE EAST RAPID CITY SD CLIMATE NORMALS FOR TODAY
                         NORMAL    RECORD    YEAR
 MAXIMUM TEMPERATURE (F)   50        80      1946
 MINIMUM TEMPERATURE (F)   28        -4      1931


SUNRISE AND SUNSET
MARCH 27 2015.........SUNRISE   644 AM MDT   SUNSET   714 PM MDT
MARCH 28 2015.........SUNRISE   642 AM MDT   SUNSET   715 PM MDT


-  INDICATES NEGATIVE NUMBERS.
R  INDICATES RECORD WAS SET OR TIED.
MM INDICATES DATA IS MISSING.
T  INDICATES TRACE AMOUNT.




$$
