000
CDUS43 KUNR 180837
CLIUNR


CLIMATE REPORT
NATIONAL WEATHER SERVICE RAPID CITY SD
236 AM MDT MON SEP 18 2017


...................................

...THE EAST RAPID CITY SD CLIMATE SUMMARY FOR SEPTEMBER 17 2017...

CLIMATE NORMAL PERIOD 1981 TO 2010
CLIMATE RECORD PERIOD 1888 TO 2017


WEATHER ITEM   OBSERVED RECORD YEAR NORMAL DEPARTURE LAST
                VALUE   VALUE       VALUE  FROM      YEAR
                                           NORMAL
...........................................................
TEMPERATURE (F)
 YESTERDAY
  MAXIMUM         71     94    2000  72     -1       82
  MINIMUM         35     30    1901  50    -15       55
  AVERAGE         53                 61     -8       69

PRECIPITATION (IN)
  YESTERDAY        0.00   1.10 1908   0.05  -0.05     0.00
  MONTH TO DATE    1.14               0.89   0.25     0.48
  SINCE SEP 1      1.14               0.89   0.25     0.48
  SINCE JAN 1     11.11              16.57  -5.46    11.78

SNOWFALL (IN)
  YESTERDAY        0.0    0.0  2002   0.0    0.0      0.0
                               2001
                               1965
  MONTH TO DATE    0.0                0.0    0.0      0.0
  SINCE SEP 1      0.0                0.0    0.0      0.0
  SINCE JUL 1      0.0                0.0    0.0      0.0
  SNOW DEPTH       0

DEGREE DAYS
 HEATING
  YESTERDAY       12                  6      6        0
  MONTH TO DATE   57                 64     -7       56
  SINCE SEP 1     57                 64     -7       56
  SINCE JUL 1     62                 94    -32       81

 COOLING
  YESTERDAY        0                  2     -2        4
  MONTH TO DATE  112                 55     57       34
  SINCE SEP 1    112                 55     57       34
  SINCE JAN 1    849                650    199      794
...........................................................


WIND (MPH)
  HIGHEST GUST SPEED    35   HIGHEST GUST DIRECTION    SE (150)



WEATHER CONDITIONS
 THE FOLLOWING WEATHER WAS RECORDED YESTERDAY.
  NO SIGNIFICANT WEATHER WAS OBSERVED.


..........................................................


THE EAST RAPID CITY SD CLIMATE NORMALS FOR TODAY
                         NORMAL    RECORD    YEAR
 MAXIMUM TEMPERATURE (F)   71        96      2004
 MINIMUM TEMPERATURE (F)   49        27      1901


SUNRISE AND SUNSET
SEPTEMBER 18 2017.....SUNRISE   636 AM MDT   SUNSET   657 PM MDT
SEPTEMBER 19 2017.....SUNRISE   637 AM MDT   SUNSET   655 PM MDT


-  INDICATES NEGATIVE NUMBERS.
R  INDICATES RECORD WAS SET OR TIED.
MM INDICATES DATA IS MISSING.
T  INDICATES TRACE AMOUNT.




$$
