000
CDUS43 KUNR 250833
CLIUNR


CLIMATE REPORT
NATIONAL WEATHER SERVICE RAPID CITY SD
133 AM MST TUE NOV 25 2014


...................................

...THE EAST RAPID CITY SD CLIMATE SUMMARY FOR NOVEMBER 24 2014...

CLIMATE NORMAL PERIOD 1981 TO 2010
CLIMATE RECORD PERIOD 1888 TO 2014


WEATHER ITEM   OBSERVED RECORD YEAR NORMAL DEPARTURE LAST
                VALUE   VALUE       VALUE  FROM      YEAR
                                           NORMAL
...........................................................
TEMPERATURE (F)
 YESTERDAY
  MAXIMUM         34     75    1932  41     -7       51
  MINIMUM         24     -5    1918  24      0       26
  AVERAGE         29                 33     -4       39

PRECIPITATION (IN)
  YESTERDAY        0.17R  0.08 1965   0.01   0.16     0.00
  MONTH TO DATE    0.62               0.55   0.07     0.32
  SINCE SEP 1      5.91               3.74   2.17     6.71
  SINCE JAN 1     23.31              19.42   3.89    22.46

SNOWFALL (IN)
  YESTERDAY        2.5 R  0.8  1931   0.1    2.4      0.0
  MONTH TO DATE   12.7                5.1    7.6      4.3
  SINCE SEP 1     14.3                7.5    6.8     29.8
  SINCE JUL 1     14.3                7.5    6.8     29.8
  SNOW DEPTH       2

DEGREE DAYS
 HEATING
  YESTERDAY       36                 32      4       26
  MONTH TO DATE  834                649    185      673
  SINCE SEP 1   1388               1348     40     1398
  SINCE JUL 1   1412               1378     34     1404

 COOLING
  YESTERDAY        0                  0      0        0
  MONTH TO DATE    0                  0      0        0
  SINCE SEP 1     78                 70      8      145
  SINCE JAN 1    514                665   -151      830
...........................................................


WIND (MPH)
  HIGHEST GUST SPEED    41   HIGHEST GUST DIRECTION    NW (320)



WEATHER CONDITIONS
 THE FOLLOWING WEATHER WAS RECORDED YESTERDAY.
  HEAVY SNOW
  SNOW
  LIGHT SNOW


..........................................................


THE EAST RAPID CITY SD CLIMATE NORMALS FOR TODAY
                         NORMAL    RECORD    YEAR
 MAXIMUM TEMPERATURE (F)   41        75      1960
 MINIMUM TEMPERATURE (F)   24        -4      2010


SUNRISE AND SUNSET
NOVEMBER 25 2014......SUNRISE   701 AM MST   SUNSET   419 PM MST
NOVEMBER 26 2014......SUNRISE   702 AM MST   SUNSET   418 PM MST


-  INDICATES NEGATIVE NUMBERS.
R  INDICATES RECORD WAS SET OR TIED.
MM INDICATES DATA IS MISSING.
T  INDICATES TRACE AMOUNT.




$$
