883
CDUS43 KUNR 240837
CLIUNR


CLIMATE REPORT
NATIONAL WEATHER SERVICE RAPID CITY SD
236 AM MDT MON APR 24 2017


...................................

...THE EAST RAPID CITY SD CLIMATE SUMMARY FOR APRIL 23 2017...

CLIMATE NORMAL PERIOD 1981 TO 2010
CLIMATE RECORD PERIOD 1888 TO 2017


WEATHER ITEM   OBSERVED RECORD YEAR NORMAL DEPARTURE LAST
                VALUE   VALUE       VALUE  FROM      YEAR
                                           NORMAL
...........................................................
TEMPERATURE (F)
 YESTERDAY
  MAXIMUM         65     85    1906  58      7       81
  MINIMUM         42     16    1902  37      5       52
  AVERAGE         54                 48      6       67

PRECIPITATION (IN)
  YESTERDAY        0.01   1.63 1932   0.08  -0.07     0.00
  MONTH TO DATE    1.24               1.46  -0.22     0.42
  SINCE MAR 1      2.04               2.45  -0.41     1.47
  SINCE JAN 1      2.83               3.22  -0.39     2.28

SNOWFALL (IN)
  YESTERDAY        0.0   12.0  1958   0.2   -0.2      0.0
  MONTH TO DATE    1.4                7.4   -6.0      1.2
  SINCE MAR 1      2.7               19.2  -16.5      9.1
  SINCE JUL 1     35.9               45.9  -10.0     39.0
  SNOW DEPTH       0

DEGREE DAYS
 HEATING
  YESTERDAY       11                 17     -6        0
  MONTH TO DATE  366                492   -126      339
  SINCE MAR 1   1135               1400   -265     1024
  SINCE JUL 1   5731               6354   -623     5273

 COOLING
  YESTERDAY        0                  0      0        2
  MONTH TO DATE    0                  0      0        2
  SINCE MAR 1      0                  0      0        2
  SINCE JAN 1      0                  0      0        2
...........................................................


WIND (MPH)
  HIGHEST GUST SPEED    25   HIGHEST GUST DIRECTION    NW (300)



WEATHER CONDITIONS
 THE FOLLOWING WEATHER WAS RECORDED YESTERDAY.
  LIGHT RAIN


..........................................................


THE EAST RAPID CITY SD CLIMATE NORMALS FOR TODAY
                         NORMAL    RECORD    YEAR
 MAXIMUM TEMPERATURE (F)   59        88      1962
 MINIMUM TEMPERATURE (F)   37        23      1907


SUNRISE AND SUNSET
APRIL 24 2017.........SUNRISE   554 AM MDT   SUNSET   748 PM MDT
APRIL 25 2017.........SUNRISE   553 AM MDT   SUNSET   749 PM MDT


-  INDICATES NEGATIVE NUMBERS.
R  INDICATES RECORD WAS SET OR TIED.
MM INDICATES DATA IS MISSING.
T  INDICATES TRACE AMOUNT.




$$
