000
CDUS43 KUNR 270833
CLIUNR


CLIMATE REPORT
NATIONAL WEATHER SERVICE RAPID CITY SD
232 AM MDT WED APR 27 2016


...................................

...THE EAST RAPID CITY SD CLIMATE SUMMARY FOR APRIL 26 2016...

CLIMATE NORMAL PERIOD 1981 TO 2010
CLIMATE RECORD PERIOD 1888 TO 2016


WEATHER ITEM   OBSERVED RECORD YEAR NORMAL DEPARTURE LAST
                VALUE   VALUE       VALUE  FROM      YEAR
                                           NORMAL
...........................................................
TEMPERATURE (F)
 YESTERDAY
  MAXIMUM         38     88    1952  60    -22       50
  MINIMUM         31     21    1950  38     -7       42
  AVERAGE         35                 49    -14       46

PRECIPITATION (IN)
  YESTERDAY        0.54   0.71 1971   0.09   0.45     0.11
  MONTH TO DATE    0.96               1.71  -0.75     0.83
  SINCE MAR 1      2.01               2.70  -0.69     0.93
  SINCE JAN 1      2.82               3.47  -0.65     1.48

SNOWFALL (IN)
  YESTERDAY        1.8    5.4  2009   0.2    1.6      0.0
  MONTH TO DATE    3.0                8.0   -5.0       T
  SINCE MAR 1     10.9               19.8   -8.9      1.4
  SINCE JUL 1     40.8               46.5   -5.7     37.1
  SNOW DEPTH       T

DEGREE DAYS
 HEATING
  YESTERDAY       30                 16     14       19
  MONTH TO DATE  402                542   -140      460
  SINCE MAR 1   1087               1450   -363     1085
  SINCE JUL 1   5336               6404  -1068     5781

 COOLING
  YESTERDAY        0                  0      0        0
  MONTH TO DATE    2                  0      2        0
  SINCE MAR 1      2                  0      2        6
  SINCE JAN 1      2                  0      2        6
...........................................................


WIND (MPH)
  HIGHEST GUST SPEED    21   HIGHEST GUST DIRECTION    NW (330)



WEATHER CONDITIONS
 THE FOLLOWING WEATHER WAS RECORDED YESTERDAY.
  LIGHT RAIN
  LIGHT SNOW
  FOG


..........................................................


THE EAST RAPID CITY SD CLIMATE NORMALS FOR TODAY
                         NORMAL    RECORD    YEAR
 MAXIMUM TEMPERATURE (F)   60        89      1910
 MINIMUM TEMPERATURE (F)   38        18      1956


SUNRISE AND SUNSET
APRIL 27 2016.........SUNRISE   549 AM MDT   SUNSET   752 PM MDT
APRIL 28 2016.........SUNRISE   548 AM MDT   SUNSET   753 PM MDT


-  INDICATES NEGATIVE NUMBERS.
R  INDICATES RECORD WAS SET OR TIED.
MM INDICATES DATA IS MISSING.
T  INDICATES TRACE AMOUNT.




$$
