000
CDUS43 KUNR 310836
CLIUNR


CLIMATE REPORT
NATIONAL WEATHER SERVICE RAPID CITY SD
235 AM MDT SUN AUG 31 2014


...................................

...THE EAST RAPID CITY SD CLIMATE SUMMARY FOR AUGUST 30 2014...

CLIMATE NORMAL PERIOD 1981 TO 2010
CLIMATE RECORD PERIOD 1888 TO 2014


WEATHER ITEM   OBSERVED RECORD YEAR NORMAL DEPARTURE LAST
                VALUE   VALUE       VALUE  FROM      YEAR
                                           NORMAL
...........................................................
TEMPERATURE (F)
 YESTERDAY
  MAXIMUM         86    101    1948  80      6       92
  MINIMUM         55     41    1935  57     -2       67
  AVERAGE         71                 68      3       80

PRECIPITATION (IN)
  YESTERDAY        0.09   1.16 2013   0.05   0.04     1.16
  MONTH TO DATE    3.60               1.92   1.68     3.04
  SINCE JUN 1     11.07               7.58   3.49     7.03
  SINCE JAN 1     16.25              15.63   0.62    15.75

SNOWFALL (IN)
  YESTERDAY        0.0                0.0    0.0      0.0
  MONTH TO DATE    0.0                0.0    0.0      0.0
  SINCE JUN 1      0.0                0.0    0.0      0.0
  SINCE JUL 1      0.0                0.0    0.0      0.0
  SNOW DEPTH       0

DEGREE DAYS
 HEATING
  YESTERDAY        0                  2     -2        0
  MONTH TO DATE   10                 11     -1        0
  SINCE JUN 1    129                111     18       64
  SINCE JUL 1     21                 23     -2        6

 COOLING
  YESTERDAY        6                  5      1       15
  MONTH TO DATE  171                221    -50      279
  SINCE JUN 1    408                572   -164      652
  SINCE JAN 1    436                590   -154      676
...........................................................


WIND (MPH)
  HIGHEST GUST SPEED    39   HIGHEST GUST DIRECTION    SW (240)



WEATHER CONDITIONS
 THE FOLLOWING WEATHER WAS RECORDED YESTERDAY.
  THUNDERSTORM
  RAIN
  LIGHT RAIN


..........................................................


THE EAST RAPID CITY SD CLIMATE NORMALS FOR TODAY
                         NORMAL    RECORD    YEAR
 MAXIMUM TEMPERATURE (F)   80       103      1954
 MINIMUM TEMPERATURE (F)   56        43      1965


SUNRISE AND SUNSET
AUGUST 31 2014........SUNRISE   615 AM MDT   SUNSET   730 PM MDT
SEPTEMBER  1 2014.....SUNRISE   616 AM MDT   SUNSET   729 PM MDT


-  INDICATES NEGATIVE NUMBERS.
R  INDICATES RECORD WAS SET OR TIED.
MM INDICATES DATA IS MISSING.
T  INDICATES TRACE AMOUNT.




$$
