000
CDUS43 KUNR 191834
CLIUNR


CLIMATE REPORT
NATIONAL WEATHER SERVICE RAPID CITY SD
1234 PM MDT FRI SEP 19 2014


...................................

...THE EAST RAPID CITY SD CLIMATE SUMMARY FOR SEPTEMBER 19 2014...
VALID AS OF 1100 AM LOCAL TIME.

CLIMATE NORMAL PERIOD 1981 TO 2010
CLIMATE RECORD PERIOD 1888 TO 2014


WEATHER ITEM   OBSERVED RECORD YEAR NORMAL DEPARTURE LAST
                VALUE   VALUE       VALUE  FROM      YEAR
                                           NORMAL
...........................................................
TEMPERATURE (F)
 TODAY
  MAXIMUM         80     98    1914  71      9       62
  MINIMUM         67     30    1896  49     18       46
  AVERAGE         74                 60     14       54

PRECIPITATION (IN)
  TODAY            0.00   0.72 1946   0.05  -0.05     0.00
  MONTH TO DATE    0.99               0.99   0.00     0.58
  SINCE SEP 1      0.99               0.99   0.00     0.58
  SINCE JAN 1     18.39              16.67   1.72    16.33

SNOWFALL (IN)
  TODAY            0.0                0.0    0.0      0.0
  MONTH TO DATE    1.6                0.0    1.6      0.0
  SINCE SEP 1      1.6                0.0    1.6      0.0
  SINCE JUL 1      1.6                0.0    1.6      0.0
  SNOW DEPTH       0

DEGREE DAYS
 HEATING
  TODAY            0                  7     -7       11
  MONTH TO DATE  148                 77     71       24
  SINCE SEP 1    148                 77     71       24
  SINCE JUL 1    172                107     65       30

 COOLING
  TODAY            9                  1      8        0
  MONTH TO DATE   44                 58    -14      130
  SINCE SEP 1     44                 58    -14      130
  SINCE JAN 1    480                653   -173      815
...........................................................





WEATHER CONDITIONS
 THE FOLLOWING WEATHER WAS RECORDED TODAY.
  NO SIGNIFICANT WEATHER WAS OBSERVED.


..........................................................


THE EAST RAPID CITY SD CLIMATE NORMALS FOR TOMORROW
                         NORMAL    RECORD    YEAR
 MAXIMUM TEMPERATURE (F)   70        99      1898
 MINIMUM TEMPERATURE (F)   48        29      1927


SUNRISE AND SUNSET
SEPTEMBER 19 2014.....SUNRISE   637 AM MDT   SUNSET   656 PM MDT
SEPTEMBER 20 2014.....SUNRISE   638 AM MDT   SUNSET   654 PM MDT


-  INDICATES NEGATIVE NUMBERS.
R  INDICATES RECORD WAS SET OR TIED.
MM INDICATES DATA IS MISSING.
T  INDICATES TRACE AMOUNT.




$$
