000
CDUS43 KUNR 170036
CLIUNR


CLIMATE REPORT
NATIONAL WEATHER SERVICE RAPID CITY SD
536 PM MST TUE DEC 16 2014


...................................

...THE EAST RAPID CITY SD CLIMATE SUMMARY FOR DECEMBER 16 2014...
VALID TODAY AS OF 0500 PM LOCAL TIME.

CLIMATE NORMAL PERIOD 1981 TO 2010
CLIMATE RECORD PERIOD 1888 TO 2014


WEATHER ITEM   OBSERVED RECORD YEAR NORMAL DEPARTURE LAST
                VALUE   VALUE       VALUE  FROM      YEAR
                                           NORMAL
...........................................................
TEMPERATURE (F)
 TODAY
  MAXIMUM         26     65    1962  36    -10       49
  MINIMUM         19    -17    1964  18      1       25
  AVERAGE         23                 27     -4       37

PRECIPITATION (IN)
  TODAY            0.00   0.21 1892   0.01  -0.01     0.00
  MONTH TO DATE    0.01               0.15  -0.14     0.16
  SINCE DEC 1      0.01               0.15  -0.14     0.16
  SINCE JAN 1     23.36              19.62   3.74    22.62

SNOWFALL (IN)
  TODAY            0.0    2.5  1908   0.2   -0.2      0.0
  MONTH TO DATE    0.3                2.7   -2.4      2.7
  SINCE DEC 1      0.3                2.7   -2.4      2.7
  SINCE JUL 1     15.6               11.3    4.3     32.5
  SNOW DEPTH       0

DEGREE DAYS
 HEATING
  TODAY           42                 38      4       28
  MONTH TO DATE  447                591   -144      743
  SINCE DEC 1    447                591   -144      743
  SINCE JUL 1   2061               2171   -110     2332

 COOLING
  TODAY            0                  0      0        0
  MONTH TO DATE    0                  0      0        0
  SINCE DEC 1      0                  0      0        0
  SINCE JAN 1    514                665   -151      830
...........................................................





WEATHER CONDITIONS
 THE FOLLOWING WEATHER WAS RECORDED TODAY.
  NO SIGNIFICANT WEATHER WAS OBSERVED.


..........................................................


THE EAST RAPID CITY SD CLIMATE NORMALS FOR TOMORROW
                         NORMAL    RECORD    YEAR
 MAXIMUM TEMPERATURE (F)   36        66      1998
 MINIMUM TEMPERATURE (F)   17       -20      1964


SUNRISE AND SUNSET
DECEMBER 16 2014......SUNRISE   722 AM MST   SUNSET   415 PM MST
DECEMBER 17 2014......SUNRISE   722 AM MST   SUNSET   416 PM MST


-  INDICATES NEGATIVE NUMBERS.
R  INDICATES RECORD WAS SET OR TIED.
MM INDICATES DATA IS MISSING.
T  INDICATES TRACE AMOUNT.




$$
