000
CDUS43 KUNR 190835
CLIUNR


CLIMATE REPORT
NATIONAL WEATHER SERVICE RAPID CITY SD
134 AM MST MON FEB 19 2018


...................................

...THE EAST RAPID CITY SD CLIMATE SUMMARY FOR FEBRUARY 18 2018...

CLIMATE NORMAL PERIOD 1981 TO 2010
CLIMATE RECORD PERIOD 1888 TO 2018


WEATHER ITEM   OBSERVED RECORD YEAR NORMAL DEPARTURE LAST
                VALUE   VALUE       VALUE  FROM      YEAR
                                           NORMAL
...........................................................
TEMPERATURE (F)
 YESTERDAY
  MAXIMUM         33     74    1930  39     -6       66
  MINIMUM          3    -24    1936  18    -15       37
  AVERAGE         18                 29    -11       52

PRECIPITATION (IN)
  YESTERDAY        0.17   0.35 1970   0.01   0.16     0.00
  MONTH TO DATE    0.64               0.29   0.35     0.18
  SINCE DEC 1      1.20               0.90   0.30     1.35
  SINCE JAN 1      0.90               0.58   0.32     0.53

SNOWFALL (IN)
  YESTERDAY        5.7 R  3.0  1971   0.3    5.4      0.0
  MONTH TO DATE   14.6                4.6   10.0      4.8
  SINCE DEC 1     25.7               15.3   10.4     25.0
  SINCE JUL 1     26.8               23.9    2.9     28.7
  SNOW DEPTH       T

DEGREE DAYS
 HEATING
  YESTERDAY       47                 36     11       13
  MONTH TO DATE  877                676    201      576
  SINCE DEC 1   3241               3024    217     3270
  SINCE JUL 1   4621               4604     17     4301

 COOLING
  YESTERDAY        0                  0      0        0
  MONTH TO DATE    0                  0      0        0
  SINCE DEC 1      0                  0      0        0
  SINCE JAN 1      0                  0      0        0
...........................................................


WIND (MPH)
  HIGHEST GUST SPEED    53   HIGHEST GUST DIRECTION     N (350)



WEATHER CONDITIONS
 THE FOLLOWING WEATHER WAS RECORDED YESTERDAY.
  LIGHT SNOW


..........................................................


THE EAST RAPID CITY SD CLIMATE NORMALS FOR TODAY
                         NORMAL    RECORD    YEAR
 MAXIMUM TEMPERATURE (F)   39        68      2017
                                             1965
 MINIMUM TEMPERATURE (F)   19       -17      1929


SUNRISE AND SUNSET
FEBRUARY 19 2018......SUNRISE   646 AM MST   SUNSET   528 PM MST
FEBRUARY 20 2018......SUNRISE   644 AM MST   SUNSET   529 PM MST


-  INDICATES NEGATIVE NUMBERS.
R  INDICATES RECORD WAS SET OR TIED.
MM INDICATES DATA IS MISSING.
T  INDICATES TRACE AMOUNT.




$$
