000
CDUS43 KUNR 260837
CLIUNR


CLIMATE REPORT
NATIONAL WEATHER SERVICE RAPID CITY SD
233 AM MDT SUN MAR 26 2017


...................................

...THE EAST RAPID CITY SD CLIMATE SUMMARY FOR MARCH 25 2017...

CLIMATE NORMAL PERIOD 1981 TO 2010
CLIMATE RECORD PERIOD 1888 TO 2017


WEATHER ITEM   OBSERVED RECORD YEAR NORMAL DEPARTURE LAST
                VALUE   VALUE       VALUE  FROM      YEAR
                                           NORMAL
...........................................................
TEMPERATURE (F)
 YESTERDAY
  MAXIMUM         63     75    2007  49     14       45
  MINIMUM         34     -6    1955  27      7       23
  AVERAGE         49                 38     11       34

PRECIPITATION (IN)
  YESTERDAY        0.00   1.72 1945   0.04  -0.04     0.20
  MONTH TO DATE    0.45               0.73  -0.28     0.69
  SINCE MAR 1      0.45               0.73  -0.28     0.69
  SINCE JAN 1      1.24               1.50  -0.26     1.50

SNOWFALL (IN)
  YESTERDAY        0.0    2.8  2016   0.4   -0.4      2.8
                               1924
  MONTH TO DATE    1.3                9.4   -8.1      6.7
  SINCE MAR 1      1.3                9.4   -8.1      6.7
  SINCE JUL 1     34.5               36.1   -1.6     36.6
  SNOW DEPTH       0

DEGREE DAYS
 HEATING
  YESTERDAY       16                 27    -11       31
  MONTH TO DATE  628                753   -125      536
  SINCE MAR 1    628                753   -125      536
  SINCE JUL 1   5224               5707   -483     4785

 COOLING
  YESTERDAY        0                  0      0        0
  MONTH TO DATE    0                  0      0        0
  SINCE MAR 1      0                  0      0        0
  SINCE JAN 1      0                  0      0        0
...........................................................


WIND (MPH)
  HIGHEST GUST SPEED    23   HIGHEST GUST DIRECTION     N (340)



WEATHER CONDITIONS
 THE FOLLOWING WEATHER WAS RECORDED YESTERDAY.
  NO SIGNIFICANT WEATHER WAS OBSERVED.


..........................................................


THE EAST RAPID CITY SD CLIMATE NORMALS FOR TODAY
                         NORMAL    RECORD    YEAR
 MAXIMUM TEMPERATURE (F)   49        79      1956
 MINIMUM TEMPERATURE (F)   28        -5      1965


SUNRISE AND SUNSET
MARCH 26 2017.........SUNRISE   645 AM MDT   SUNSET   713 PM MDT
MARCH 27 2017.........SUNRISE   643 AM MDT   SUNSET   714 PM MDT


-  INDICATES NEGATIVE NUMBERS.
R  INDICATES RECORD WAS SET OR TIED.
MM INDICATES DATA IS MISSING.
T  INDICATES TRACE AMOUNT.




$$
