000
CDUS43 KUNR 211831
CLIUNR


CLIMATE REPORT
NATIONAL WEATHER SERVICE RAPID CITY SD
1230 PM MDT SUN MAY 21 2017


...................................

...THE EAST RAPID CITY SD CLIMATE SUMMARY FOR MAY 21 2017...
VALID AS OF 1100 AM LOCAL TIME.

CLIMATE NORMAL PERIOD 1981 TO 2010
CLIMATE RECORD PERIOD 1888 TO 2017


WEATHER ITEM   OBSERVED RECORD YEAR NORMAL DEPARTURE LAST
                VALUE   VALUE       VALUE  FROM      YEAR
                                           NORMAL
...........................................................
TEMPERATURE (F)
 TODAY
  MAXIMUM         62     92    1966  68     -6       66
  MINIMUM         43     27    1931  47     -4       53
  AVERAGE         53                 57     -4       60

PRECIPITATION (IN)
  TODAY            0.00   1.64 1962   0.15  -0.15      T
  MONTH TO DATE    1.17               2.68  -1.51     0.61
  SINCE MAR 1      3.60               5.77  -2.17     2.84
  SINCE JAN 1      4.39               6.54  -2.15     3.65

SNOWFALL (IN)
  TODAY            0.0    0.0  2002   0.1   -0.1      0.0
                               2001
                               2000
  MONTH TO DATE    0.0                1.9   -1.9       T
  SINCE MAR 1      6.0               22.5  -16.5     11.7
  SINCE JUL 1     39.2               49.2  -10.0     41.6
  SNOW DEPTH       0

DEGREE DAYS
 HEATING
  TODAY           12                  8      4        5
  MONTH TO DATE  202                237    -35      225
  SINCE MAR 1   1515               1749   -234     1422
  SINCE JUL 1   6111               6703   -592     5671

 COOLING
  TODAY            0                  1     -1        0
  MONTH TO DATE   13                  5      8        2
  SINCE MAR 1     13                  6      7        4
  SINCE JAN 1     13                  6      7        4
...........................................................





WEATHER CONDITIONS
 THE FOLLOWING WEATHER WAS RECORDED TODAY.
  NO SIGNIFICANT WEATHER WAS OBSERVED.


..........................................................


THE EAST RAPID CITY SD CLIMATE NORMALS FOR TOMORROW
                         NORMAL    RECORD    YEAR
 MAXIMUM TEMPERATURE (F)   68        89      2006
 MINIMUM TEMPERATURE (F)   47        30      1963


SUNRISE AND SUNSET
MAY 21 2017...........SUNRISE   520 AM MDT   SUNSET   819 PM MDT
MAY 22 2017...........SUNRISE   519 AM MDT   SUNSET   820 PM MDT


-  INDICATES NEGATIVE NUMBERS.
R  INDICATES RECORD WAS SET OR TIED.
MM INDICATES DATA IS MISSING.
T  INDICATES TRACE AMOUNT.




$$
