000
CDUS43 KUNR 270833
CLIUNR


CLIMATE REPORT
NATIONAL WEATHER SERVICE RAPID CITY SD
232 AM MDT WED JUL 27 2016


...................................

...THE EAST RAPID CITY SD CLIMATE SUMMARY FOR JULY 26 2016...

CLIMATE NORMAL PERIOD 1981 TO 2010
CLIMATE RECORD PERIOD 1888 TO 2016


WEATHER ITEM   OBSERVED RECORD YEAR NORMAL DEPARTURE LAST
                VALUE   VALUE       VALUE  FROM      YEAR
                                           NORMAL
...........................................................
TEMPERATURE (F)
 YESTERDAY
  MAXIMUM         88    104    1935  86      2       91
  MINIMUM         65     49    1971  63      2       64
  AVERAGE         77                 74      3       78

PRECIPITATION (IN)
  YESTERDAY        0.02   1.89 1905   0.09  -0.07     0.00
  MONTH TO DATE    2.38               2.01   0.37     2.38
  SINCE JUN 1      2.96               5.17  -2.21     9.25
  SINCE JAN 1      7.50              13.22  -5.72    18.61

SNOWFALL (IN)
  YESTERDAY        0.0    0.0  2002   0.0    0.0      0.0
                               2001
                               2000
  MONTH TO DATE    0.0                0.0    0.0      0.0
  SINCE JUN 1      0.0                0.0    0.0      0.0
  SINCE JUL 1      0.0                0.0    0.0      0.0
  SNOW DEPTH       0

DEGREE DAYS
 HEATING
  YESTERDAY        0                  0      0        0
  MONTH TO DATE    1                  6     -5        1
  SINCE JUN 1      6                 94    -88       34
  SINCE JUL 1      1                  6     -5        1

 COOLING
  YESTERDAY       12                  9      3       13
  MONTH TO DATE  254                212     42      186
  SINCE JUN 1    499                303    196      293
  SINCE JAN 1    505                321    184      301
...........................................................


WIND (MPH)
  HIGHEST GUST SPEED    43   HIGHEST GUST DIRECTION     N (340)



WEATHER CONDITIONS
 THE FOLLOWING WEATHER WAS RECORDED YESTERDAY.
  THUNDERSTORM
  LIGHT RAIN


..........................................................


THE EAST RAPID CITY SD CLIMATE NORMALS FOR TODAY
                         NORMAL    RECORD    YEAR
 MAXIMUM TEMPERATURE (F)   86       101      1931
 MINIMUM TEMPERATURE (F)   63        50      1971


SUNRISE AND SUNSET
JULY 27 2016..........SUNRISE   536 AM MDT   SUNSET   822 PM MDT
JULY 28 2016..........SUNRISE   537 AM MDT   SUNSET   821 PM MDT


-  INDICATES NEGATIVE NUMBERS.
R  INDICATES RECORD WAS SET OR TIED.
MM INDICATES DATA IS MISSING.
T  INDICATES TRACE AMOUNT.




$$
