000
CDUS43 KUNR 030842
CLIUNR


CLIMATE REPORT
NATIONAL WEATHER SERVICE RAPID CITY SD
138 AM MST TUE MAR 3 2015


...................................

...THE EAST RAPID CITY SD CLIMATE SUMMARY FOR MARCH 2 2015...

CLIMATE NORMAL PERIOD 1981 TO 2010
CLIMATE RECORD PERIOD 1888 TO 2015


WEATHER ITEM   OBSERVED RECORD YEAR NORMAL DEPARTURE LAST
                VALUE   VALUE       VALUE  FROM      YEAR
                                           NORMAL
...........................................................
TEMPERATURE (F)
 YESTERDAY
  MAXIMUM         47     71    1905  42      5        1
  MINIMUM         16    -16    2014  21     -5      -16
                               1888
  AVERAGE         32                 32      0       -7

PRECIPITATION (IN)
  YESTERDAY        T      0.44 1951   0.02  -0.02     0.00
  MONTH TO DATE    T                  0.04  -0.04     0.13
  SINCE MAR 1      T                  0.04  -0.04     0.13
  SINCE JAN 1      0.55               0.81  -0.26     0.64

SNOWFALL (IN)
  YESTERDAY        T      5.0  1951   0.3   -0.3      0.0
  MONTH TO DATE    T                  0.6   -0.6      3.0
  SINCE MAR 1      T                  0.6   -0.6      3.0
  SINCE JUL 1     35.7               27.3    8.4     53.1
  SNOW DEPTH       1

DEGREE DAYS
 HEATING
  YESTERDAY       33                 33      0       72
  MONTH TO DATE   79                 67     12      145
  SINCE MAR 1     79                 67     12      145
  SINCE JUL 1   4775               5021   -246     5493

 COOLING
  YESTERDAY        0                  0      0        0
  MONTH TO DATE    0                  0      0        0
  SINCE MAR 1      0                  0      0        0
  SINCE JAN 1      0                  0      0        0
...........................................................


WIND (MPH)
  HIGHEST GUST SPEED    40   HIGHEST GUST DIRECTION     N (340)



WEATHER CONDITIONS
 THE FOLLOWING WEATHER WAS RECORDED YESTERDAY.
  LIGHT SNOW


..........................................................


THE EAST RAPID CITY SD CLIMATE NORMALS FOR TODAY
                         NORMAL    RECORD    YEAR
 MAXIMUM TEMPERATURE (F)   43        78      1921
 MINIMUM TEMPERATURE (F)   22       -17      1891


SUNRISE AND SUNSET
MARCH  3 2015.........SUNRISE   627 AM MST   SUNSET   544 PM MST
MARCH  4 2015.........SUNRISE   625 AM MST   SUNSET   545 PM MST


-  INDICATES NEGATIVE NUMBERS.
R  INDICATES RECORD WAS SET OR TIED.
MM INDICATES DATA IS MISSING.
T  INDICATES TRACE AMOUNT.




$$
