602
CDUS43 KUNR 190831
CLIUNR


CLIMATE REPORT
NATIONAL WEATHER SERVICE RAPID CITY SD
230 AM MDT THU OCT 19 2017


...................................

...THE EAST RAPID CITY SD CLIMATE SUMMARY FOR OCTOBER 18 2017...

CLIMATE NORMAL PERIOD 1981 TO 2010
CLIMATE RECORD PERIOD 1888 TO 2017


WEATHER ITEM   OBSERVED RECORD YEAR NORMAL DEPARTURE LAST
                VALUE   VALUE       VALUE  FROM      YEAR
                                           NORMAL
...........................................................
TEMPERATURE (F)
 YESTERDAY
  MAXIMUM         72     85    2015  58     14       61
                               2000
  MINIMUM         47     16    1925  37     10       35
  AVERAGE         60                 48     12       48

PRECIPITATION (IN)
  YESTERDAY        0.00   0.79 1971   0.07  -0.07      T
  MONTH TO DATE    0.74               1.00  -0.26     0.34
  SINCE SEP 1      2.36               2.54  -0.18     1.21
  SINCE JAN 1     12.33              18.22  -5.89    12.51

SNOWFALL (IN)
  YESTERDAY        0.0    1.7  1905   0.1   -0.1      0.0
  MONTH TO DATE    0.0                0.7   -0.7       T
  SINCE SEP 1      0.0                0.8   -0.8       T
  SINCE JUL 1      0.0                0.8   -0.8       T
  SNOW DEPTH       0

DEGREE DAYS
 HEATING
  YESTERDAY        5                 18    -13       17
  MONTH TO DATE  247                264    -17      213
  SINCE SEP 1    429                443    -14      312
  SINCE JUL 1    434                473    -39      337

 COOLING
  YESTERDAY        0                  0      0        0
  MONTH TO DATE    0                  0      0        2
  SINCE SEP 1    113                 66     47       49
  SINCE JAN 1    850                661    189      809
...........................................................


WIND (MPH)
  HIGHEST GUST SPEED    37   HIGHEST GUST DIRECTION     N (360)



WEATHER CONDITIONS
 THE FOLLOWING WEATHER WAS RECORDED YESTERDAY.
  NO SIGNIFICANT WEATHER WAS OBSERVED.


..........................................................


THE EAST RAPID CITY SD CLIMATE NORMALS FOR TODAY
                         NORMAL    RECORD    YEAR
 MAXIMUM TEMPERATURE (F)   58        86      1947
 MINIMUM TEMPERATURE (F)   36        15      1925


SUNRISE AND SUNSET
OCTOBER 19 2017.......SUNRISE   713 AM MDT   SUNSET   602 PM MDT
OCTOBER 20 2017.......SUNRISE   714 AM MDT   SUNSET   600 PM MDT


-  INDICATES NEGATIVE NUMBERS.
R  INDICATES RECORD WAS SET OR TIED.
MM INDICATES DATA IS MISSING.
T  INDICATES TRACE AMOUNT.




$$
