000
CDUS43 KUNR 020850
CLIUNR


CLIMATE REPORT
NATIONAL WEATHER SERVICE RAPID CITY SD
249 AM MDT THU JUL 2 2015


...................................

...THE EAST RAPID CITY SD CLIMATE SUMMARY FOR JULY 1 2015...

CLIMATE NORMAL PERIOD 1981 TO 2010
CLIMATE RECORD PERIOD 1888 TO 2015


WEATHER ITEM   OBSERVED RECORD YEAR NORMAL DEPARTURE LAST
                VALUE   VALUE       VALUE  FROM      YEAR
                                           NORMAL
...........................................................
TEMPERATURE (F)
 YESTERDAY
  MAXIMUM         82     98    2007  81      1       67
                               1919
  MINIMUM         64     40    1959  59      5       57
  AVERAGE         73                 70      3       62

PRECIPITATION (IN)
  YESTERDAY        0.37   2.00 1966   0.07   0.30      T
  MONTH TO DATE    0.37               0.07   0.30      T
  SINCE JUN 1      7.24               3.23   4.01     6.05
  SINCE JAN 1     16.60              11.28   5.32    11.23

SNOWFALL (IN)
  YESTERDAY        0.0    0.0  2002   0.0    0.0      0.0
                               2001
                               2000
  MONTH TO DATE    0.0                0.0    0.0      0.0
  SINCE JUN 1      0.0                0.0    0.0      0.0
  SINCE JUL 1      0.0                0.0    0.0      0.0
  SNOW DEPTH       0

DEGREE DAYS
 HEATING
  YESTERDAY        0                  1     -1        3
  MONTH TO DATE    0                  1     -1        3
  SINCE JUN 1     33                 89    -56      111
  SINCE JUL 1      0                  1     -1        3

 COOLING
  YESTERDAY        8                  6      2        0
  MONTH TO DATE    8                  6      2        0
  SINCE JUN 1    115                 97     18       28
  SINCE JAN 1    123                115      8       56
...........................................................


WIND (MPH)
  HIGHEST GUST SPEED    37   HIGHEST GUST DIRECTION     N (360)



WEATHER CONDITIONS
 THE FOLLOWING WEATHER WAS RECORDED YESTERDAY.
  THUNDERSTORM
  LIGHT RAIN
  HAZE


..........................................................


THE EAST RAPID CITY SD CLIMATE NORMALS FOR TODAY
                         NORMAL    RECORD    YEAR
 MAXIMUM TEMPERATURE (F)   82       102      1949
 MINIMUM TEMPERATURE (F)   60        44      1915


SUNRISE AND SUNSET
JULY  2 2015..........SUNRISE   514 AM MDT   SUNSET   839 PM MDT
JULY  3 2015..........SUNRISE   515 AM MDT   SUNSET   839 PM MDT


-  INDICATES NEGATIVE NUMBERS.
R  INDICATES RECORD WAS SET OR TIED.
MM INDICATES DATA IS MISSING.
T  INDICATES TRACE AMOUNT.




$$
