000
CDUS43 KUNR 100037
CLIUNR


CLIMATE REPORT
NATIONAL WEATHER SERVICE RAPID CITY SD
636 PM MDT WED JUL 9 2014


...................................

...THE EAST RAPID CITY SD CLIMATE SUMMARY FOR JULY 9 2014...
VALID TODAY AS OF 0500 PM LOCAL TIME.

CLIMATE NORMAL PERIOD 1981 TO 2010
CLIMATE RECORD PERIOD 1888 TO 2014


WEATHER ITEM   OBSERVED RECORD YEAR NORMAL DEPARTURE LAST
                VALUE   VALUE       VALUE  FROM      YEAR
                                           NORMAL
...........................................................
TEMPERATURE (F)
 TODAY
  MAXIMUM         78    107    1954  84     -6       83
  MINIMUM         59     45    1929  61     -2       59
  AVERAGE         69                 72     -3       71

PRECIPITATION (IN)
  TODAY            0.00   0.75 1918   0.07  -0.07      T
  MONTH TO DATE    0.14               0.64  -0.50     0.72
  SINCE JUN 1      6.19               3.80   2.39     2.39
  SINCE JAN 1     11.37              11.85  -0.48    11.11

SNOWFALL (IN)
  TODAY            0.0                0.0    0.0      0.0
  MONTH TO DATE    0.0                0.0    0.0      0.0
  SINCE JUN 1      0.0                0.0    0.0      0.0
  SINCE JUL 1      0.0                0.0    0.0      0.0
  SNOW DEPTH       0

DEGREE DAYS
 HEATING
  TODAY            0                  0      0        0
  MONTH TO DATE    4                  6     -2        0
  SINCE JUN 1    112                 94     18       58
  SINCE JUL 1      4                  6     -2        0

 COOLING
  TODAY            4                  8     -4        6
  MONTH TO DATE   54                 63     -9       79
  SINCE JUN 1     82                154    -72      174
  SINCE JAN 1    110                172    -62      198
...........................................................





WEATHER CONDITIONS
 THE FOLLOWING WEATHER WAS RECORDED TODAY.
  NO SIGNIFICANT WEATHER WAS OBSERVED.


..........................................................


THE EAST RAPID CITY SD CLIMATE NORMALS FOR TOMORROW
                         NORMAL    RECORD    YEAR
 MAXIMUM TEMPERATURE (F)   84       105      1936
 MINIMUM TEMPERATURE (F)   61        47      1895


SUNRISE AND SUNSET
JULY  9 2014..........SUNRISE   519 AM MDT   SUNSET   837 PM MDT
JULY 10 2014..........SUNRISE   520 AM MDT   SUNSET   836 PM MDT


-  INDICATES NEGATIVE NUMBERS.
R  INDICATES RECORD WAS SET OR TIED.
MM INDICATES DATA IS MISSING.
T  INDICATES TRACE AMOUNT.




$$
