000
CDUS43 KUNR 230837
CLIUNR


CLIMATE REPORT
NATIONAL WEATHER SERVICE RAPID CITY SD
235 AM MDT SAT JUL 23 2016


...................................

...THE EAST RAPID CITY SD CLIMATE SUMMARY FOR JULY 22 2016...

CLIMATE NORMAL PERIOD 1981 TO 2010
CLIMATE RECORD PERIOD 1888 TO 2016


WEATHER ITEM   OBSERVED RECORD YEAR NORMAL DEPARTURE LAST
                VALUE   VALUE       VALUE  FROM      YEAR
                                           NORMAL
...........................................................
TEMPERATURE (F)
 YESTERDAY
  MAXIMUM         99    104    1940  85     14       86
  MINIMUM         73     50    1949  63     10       59
  AVERAGE         86                 74     12       73

PRECIPITATION (IN)
  YESTERDAY        0.00   2.77 1910   0.09  -0.09     0.00
  MONTH TO DATE    2.28               1.66   0.62     2.12
  SINCE JUN 1      2.86               4.82  -1.96     8.99
  SINCE JAN 1      7.40              12.87  -5.47    18.35

SNOWFALL (IN)
  YESTERDAY        0.0    0.0  2002   0.0    0.0      0.0
                               2001
                               2000
  MONTH TO DATE    0.0                0.0    0.0      0.0
  SINCE JUN 1      0.0                0.0    0.0      0.0
  SINCE JUL 1      0.0                0.0    0.0      0.0
  SNOW DEPTH       0

DEGREE DAYS
 HEATING
  YESTERDAY        0                  0      0        0
  MONTH TO DATE    1                  6     -5        1
  SINCE JUN 1      6                 94    -88       34
  SINCE JUL 1      1                  6     -5        1

 COOLING
  YESTERDAY       21                  9     12        8
  MONTH TO DATE  209                176     33      138
  SINCE JUN 1    454                267    187      245
  SINCE JAN 1    460                285    175      253
...........................................................


WIND (MPH)
  HIGHEST GUST SPEED    41   HIGHEST GUST DIRECTION     S (180)



WEATHER CONDITIONS
 THE FOLLOWING WEATHER WAS RECORDED YESTERDAY.
  NO SIGNIFICANT WEATHER WAS OBSERVED.


..........................................................


THE EAST RAPID CITY SD CLIMATE NORMALS FOR TODAY
                         NORMAL    RECORD    YEAR
 MAXIMUM TEMPERATURE (F)   85       106      1936
 MINIMUM TEMPERATURE (F)   63        50      1911


SUNRISE AND SUNSET
JULY 23 2016..........SUNRISE   532 AM MDT   SUNSET   826 PM MDT
JULY 24 2016..........SUNRISE   533 AM MDT   SUNSET   825 PM MDT


-  INDICATES NEGATIVE NUMBERS.
R  INDICATES RECORD WAS SET OR TIED.
MM INDICATES DATA IS MISSING.
T  INDICATES TRACE AMOUNT.




$$
