000
CDUS43 KUNR 310831
CLIUNR


CLIMATE REPORT
NATIONAL WEATHER SERVICE RAPID CITY SD
230 AM MDT FRI JUL 31 2015


...................................

...THE EAST RAPID CITY SD CLIMATE SUMMARY FOR JULY 30 2015...

CLIMATE NORMAL PERIOD 1981 TO 2010
CLIMATE RECORD PERIOD 1888 TO 2015


WEATHER ITEM   OBSERVED RECORD YEAR NORMAL DEPARTURE LAST
                VALUE   VALUE       VALUE  FROM      YEAR
                                           NORMAL
...........................................................
TEMPERATURE (F)
 YESTERDAY
  MAXIMUM         86    104    2006  86      0       83
  MINIMUM         61     47    1971  62     -1       62
  AVERAGE         74                 74      0       73

PRECIPITATION (IN)
  YESTERDAY        0.00   1.40 1915   0.10  -0.10     0.00
  MONTH TO DATE    3.62               2.40   1.22     1.42
  SINCE JUN 1     10.49               5.56   4.93     7.47
  SINCE JAN 1     19.85              13.61   6.24    12.65

SNOWFALL (IN)
  YESTERDAY        0.0    0.0  2002   0.0    0.0      0.0
                               2001
                               2000
  MONTH TO DATE    0.0                0.0    0.0      0.0
  SINCE JUN 1      0.0                0.0    0.0      0.0
  SINCE JUL 1      0.0                0.0    0.0      0.0
  SNOW DEPTH       0

DEGREE DAYS
 HEATING
  YESTERDAY        0                  0      0        0
  MONTH TO DATE    1                  6     -5       11
  SINCE JUN 1     34                 94    -60      119
  SINCE JUL 1      1                  6     -5       11

 COOLING
  YESTERDAY        9                  9      0        8
  MONTH TO DATE  213                248    -35      199
  SINCE JUN 1    320                339    -19      227
  SINCE JAN 1    328                357    -29      255
...........................................................


WIND (MPH)
  HIGHEST GUST SPEED    17   HIGHEST GUST DIRECTION     W (270)



WEATHER CONDITIONS
 THE FOLLOWING WEATHER WAS RECORDED YESTERDAY.
  NO SIGNIFICANT WEATHER WAS OBSERVED.


..........................................................


THE EAST RAPID CITY SD CLIMATE NORMALS FOR TODAY
                         NORMAL    RECORD    YEAR
 MAXIMUM TEMPERATURE (F)   86       102      1900
 MINIMUM TEMPERATURE (F)   62        45      1925


SUNRISE AND SUNSET
JULY 31 2015..........SUNRISE   539 AM MDT   SUNSET   818 PM MDT
AUGUST  1 2015........SUNRISE   541 AM MDT   SUNSET   817 PM MDT


-  INDICATES NEGATIVE NUMBERS.
R  INDICATES RECORD WAS SET OR TIED.
MM INDICATES DATA IS MISSING.
T  INDICATES TRACE AMOUNT.




$$
