000
CDUS43 KUNR 040040
CLIUNR


CLIMATE REPORT
NATIONAL WEATHER SERVICE RAPID CITY SD
638 PM MDT THU SEP 3 2015


...................................

...THE EAST RAPID CITY SD CLIMATE SUMMARY FOR SEPTEMBER 3 2015...
VALID TODAY AS OF 0500 PM LOCAL TIME.

CLIMATE NORMAL PERIOD 1981 TO 2010
CLIMATE RECORD PERIOD 1888 TO 2015


WEATHER ITEM   OBSERVED RECORD YEAR NORMAL DEPARTURE LAST
                VALUE   VALUE       VALUE  FROM      YEAR
                                           NORMAL
...........................................................
TEMPERATURE (F)
 TODAY
  MAXIMUM         98    100    1899  79     19       93
  MINIMUM         65     39    1905  55     10       56
  AVERAGE         82                 67     15       75

PRECIPITATION (IN)
  TODAY            0.00   0.92 1951   0.05  -0.05     0.00
  MONTH TO DATE    0.00               0.15  -0.15     0.40
  SINCE SEP 1      0.00               0.15  -0.15     0.40
  SINCE JAN 1     22.10              15.83   6.27    17.80

SNOWFALL (IN)
  TODAY            0.0    0.0  2002   0.0    0.0      0.0
                               2001
                               2000
  MONTH TO DATE    0.0                0.0    0.0      0.0
  SINCE SEP 1      0.0                0.0    0.0      0.0
  SINCE JUL 1      0.0                0.0    0.0      0.0
  SNOW DEPTH       0

DEGREE DAYS
 HEATING
  TODAY            0                  2     -2        0
  MONTH TO DATE    0                  6     -6        3
  SINCE SEP 1      0                  6     -6        3
  SINCE JUL 1     30                 36     -6       27

 COOLING
  TODAY           17                  4     13       10
  MONTH TO DATE   40                 14     26       12
  SINCE SEP 1     40                 14     26       12
  SINCE JAN 1    617                609      8      448
...........................................................





WEATHER CONDITIONS
 THE FOLLOWING WEATHER WAS RECORDED TODAY.
  NO SIGNIFICANT WEATHER WAS OBSERVED.


..........................................................


THE EAST RAPID CITY SD CLIMATE NORMALS FOR TOMORROW
                         NORMAL    RECORD    YEAR
 MAXIMUM TEMPERATURE (F)   78       103      1960
 MINIMUM TEMPERATURE (F)   55        34      1962


SUNRISE AND SUNSET
SEPTEMBER  3 2015.....SUNRISE   618 AM MDT   SUNSET   726 PM MDT
SEPTEMBER  4 2015.....SUNRISE   619 AM MDT   SUNSET   724 PM MDT


-  INDICATES NEGATIVE NUMBERS.
R  INDICATES RECORD WAS SET OR TIED.
MM INDICATES DATA IS MISSING.
T  INDICATES TRACE AMOUNT.




$$
