000
CDUS43 KUNR 011832
CLIUNR


CLIMATE REPORT
NATIONAL WEATHER SERVICE RAPID CITY SD
1132 AM MST WED MAR 1 2017


...................................

...THE EAST RAPID CITY SD CLIMATE SUMMARY FOR MARCH 1 2017...
VALID AS OF 1100 AM LOCAL TIME.

CLIMATE NORMAL PERIOD 1981 TO 2010
CLIMATE RECORD PERIOD 1888 TO 2017


WEATHER ITEM   OBSERVED RECORD YEAR NORMAL DEPARTURE LAST
                VALUE   VALUE       VALUE  FROM      YEAR
                                           NORMAL
...........................................................
TEMPERATURE (F)
 TODAY
  MAXIMUM         35     73    2008  42     -7       44
  MINIMUM         25    -16    1962  21      4       20
  AVERAGE         30                 32     -2       32

PRECIPITATION (IN)
  TODAY            T      1.00 1953   0.02  -0.02     0.00
  MONTH TO DATE    T                  0.02  -0.02     0.00
  SINCE MAR 1      T                  0.02  -0.02     0.00
  SINCE JAN 1      0.79               0.79   0.00     0.81

SNOWFALL (IN)
  TODAY            T     10.0  1953   0.3   -0.3      0.0
  MONTH TO DATE    T                  0.3   -0.3      0.0
  SINCE MAR 1      T                  0.3   -0.3      0.0
  SINCE JUL 1     33.2               27.0    6.2     29.9
  SNOW DEPTH       T

DEGREE DAYS
 HEATING
  TODAY           35                 34      1       33
  MONTH TO DATE   35                 34      1       33
  SINCE MAR 1     35                 34      1       33
  SINCE JUL 1   4631               4988   -357     4282

 COOLING
  TODAY            0                  0      0        0
  MONTH TO DATE    0                  0      0        0
  SINCE MAR 1      0                  0      0        0
  SINCE JAN 1      0                  0      0        0
...........................................................





WEATHER CONDITIONS
 THE FOLLOWING WEATHER WAS RECORDED TODAY.
  LIGHT SNOW


..........................................................


THE EAST RAPID CITY SD CLIMATE NORMALS FOR TOMORROW
                         NORMAL    RECORD    YEAR
 MAXIMUM TEMPERATURE (F)   42        71      1905
 MINIMUM TEMPERATURE (F)   21       -16      2014
                                             1888


SUNRISE AND SUNSET
MARCH  1 2017.........SUNRISE   629 AM MST   SUNSET   542 PM MST
MARCH  2 2017.........SUNRISE   628 AM MST   SUNSET   543 PM MST


-  INDICATES NEGATIVE NUMBERS.
R  INDICATES RECORD WAS SET OR TIED.
MM INDICATES DATA IS MISSING.
T  INDICATES TRACE AMOUNT.




$$
