000
CXUS53 KUNR 021612
CLMUNR
CLIMATE REPORT
NATIONAL WEATHER SERVICE RAPID CITY SD
912 AM MST SAT DEC 02 2023
...................................
...THE EAST RAPID CITY SD CLIMATE SUMMARY FOR THE MONTH OF NOVEMBER 2023...
CLIMATE NORMAL PERIOD 1991 TO 2020
CLIMATE RECORD PERIOD 1888 TO 2023
WEATHER OBSERVED NORMAL DEPART LAST YEAR`S
VALUE DATE(S) VALUE FROM VALUE DATE(S)
NORMAL
................................................................
TEMPERATURE (F)
RECORD
HIGH 83 11/07/1999
LOW -15 11/14/1959
HIGHEST 73 11/05 76 11/01
LOWEST 13 11/24 2 11/18
AVG. MAXIMUM 52.8 47.0 5.8 42.4
AVG. MINIMUM 31.5 26.6 4.9 21.0
MEAN 42.2 36.8 5.4 31.7
DAYS MAX >= 90 0 0
DAYS MAX <= 32 1 8
DAYS MIN <= 32 15 26
DAYS MIN <= 0 0 0
PRECIPITATION (INCHES)
RECORD
MAXIMUM 3.24 1922
MINIMUM 0.00 1903
TOTALS 0.13 0.48 -0.35 0.24
DAILY AVG. 0.00 0.02 -0.02 0.01
DAYS >= .01 5 3
DAYS >= .10 0 1
DAYS >= .50 0 0
DAYS >= 1.00 0 0
GREATEST
24 HR. TOTAL 0.07 11/04 TO 11/04 0.20
SNOWFALL (INCHES)
RECORDS
TOTAL 26.0 2019
TOTALS 0.9 6.5 -5.6 8.1
SINCE 7/1 1.5 10.0 -8.5 MM
SNOWDEPTH AVG. 0 0
DAYS >= 1.0 0 1.8 -1.8 1
GREATEST
SNOW DEPTH 1 11/25 5 11/16
24 HR TOTAL 0.9 8.1
DEGREE DAYS
HEATING TOTAL 678 846 -168 993
SINCE 7/1 1300 1553 -253 MM
COOLING TOTAL 0 0 0 0
SINCE 1/1 767 679 88 MM
................................................................
WIND (MPH)
AVERAGE WIND SPEED 6.6
HIGHEST WIND SPEED/DIRECTION 36/330 DATE 11/26
HIGHEST GUST SPEED/DIRECTION 55/330 DATE 11/26
AVERAGE RH (PERCENT) 51
WEATHER CONDITIONS. NUMBER OF DAYS WITH
THUNDERSTORM 0 MIXED PRECIP 0
HEAVY RAIN 0 RAIN 0
LIGHT RAIN 1 FREEZING RAIN 0
LT FREEZING RAIN 0 HAIL 0
HEAVY SNOW 0 SNOW 0
LIGHT SNOW 3 SLEET 0
FOG 0 FOG W/VIS <= 1/4 MILE 0
HAZE 0
- INDICATES NEGATIVE NUMBERS.
R INDICATES RECORD WAS SET OR TIED.
MM INDICATES DATA IS MISSING.
T INDICATES TRACE AMOUNT.
$$