000
CXUS54 KHGX 011603
CF6UTS
PRELIMINARY LOCAL CLIMATOLOGICAL DATA (WS FORM: F-6)
STATION: HUNTSVILLE
MONTH: JANUARY
YEAR: 2021
LATITUDE: 30 45 N
LONGITUDE: 95 35 W
TEMPERATURE IN F: :PCPN: SNOW: WIND :SUNSHINE: SKY :PK WND
================================================================================
1 2 3 4 5 6A 6B 7 8 9 10 11 12 13 14 15 16 17 18
12Z AVG MX 2MIN
DY MAX MIN AVG DEP HDD CDD WTR SNW DPTH SPD SPD DIR MIN PSBL S-S WX SPD DR
================================================================================
1 48 38 43 -7 22 0 T 0.0 0 10.0 22 240 M M 8 29 240
2 57 40 49 -1 16 0 0.00 0.0 0 6.1 14 290 M M 4 19 320
3 68 42 55 5 10 0 0.00 0.0 0 9.3 16 180 M M 0 24 210
4 74 49 62 12 3 0 0.00 0.0 0 4.5 13 230 M M 0 19 220
5 70 39 55 5 10 0 0.00 0.0 0 3.7 10 160 M M 1 15 170
6 70 50 60 10 5 0 0.70 0.0 0 9.3 22 180 M M 7 13 29 300
7 53 44 49 -1 16 0 0.00 0.0 0 9.0 17 330 M M 8 24 320
8 50 36 43 -7 22 0 0.00 0.0 0 4.2 13 340 M M 9 18 340
9 54 31 43 -7 22 0 0.00 0.0 0 2.0 9 60 M M 0 1 12 60
10 44 34 39 -11 26 0 1.19 2.0 0 5.8 13 360 M M 10 12 21 10
11 39 31 35 -15 30 0 0.00 0.0 1 4.4 10 340 M M 8 18 16 320
12 52 29 41 -9 24 0 0.00 0.0 0 1.3 9 290 M M 3 18 11 280
13 61 37 49 -1 16 0 0.00 0.0 0 7.1 15 240 M M 1 19 220
14 67 43 55 5 10 0 0.00 0.0 0 9.1 17 290 M M 0 24 210
15 58 40 49 -2 16 0 0.00 0.0 0 9.7 24 310 M M 0 35 310
16 60 37 49 -2 16 0 0.00 0.0 0 5.3 13 300 M M 1 20 260
17 65 36 51 0 14 0 0.00 0.0 0 4.2 14 310 M M 0 20 300
18 71 36 54 3 11 0 0.00 0.0 0 5.6 17 180 M M 3 26 190
19 77 56 67 16 0 2 T 0.0 0 6.0 15 170 M M 9 21 210
20 65 54 60 9 5 0 0.06 0.0 0 3.4 9 60 M M 10 1 12 60
21 65 54 60 9 5 0 0.29 0.0 0 3.7 8 230 M M 10 1 11 220
22 69 58 64 13 1 0 0.01 0.0 0 1.8 9 340 M M 10 1 13 330
23 63 54 59 8 6 0 T 0.0 0 5.0 9 60 M M 10 1 16 90
24 75 61 68 17 0 3 T 0.0 0 4.5 15 160 M M 10 13 23 190
25 77 52 65 14 0 0 0.07 0.0 0 8.2 23 290 M M 8 18 32 240
26 74 46 60 8 5 0 0.00 0.0 0 3.6 10 60 M M 3 14 60
27 65 42 54 2 11 0 0.00 0.0 0 8.0 20 330 M M 1 28 320
28 58 32 45 -7 20 0 0.00 0.0 0 3.0 9 60 M M 0 13 60
29 67 37 52 0 13 0 0.00 0.0 0 5.1 14 210 M M 2 21 210
30 70 54 62 10 3 0 0.03 0.0 0 8.2 15 180 M M 7 1 22 160
31 66 46 56 4 9 0 0.00 0.0 0 9.4 18 310 M M 1 26 320
================================================================================
SM 1952 1338 367 5 2.35 2.0 180.5 M 144
================================================================================
AV 63.0 43.2 5.8 FASTST M M 5 MAX(MPH)
MISC ----> 24 310 35 310
================================================================================
NOTES:
# LAST OF SEVERAL OCCURRENCES
COLUMN 17 PEAK WIND IN M.P.H.
PRELIMINARY LOCAL CLIMATOLOGICAL DATA (WS FORM: F-6) , PAGE 2
STATION: HUNTSVILLE
MONTH: JANUARY
YEAR: 2021
LATITUDE: 30 45 N
LONGITUDE: 95 35 W
[TEMPERATURE DATA] [PRECIPITATION DATA] SYMBOLS USED IN COLUMN 16
AVERAGE MONTHLY: 53.1 TOTAL FOR MONTH: 2.35 1 = FOG OR MIST
DPTR FM NORMAL: 2.3 DPTR FM NORMAL: -1.47 2 = FOG REDUCING VISIBILITY
HIGHEST: 77 ON 25,19 GRTST 24HR 1.24 ON 9-10 TO 1/4 MILE OR LESS
LOWEST: 29 ON 12 3 = THUNDER
SNOW, ICE PELLETS, HAIL 4 = ICE PELLETS
TOTAL MONTH: 2.0 INCHES 5 = HAIL
GRTST 24HR 2.0 ON 10-10 6 = FREEZING RAIN OR DRIZZLE
GRTST DEPTH: 1 ON 11 7 = DUSTSTORM OR SANDSTORM:
VSBY 1/2 MILE OR LESS
8 = SMOKE OR HAZE
[NO. OF DAYS WITH] [WEATHER - DAYS WITH] 9 = BLOWING SNOW
X = TORNADO
MAX 32 OR BELOW: 0 0.01 INCH OR MORE: 7
MAX 90 OR ABOVE: 0 0.10 INCH OR MORE: 3
MIN 32 OR BELOW: 4 0.50 INCH OR MORE: 2
MIN 0 OR BELOW: 0 1.00 INCH OR MORE: 1
[HDD (BASE 65) ]
TOTAL THIS MO. 367 CLEAR (SCALE 0-3) 14
DPTR FM NORMAL -82 PTCLDY (SCALE 4-7) 7
TOTAL FM JUL 1 867 CLOUDY (SCALE 8-10) 10
DPTR FM NORMAL -273
[CDD (BASE 65) ]
TOTAL THIS MO. 5
DPTR FM NORMAL -4 [PRESSURE DATA]
TOTAL FM JAN 1 5 HIGHEST SLP 30.61 ON 28
DPTR FM NORMAL -4 LOWEST SLP 29.66 ON 25
[REMARKS]
#FINAL-01-21#