000
CXUS56 KSTO 290019
CF6VCB
PRELIMINARY LOCAL CLIMATOLOGICAL DATA (WS FORM: F-6)
STATION: VACAVILLE
MONTH: SEPTEMBER
YEAR: 2021
LATITUDE: 38 22 N
LONGITUDE: 121-58 E
TEMPERATURE IN F: :PCPN: SNOW: WIND :SUNSHINE: SKY :PK WND
================================================================================
1 2 3 4 5 6A 6B 7 8 9 10 11 12 13 14 15 16 17 18
12Z AVG MX 2MIN
DY MAX MIN AVG DEP HDD CDD WTR SNW DPTH SPD SPD DIR MIN PSBL S-S WX SPD DR
================================================================================
1 79 54 67 -8 0 2 0.00 0.0 M 11.7 21 220 M M 0 27 210
2 81 51 66 -9 0 1 0.00 0.0 M 5.4 13 210 M M 0 8 17 210
3 91 53 72 -3 0 7 0.00 0.0 M 2.7 9 200 M M 0 8 14 210
4 95 51 73 -2 0 8 0.00 0.0 M 2.6 9 200 M M 0 14 200
5 100 51 76 1 0 11 0.00 0.0 M 2.3 10 240 M M 0 13 110
6 103 57 80 5 0 15 0.00 0.0 M 3.2 10 220 M M 0 8 13 200
7 107 61 84 9 0 19 0.00 0.0 M 4.1 16 250 M M 0 20 230
8 107 65 86 11 0 21 0.00 M M 2.2 12 260 M M 0 15 240
9 103 65 84 10 0 19 0.00 M M 5.5 15 220 M M 0 3 23 210
10 92 60 76 2 0 11 0.05 0.0 M 5.6 13 210 M M 1 13 16 220
11 93 56 75 1 0 10 0.00 M M 3.1 12 190 M M 0 16 180
12 96 57 77 3 0 12 0.00 M M 2.5 14 240 M M 0 18 240
13 97 59 78 4 0 13 0.00 M M 3.1 9 180 M M 0 8 12 180
14 99 58 79 5 0 14 0.00 0.0 M 3.8 14 250 M M 0 19 210
15 90 55 73 -1 0 8 0.00 0.0 M 7.8 20 220 M M 0 26 220
16 81 54 68 -5 0 3 0.00 0.0 M 6.0 15 220 M M 0 21 210
17 84 54 69 -4 0 4 0.00 0.0 M 7.7 18 210 M M 0 28 210
18 78 57 68 -5 0 3 0.00 0.0 M 13.0 22 240 M M 2 29 210
19 83 57 70 -3 0 5 0.00 0.0 M 7.3 16 350 M M 1 22 350
20 92 68 80 8 0 15 0.00 0.0 M 11.6 24 360 M M 0 30 360
21 94 54 74 2 0 9 0.00 0.0 M 2.9 10 40 M M 0 8 14 50
22 98 58 78 6 0 13 0.00 0.0 M 4.5 15 220 M M 0 20 220
23 99 54 77 5 0 12 0.00 0.0 M 5.9 18 10 M M 0 24 360
24 97 57 77 5 0 12 0.00 M M 4.6 14 240 M M 0 8 18 220
25 91 59 75 4 0 10 0.00 M M 7.8 24 220 M M 0 30 210
26 85 54 70 -1 0 5 0.00 0.0 M 8.0 18 220 M M 0 26 220
27 82 52 67 -4 0 2 0.00 0.0 M 7.0 21 270 M M 1 27 270
28 82 54 68 -2 0 3 0.00 0.0 M 7.2 20 360 M M 0 26 20
29 87 46 67 -3 0 2 0.00 0.0 M 4.1 14 10 M M 0 20 20
30 90 47 69 -1 0 4 0.00 0.0 M 3.4 12 20 M M 0 16 50
================================================================================
SM 2756 1678 0 273 0.05 0.0 166.6 M 5
================================================================================
AV 91.9 55.9 5.6 FASTST M M 0 MAX(MPH)
MISC ----> # 24 360 # 30 360
================================================================================
NOTES:
# LAST OF SEVERAL OCCURRENCES
COLUMN 17 PEAK WIND IN M.P.H.
PRELIMINARY LOCAL CLIMATOLOGICAL DATA (WS FORM: F-6) , PAGE 2
STATION: VACAVILLE
MONTH: SEPTEMBER
YEAR: 2021
LATITUDE: 38 22 N
LONGITUDE: 121-58 E
[TEMPERATURE DATA] [PRECIPITATION DATA] SYMBOLS USED IN COLUMN 16
AVERAGE MONTHLY: 73.9 TOTAL FOR MONTH: 0.05 1 = FOG OR MIST
DPTR FM NORMAL: 0.8 DPTR FM NORMAL: -0.01 2 = FOG REDUCING VISIBILITY
HIGHEST: 107 ON 7, 8 GRTST 24HR 0.05 ON 10-10 TO 1/4 MILE OR LESS
LOWEST: 46 ON 29 3 = THUNDER
SNOW, ICE PELLETS, HAIL 4 = ICE PELLETS
TOTAL MONTH: 0.0 INCH 5 = HAIL
GRTST 24HR 0.0 6 = FREEZING RAIN OR DRIZZLE
GRTST DEPTH: M ON M 7 = DUSTSTORM OR SANDSTORM:
VSBY 1/2 MILE OR LESS
8 = SMOKE OR HAZE
[NO. OF DAYS WITH] [WEATHER - DAYS WITH] 9 = BLOWING SNOW
X = TORNADO
MAX 32 OR BELOW: 0 0.01 INCH OR MORE: 1
MAX 90 OR ABOVE: 20 0.10 INCH OR MORE: 0
MIN 32 OR BELOW: 0 0.50 INCH OR MORE: 0
MIN 0 OR BELOW: 0 1.00 INCH OR MORE: 0
[HDD (BASE 65) ]
TOTAL THIS MO. 0 CLEAR (SCALE 0-3) 30
DPTR FM NORMAL -6 PTCLDY (SCALE 4-7) 0
TOTAL FM JUL 1 0 CLOUDY (SCALE 8-10) 0
DPTR FM NORMAL -1
[CDD (BASE 65) ]
TOTAL THIS MO. 273
DPTR FM NORMAL 25 [PRESSURE DATA]
TOTAL FM JAN 1 1640 HIGHEST SLP 30.11 ON 21
DPTR FM NORMAL 319 LOWEST SLP 29.64 ON 1
[REMARKS]
#FINAL-09-21#