000
CXUS54 KCRP 020754 CCA
CLMVCT
CLIMATE REPORT
NATIONAL WEATHER SERVICE CORPUS CHRISTI TX
254 AM CDT FRI JUN 02 2023
...................................
...THE VICTORIA CLIMATE SUMMARY FOR THE MONTH OF MAY 2023...
CLIMATE NORMAL PERIOD 1991 TO 2020
CLIMATE RECORD PERIOD 1893 TO 2023
WEATHER OBSERVED NORMAL DEPART LAST YEAR`S
VALUE DATE(S) VALUE FROM VALUE DATE(S)
NORMAL
................................................................
TEMPERATURE (F)
RECORD
HIGH 102 05/27/1928
LOW 45 05/01/2005
05/04/1954
05/03/1929
HIGHEST 91 05/23 86 5 98 05/26
05/26
05/27
LOWEST 58 05/01 68 -10 61 05/26
AVG. MAXIMUM 86.7 86.8 -0.1 93.4
AVG. MINIMUM 69.0 67.7 1.3 72.0
MEAN 77.9 77.3 0.6 82.7
DAYS MAX >= 90 9 10.4 -1.4 29
DAYS MAX <= 32 0 0.0 0.0 0
DAYS MIN <= 32 0 0.0 0.0 0
DAYS MIN <= 0 0 0.0 0.0 0
PRECIPITATION (INCHES)
RECORD
MAXIMUM 20.28 2021
MINIMUM 0.01 1998
TOTALS 3.10 5.23 -2.13 1.11
DAILY AVG. 0.10 0.17 -0.07 0.04
DAYS >= .01 9 7.0 2.0 5
DAYS >= .10 4 4.9 -0.9 2
DAYS >= .50 2 3.2 -1.2 1
DAYS >= 1.00 1 1.7 -0.7 0
GREATEST
24 HR. TOTAL 1.49 05/13 TO 05/13 0.60 05/22 TO 05/22
SNOWFALL (INCHES)
RECORDS
TOTAL 0.0 MM
24 HR TOTAL 0.0 MM
TOTALS 0.0 MM MM 0.0
SINCE 7/1 0.0 MM MM MM
SNOWDEPTH AVG. 0 0
DAYS >= 1.0 0 MM MM 0
GREATEST
SNOW DEPTH 0 0
24 HR TOTAL MM 0.0
DEGREE DAYS
HEATING TOTAL 0 1 -1 0
SINCE 7/1 1009 1165 -156 MM
COOLING TOTAL 405 381 24 561
SINCE 1/1 910 711 199 MM
................................................................
WIND (MPH)
AVERAGE WIND SPEED 7.5
HIGHEST WIND SPEED/DIRECTION 35/250 DATE 05/09
HIGHEST GUST SPEED/DIRECTION 43/250 DATE 05/09
SKY COVER
AVERAGE SKY COVER 0.40
AVERAGE RH (PERCENT) 80
WEATHER CONDITIONS. NUMBER OF DAYS WITH
THUNDERSTORM 7 MIXED PRECIP 0
HEAVY RAIN 3 RAIN 4
LIGHT RAIN 12 FREEZING RAIN 0
LT FREEZING RAIN 0 HAIL 0
HEAVY SNOW 0 SNOW 0
LIGHT SNOW 0 SLEET 0
FOG 30 FOG W/VIS <= 1/4 MILE 1
HAZE 13
- INDICATES NEGATIVE NUMBERS.
R INDICATES RECORD WAS SET OR TIED.
MM INDICATES DATA IS MISSING.
T INDICATES TRACE AMOUNT.
$$
EMF...CORRECTED FOR PRECIP AND TEMPERATURE RECORDS.