000
CXUS55 KGJT 011010
CF6VEL
PRELIMINARY LOCAL CLIMATOLOGICAL DATA (WS FORM: F-6)
STATION: VERNAL UT
MONTH: NOVEMBER
YEAR: 2022
LATITUDE: 40 27 N
LONGITUDE: 109 31 W
TEMPERATURE IN F: :PCPN: SNOW: WIND :SUNSHINE: SKY :PK WND
================================================================================
1 2 3 4 5 6A 6B 7 8 9 10 11 12 13 14 15 16 17 18
12Z AVG MX 2MIN
DY MAX MIN AVG DEP HDD CDD WTR SNW DPTH SPD SPD DIR MIN PSBL S-S WX SPD DR
================================================================================
1 58 28 43 1 22 0 0.00 M M 2.4 10 200 M M 0 12 200
2 59 34 47 5 18 0 0.10 M M 9.6 31 200 M M 6 1 39 160
3 41 30 36 -5 29 0 0.26 M M 7.3 18 40 M M 8 1 25 30
4 40 25 33 -8 32 0 0.00 M M 2.5 8 160 M M 5 12 130
5 54 29 42 2 23 0 T M M 6.6 24 250 M M 5 31 260
6 42 33 38 -2 27 0 0.07 M M 2.8 13 60 M M 10 1 16 60
7 59 33 46 7 19 0 0.00 M M 2.3 12 200 M M 3 15 200
8 60 38 49 10 16 0 0.00 M M 6.2 21 210 M M 4 8 28 210
9 57 25 41 3 24 0 0.13 M M 10.1 39 200 M M 7 1 56 220
10 39 22 31 -7 34 0 T M M 4.6 16 360 M M 4 1 21 50
11 35 21 28 -9 37 0 0.00 M M 3.3 13 120 M M 5 17 130
12 36 18 27 -10 38 0 0.00 M M 2.5 7 90 M M 0 8 11 80
13 42 16 29 -7 36 0 0.00 M M 2.5 12 50 M M 0 16 50
14 41 27 34 -2 31 0 0.00 M M 6.3 23 350 M M 7 32 340
15 37 16 27 -8 38 0 0.00 M M 4.1 21 360 M M 1 25 10
16 36 14 25 -10 40 0 0.00 M M 2.6 9 340 M M 0 12 360
17 39 14 27 -7 38 0 0.00 M M 3.9 12 40 M M 0 15 50
18 33 13 23 -11 42 0 0.00 M M 5.6 16 80 M M 3 22 70
19 34 10 22 -11 43 0 0.00 M M 2.7 7 290 M M 0 11 140
20 37 10 24 -9 41 0 0.00 M M 2.4 7 290 M M 0 10 140
21 38 10 24 -8 41 0 0.00 M M 2.2 7 280 M M 0 8 11 140
22 38 11 25 -7 40 0 0.00 M M 2.4 7 290 M M 0 10 160
23 40 14 27 -4 38 0 0.00 M M 3.7 23 350 M M 5 32 360
24 45 20 33 2 32 0 0.00 M M 5.0 15 70 M M 2 20 70
25 44 15 30 0 35 0 0.00 M M 2.5 8 280 M M 0 9 110
26 38 16 27 -3 38 0 T M M 2.3 7 270 M M 4 1 8 50
27 39 16 28 -1 37 0 0.00 M M 2.6 8 250 M M 4 128 13 70
28 40 18 29 0 36 0 0.10 M M 4.9 18 290 M M 4 12 27 30
29 31 7 19 -9 46 0 T M M 5.9 17 230 M M 4 12 24 230
30 31 6 19 -9 46 0 0.00 M M 3.1 8 290 M M 0 10 110
================================================================================
SM 1263 589 1017 0 0.66 M 124.9 M 91
================================================================================
AV 42.1 19.6 4.2 FASTST M M 3 MAX(MPH)
MISC ----> 39 200 56 220
================================================================================
NOTES:
# LAST OF SEVERAL OCCURRENCES
COLUMN 17 PEAK WIND IN M.P.H.
PRELIMINARY LOCAL CLIMATOLOGICAL DATA (WS FORM: F-6) , PAGE 2
STATION: VERNAL UT
MONTH: NOVEMBER
YEAR: 2022
LATITUDE: 40 27 N
LONGITUDE: 109 31 W
[TEMPERATURE DATA] [PRECIPITATION DATA] SYMBOLS USED IN COLUMN 16
AVERAGE MONTHLY: 30.9 TOTAL FOR MONTH: 0.66 1 = FOG OR MIST
DPTR FM NORMAL: -4.1 DPTR FM NORMAL: 0.23 2 = FOG REDUCING VISIBILITY
HIGHEST: 60 ON 8 GRTST 24HR 0.26 ON 3- 3 TO 1/4 MILE OR LESS
LOWEST: 6 ON 30 3 = THUNDER
SNOW, ICE PELLETS, HAIL 4 = ICE PELLETS
TOTAL MONTH: M 5 = HAIL
GRTST 24HR M ON M 6 = FREEZING RAIN OR DRIZZLE
GRTST DEPTH: M ON M 7 = DUSTSTORM OR SANDSTORM:
VSBY 1/2 MILE OR LESS
8 = SMOKE OR HAZE
[NO. OF DAYS WITH] [WEATHER - DAYS WITH] 9 = BLOWING SNOW
X = TORNADO
MAX 32 OR BELOW: 2 0.01 INCH OR MORE: 5
MAX 90 OR ABOVE: 0 0.10 INCH OR MORE: 4
MIN 32 OR BELOW: 26 0.50 INCH OR MORE: 0
MIN 0 OR BELOW: 0 1.00 INCH OR MORE: 0
[HDD (BASE 65) ]
TOTAL THIS MO. 1017 CLEAR (SCALE 0-3) 14
DPTR FM NORMAL 118 PTCLDY (SCALE 4-7) 15
TOTAL FM JUL 1 1513 CLOUDY (SCALE 8-10) 1
DPTR FM NORMAL -27
[CDD (BASE 65) ]
TOTAL THIS MO. 0
DPTR FM NORMAL 0 [PRESSURE DATA]
TOTAL FM JAN 1 968 HIGHEST SLP 30.75 ON 16
DPTR FM NORMAL 298 LOWEST SLP 29.49 ON 9
[REMARKS]
#FINAL-11-22#