000
CXUS55 KVEF 010910
CF6VGT
PRELIMINARY LOCAL CLIMATOLOGICAL DATA (WS FORM: F-6)
STATION: NORTH_LAS_VEGAS NV
MONTH: JULY
YEAR: 2022
LATITUDE: 36 12 N
LONGITUDE: 115 12 W
TEMPERATURE IN F: :PCPN: SNOW: WIND :SUNSHINE: SKY :PK WND
================================================================================
1 2 3 4 5 6A 6B 7 8 9 10 11 12 13 14 15 16 17 18
12Z AVG MX 2MIN
DY MAX MIN AVG DEP HDD CDD WTR SNW DPTH SPD SPD DIR MIN PSBL S-S WX SPD DR
================================================================================
1 107 86 97 7 0 32 0.00 M M 14.7 26 190 M M 0 35 200
2 105 80 93 2 0 28 0.00 M M 11.7 25 160 M M 0 38 240
3 101 82 92 1 0 27 0.00 M M 14.3 25 210 M M 0 35 210
4 101 75 88 -3 0 23 0.00 M M 9.7 23 190 M M 0 36 190
5 102 76 89 -2 0 24 0.00 M M 7.5 21 200 M M 0 30 160
6 102 77 90 -1 0 25 0.00 M M 11.6 28 140 M M 0 37 140
7 105 78 92 0 0 27 0.00 M M 7.4 20 180 M M 0 29 140
8 108 79 94 2 0 29 0.00 M M 6.6 23 190 M M 0 31 170
9 110 79 95 3 0 30 0.00 M M 7.4 21 210 M M 0 30 240
10 110 82 96 4 0 31 0.00 M M 6.0 20 130 M M 0 26 130
11 112 84 98 6 0 33 0.00 M M 5.3 15 130 M M 0 20 130
12 113 85 99 7 0 34 0.00 M M 7.7 18 200 M M 0 32 140
13 111 90 101 9 0 36 0.00 M M 9.1 20 170 M M 0 27 170
14 110 83 97 5 0 32 T M M 8.7 30 150 M M 1 3 38 140
15 107 82 95 3 0 30 0.00 M M 5.0 16 220 M M 0 21 230
16 112 91 102 10 0 37 0.00 M M 6.9 32 230 M M 0 8 44 220
17 110 89 100 8 0 35 T M M 5.0 17 250 M M 0 3 23 250
18 106 89 98 6 0 33 0.00 M M 9.2 33 170 M M 0 3 45 170
19 111 87 99 7 0 34 0.00 M M 8.0 17 220 M M 0 25 220
20 113 92 103 11 0 38 0.00 M M 8.5 23 170 M M 0 34 170
21 114 88 101 9 0 36 0.00 M M 7.2 21 200 M M 0 28 200
22 114 87 101 9 0 36 0.00 M M 7.4 24 140 M M 0 30 170
23 106 88 97 5 0 32 0.00 M M 8.0 24 180 M M 0 31 180
24 107 86 97 5 0 32 0.00 M M 11.3 25 150 M M 0 34 140
25 98 78 88 -4 0 23 M M M 10.1 33 220 M M 2 3 44 210
26 96 78 87 -5 0 22 0.00 M M 5.4 15 220 M M 0 19 210
27 100 78 89 -3 0 24 T M M 9.2 44 50 M M 1 38 58 50
28 101 75 88 -4 0 23 M M M 6.3 37 150 M M 1 3 48 150
29 98 76 87 -5 0 22 T M M 7.2 32 40 M M 1 3 52 60
30 97 78 88 -4 0 23 0.00 M M 7.1 14 120 M M 0 19 110
31 91 82 87 -5 0 22 T M M 7.4 17 190 M M 1 3 23 190
================================================================================
SM 3278 2560 0 913 T M 256.9 M 7
================================================================================
AV105.7 82.6 8.3 FASTST M M 0 MAX(MPH)
MISC ----> 44 50 58 50
================================================================================
NOTES:
# LAST OF SEVERAL OCCURRENCES
COLUMN 17 PEAK WIND IN M.P.H.
PRELIMINARY LOCAL CLIMATOLOGICAL DATA (WS FORM: F-6) , PAGE 2
STATION: NORTH_LAS_VEGAS NV
MONTH: JULY
YEAR: 2022
LATITUDE: 36 12 N
LONGITUDE: 115 12 W
[TEMPERATURE DATA] [PRECIPITATION DATA] SYMBOLS USED IN COLUMN 16
AVERAGE MONTHLY: 94.2 TOTAL FOR MONTH: T 1 = FOG OR MIST
DPTR FM NORMAL: 2.4 DPTR FM NORMAL: -0.13 2 = FOG REDUCING VISIBILITY
HIGHEST: 114 ON 22,21 GRTST 24HR 0.01 ON 27-28 TO 1/4 MILE OR LESS
LOWEST: 75 ON 28, 4 3 = THUNDER
SNOW, ICE PELLETS, HAIL 4 = ICE PELLETS
TOTAL MONTH: M 5 = HAIL
GRTST 24HR M ON M 6 = FREEZING RAIN OR DRIZZLE
GRTST DEPTH: M ON M 7 = DUSTSTORM OR SANDSTORM:
VSBY 1/2 MILE OR LESS
8 = SMOKE OR HAZE
[NO. OF DAYS WITH] [WEATHER - DAYS WITH] 9 = BLOWING SNOW
X = TORNADO
MAX 32 OR BELOW: 0 0.01 INCH OR MORE: 0
MAX 90 OR ABOVE: 31 0.10 INCH OR MORE: 0
MIN 32 OR BELOW: 0 0.50 INCH OR MORE: 0
MIN 0 OR BELOW: 0 1.00 INCH OR MORE: 0
[HDD (BASE 65) ]
TOTAL THIS MO. 0 CLEAR (SCALE 0-3) 31
DPTR FM NORMAL 0 PTCLDY (SCALE 4-7) 0
TOTAL FM JUL 1 0 CLOUDY (SCALE 8-10) 0
DPTR FM NORMAL 0
[CDD (BASE 65) ]
TOTAL THIS MO. 913
DPTR FM NORMAL 82 [PRESSURE DATA]
TOTAL FM JAN 1 2339 HIGHEST SLP M ON M
DPTR FM NORMAL 392 LOWEST SLP 29.64 ON 2
[REMARKS]
#FINAL-07-22#