000
CXUS55 KVEF 010940
CF6VGT
PRELIMINARY LOCAL CLIMATOLOGICAL DATA (WS FORM: F-6)
STATION: NORTH_LAS_VEGAS NV
MONTH: FEBRUARY
YEAR: 2020
LATITUDE: 36 12 N
LONGITUDE: 115 12 W
TEMPERATURE IN F: :PCPN: SNOW: WIND :SUNSHINE: SKY :PK WND
================================================================================
1 2 3 4 5 6A 6B 7 8 9 10 11 12 13 14 15 16 17 18
12Z AVG MX 2MIN
DY MAX MIN AVG DEP HDD CDD WTR SNW DPTH SPD SPD DIR MIN PSBL S-S WX SPD DR
================================================================================
1 70 42 56 6 9 0 0.00 0.0 0 4.1 10 340 M M 0 11 340
2 76 41 59 9 6 0 0.00 M M 11.7 40 310 M M 0 52 320
3 52 38 45 -5 20 0 0.00 0.0 0 21.1 44 310 M M 2 53 320
4 50 36 43 -8 22 0 0.00 M M 15.3 29 320 M M 0 37 320
5 51 34 43 -8 22 0 0.00 M M 6.7 20 290 M M 0 23 310
6 63 36 50 -1 15 0 0.00 M M 4.4 10 90 M M 0 13 110
7 68 41 55 4 10 0 0.00 M M 5.2 18 310 M M 0 22 330
8 68 40 54 3 11 0 0.00 M M 4.1 16 330 M M 0 19 330
9 57 46 52 1 13 0 0.01 M M 17.4 33 320 M M 6 42 320
10 65 45 55 3 10 0 0.02 M M 16.0 29 330 M M 2 37 330
11 61 43 52 0 13 0 0.00 M M 13.3 26 330 M M 0 38 340
12 63 38 51 -1 14 0 0.00 M M 3.8 10 280 M M 0 11 290
13 64 37 51 -1 14 0 0.00 M M 3.7 8 310 M M 0 11 140
14 66 38 52 0 13 0 0.00 M M 3.1 9 330 M M 0 10 150
15 66 41 54 2 11 0 0.00 M M 4.9 9 330 M M 0 11 330
16 69 44 57 5 8 0 0.00 M M 3.6 9 350 M M 0 12 350
17 73 50 62 9 3 0 0.00 M M 7.5 17 330 M M 1 22 340
18 62 45 54 1 11 0 0.00 M M 6.3 18 330 M M 0 24 330
19 66 40 53 0 12 0 0.00 M M 2.8 9 120 M M 0 10 90
20 66 41 54 1 11 0 0.00 M M 5.1 12 90 M M 0 16 80
21 70 42 56 2 9 0 0.00 M M 4.2 10 120 M M 1 14 140
22 60 50 55 1 10 0 0.36 M M 5.5 15 110 M M 8 18 80
23 70 49 60 6 5 0 0.01 M M 8.1 23 330 M M 2 29 330
24 72 47 60 6 5 0 0.00 M M 7.4 18 340 M M 0 26 340
25 59 47 53 -1 12 0 0.00 M M 11.9 25 70 M M 0 30 70
26 63 38 51 -3 14 0 0.00 M M 2.7 9 130 M M 0 12 130
27 71 41 56 1 9 0 0.00 M M 4.2 9 270 M M 0 11 100
28 70 49 60 5 5 0 0.00 M M 3.3 13 120 M M 0 15 120
29 67 47 57 2 8 0 0.00 0.0 0 4.5 17 180 M M 0 21 180
================================================================================
SM 1878 1226 325 0 0.40 0.0 211.9 M 22
================================================================================
AV 64.8 42.3 7.3 FASTST M M 1 MAX(MPH)
MISC ----> # 44 310 # 53 320
================================================================================
NOTES:
# LAST OF SEVERAL OCCURRENCES
COLUMN 17 PEAK WIND IN M.P.H.
PRELIMINARY LOCAL CLIMATOLOGICAL DATA (WS FORM: F-6) , PAGE 2
STATION: NORTH_LAS_VEGAS NV
MONTH: FEBRUARY
YEAR: 2020
LATITUDE: 36 12 N
LONGITUDE: 115 12 W
[TEMPERATURE DATA] [PRECIPITATION DATA] SYMBOLS USED IN COLUMN 16
AVERAGE MONTHLY: 53.5 TOTAL FOR MONTH: 0.40 1 = FOG OR MIST
DPTR FM NORMAL: 1.1 DPTR FM NORMAL: -0.48 2 = FOG REDUCING VISIBILITY
HIGHEST: 76 ON 2 GRTST 24HR 0.36 ON 22-22 TO 1/4 MILE OR LESS
LOWEST: 34 ON 5 3 = THUNDER
SNOW, ICE PELLETS, HAIL 4 = ICE PELLETS
TOTAL MONTH: 0.0 INCH 5 = HAIL
GRTST 24HR 0.0 6 = FREEZING RAIN OR DRIZZLE
GRTST DEPTH: 0 7 = DUSTSTORM OR SANDSTORM:
VSBY 1/2 MILE OR LESS
8 = SMOKE OR HAZE
[NO. OF DAYS WITH] [WEATHER - DAYS WITH] 9 = BLOWING SNOW
X = TORNADO
MAX 32 OR BELOW: 0 0.01 INCH OR MORE: 4
MAX 90 OR ABOVE: 0 0.10 INCH OR MORE: 1
MIN 32 OR BELOW: 0 0.50 INCH OR MORE: 0
MIN 0 OR BELOW: 0 1.00 INCH OR MORE: 0
[HDD (BASE 65) ]
TOTAL THIS MO. 325 CLEAR (SCALE 0-3) 27
DPTR FM NORMAL -29 PTCLDY (SCALE 4-7) 2
TOTAL FM JUL 1 1568 CLOUDY (SCALE 8-10) 0
DPTR FM NORMAL -203
[CDD (BASE 65) ]
TOTAL THIS MO. 0
DPTR FM NORMAL 0 [PRESSURE DATA]
TOTAL FM JAN 1 0 HIGHEST SLP M ON M
DPTR FM NORMAL 0 LOWEST SLP 29.51 ON 2
[REMARKS]
#FINAL-02-20#