000
CXUS52 KTAE 010800
CF6VLD
PRELIMINARY LOCAL CLIMATOLOGICAL DATA (WS FORM: F-6)
STATION: VALDOSTA
MONTH: AUGUST
YEAR: 2022
LATITUDE: 30 46 N
LONGITUDE: 83 17 W
TEMPERATURE IN F: :PCPN: SNOW: WIND :SUNSHINE: SKY :PK WND
================================================================================
1 2 3 4 5 6A 6B 7 8 9 10 11 12 13 14 15 16 17 18
12Z AVG MX 2MIN
DY MAX MIN AVG DEP HDD CDD WTR SNW DPTH SPD SPD DIR MIN PSBL S-S WX SPD DR
================================================================================
1 97 72 85 3 0 20 0.00 0.0 0 1.8 13 190 M M 1 13 18 200
2 95 72 84 2 0 19 0.00 0.0 M 1.0 7 360 M M 1 12 20
3 94 72 83 1 0 18 0.00 0.0 M 2.6 12 170 M M 1 3 14 170
4 96 73 85 3 0 20 0.15 0.0 0 2.1 18 170 M M 1 138 36 200
5 96 73 85 3 0 20 0.00 0.0 0 3.3 14 100 M M 2 21 90
6 95 73 84 2 0 19 0.73 0.0 M 3.5 29 130 M M 2 123 37 130
7 93 73 83 1 0 18 0.83 0.0 M 2.3 17 20 M M 3 138 22 30
8 94 71 83 1 0 18 0.02 0.0 M 2.2 18 120 M M 2 3 26 130
9 94 70 82 0 0 17 1.15 0.0 0 3.1 12 360 M M 3 1238 27 240
10 91 71 81 -1 0 16 0.00 0.0 0 2.2 9 160 M M 1 3 13 130
11 87 70 79 -3 0 14 0.00 0.0 M 3.1 14 210 M M 3 22 210
12 93 72 83 1 0 18 0.06 0.0 M 2.3 15 180 M M 6 1 20 180
13 88 73 81 -1 0 16 0.04 0.0 M 2.5 14 10 M M 8 1 16 20
14 91 69 80 -2 0 15 0.00 0.0 0 3.2 12 110 M M 2 1 15 100
15 93 68 81 -1 0 16 0.00 0.0 0 1.3 9 190 M M 1 1 12 180
16 94 74 84 2 0 19 0.03 0.0 0 1.6 12 10 M M 2 13 15 220
17 94 72 83 2 0 18 0.16 0.0 0 1.1 12 360 M M 2 138 19 320
18 88 72 80 -1 0 15 0.03 0.0 M 2.0 10 360 M M 3 1 13 360
19 94 73 84 3 0 19 0.02 0.0 0 2.4 17 160 M M 4 13 23 170
20 95 71 83 2 0 18 0.00 0.0 0 1.6 16 30 M M 2 13 20 40
21 94 73 84 3 0 19 0.00 0.0 0 0.5 9 180 M M 1 13 180
22 93 73 83 2 0 18 0.01 0.0 0 1.2 8 180 M M 2 13 11 300
23 91 73 82 1 0 17 0.03 0.0 0 2.4 12 360 M M 2 13 17 10
24 92 74 83 2 0 18 0.14 0.0 0 1.9 12 100 M M 1 13 16 90
25 89 74 82 1 0 17 0.25 0.0 M 2.9 10 190 M M 4 13 16 180
26 91 74 83 2 0 18 0.02 0.0 0 4.0 15 150 M M 6 123 21 150
27 91 73 82 1 0 17 0.68 0.0 0 2.0 13 120 M M 4 123 18 90
28 86 73 80 0 0 15 0.86 M M 3.3 15 60 M M 5 13 20 70
29 87 75 81 1 0 16 0.03 0.0 0 3.9 12 40 M M 6 123 15 40
30 94 74 84 4 0 19 1.38 0.0 0 2.1 16 190 M M 5 123 21 160
31 94 73 84 4 0 19 0.51 0.0 0 2.5 25 160 M M 3 13 31 160
================================================================================
SM 2864 2243 0 546 7.13 0.0 71.9 M 89
================================================================================
AV 92.4 72.4 2.3 FASTST M M 3 MAX(MPH)
MISC ----> 29 130 37 130
================================================================================
NOTES:
# LAST OF SEVERAL OCCURRENCES
COLUMN 17 PEAK WIND IN M.P.H.
PRELIMINARY LOCAL CLIMATOLOGICAL DATA (WS FORM: F-6) , PAGE 2
STATION: VALDOSTA
MONTH: AUGUST
YEAR: 2022
LATITUDE: 30 46 N
LONGITUDE: 83 17 W
[TEMPERATURE DATA] [PRECIPITATION DATA] SYMBOLS USED IN COLUMN 16
AVERAGE MONTHLY: 82.4 TOTAL FOR MONTH: 7.13 1 = FOG OR MIST
DPTR FM NORMAL: 1.2 DPTR FM NORMAL: 2.02 2 = FOG REDUCING VISIBILITY
HIGHEST: 97 ON 1 GRTST 24HR 1.82 ON 30-31 TO 1/4 MILE OR LESS
LOWEST: 68 ON 15 3 = THUNDER
SNOW, ICE PELLETS, HAIL 4 = ICE PELLETS
TOTAL MONTH: 0.0 INCH 5 = HAIL
GRTST 24HR 0.0 6 = FREEZING RAIN OR DRIZZLE
GRTST DEPTH: 0 7 = DUSTSTORM OR SANDSTORM:
VSBY 1/2 MILE OR LESS
8 = SMOKE OR HAZE
[NO. OF DAYS WITH] [WEATHER - DAYS WITH] 9 = BLOWING SNOW
X = TORNADO
MAX 32 OR BELOW: 0 0.01 INCH OR MORE: 21
MAX 90 OR ABOVE: 25 0.10 INCH OR MORE: 11
MIN 32 OR BELOW: 0 0.50 INCH OR MORE: 7
MIN 0 OR BELOW: 0 1.00 INCH OR MORE: 2
[HDD (BASE 65) ]
TOTAL THIS MO. 0 CLEAR (SCALE 0-3) 22
DPTR FM NORMAL 0 PTCLDY (SCALE 4-7) 9
TOTAL FM JUL 1 0 CLOUDY (SCALE 8-10) 0
DPTR FM NORMAL 0
[CDD (BASE 65) ]
TOTAL THIS MO. 546
DPTR FM NORMAL 42 [PRESSURE DATA]
TOTAL FM JAN 1 2253 HIGHEST SLP 30.24 ON 7
DPTR FM NORMAL 411 LOWEST SLP 29.87 ON 16
[REMARKS]
#FINAL-08-22#