000
CXUS52 KTAE 010800
CF6VLD
PRELIMINARY LOCAL CLIMATOLOGICAL DATA (WS FORM: F-6)
STATION: VALDOSTA
MONTH: SEPTEMBER
YEAR: 2021
LATITUDE: 30 46 N
LONGITUDE: 83 17 W
TEMPERATURE IN F: :PCPN: SNOW: WIND :SUNSHINE: SKY :PK WND
================================================================================
1 2 3 4 5 6A 6B 7 8 9 10 11 12 13 14 15 16 17 18
12Z AVG MX 2MIN
DY MAX MIN AVG DEP HDD CDD WTR SNW DPTH SPD SPD DIR MIN PSBL S-S WX SPD DR
================================================================================
1 92 74 83 3 0 18 T 0.0 M 2.4 13 10 M M 5 3 15 10
2 92 73 83 3 0 18 0.00 0.0 M 0.7 16 10 M M 3 1 20 360
3 90 73 82 2 0 17 0.00 0.0 0 4.7 13 10 M M 2 16 10
4 88 68 78 -2 0 13 0.00 0.0 0 3.0 12 20 M M 0 16 40
5 90 65 78 -1 0 13 0.00 0.0 M 0.7 8 10 M M 2 12 12 360
6 92 69 81 2 0 16 0.00 0.0 0 2.2 10 180 M M 3 1 13 190
7 92 71 82 3 0 17 0.00 M M 3.3 17 150 M M 2 13 26 160
8 83 72 78 -1 0 13 0.68 M M 1.7 14 180 M M 5 13 18 190
9 88 72 80 1 0 15 0.29 0.0 0 3.6 24 160 M M 7 1 32 170
10 90 67 79 1 0 14 0.00 0.0 M 2.9 8 30 M M 5 12 110
11 87 71 79 1 0 14 0.00 0.0 0 4.6 13 130 M M 3 15 90
12 90 71 81 3 0 16 0.00 0.0 0 4.8 12 70 M M 1 20 80
13 89 66 78 0 0 13 0.00 0.0 0 2.9 12 20 M M 0 16 20
14 89 67 78 0 0 13 0.00 0.0 0 1.9 13 150 M M 1 1 18 130
15 88 72 80 3 0 15 T 0.0 0 3.2 14 200 M M 4 22 200
16 87 73 80 3 0 15 0.53 0.0 0 3.3 15 160 M M 9 138 20 170
17 88 73 81 4 0 16 0.00 0.0 0 1.7 7 360 M M 7 1 9 20
18 89 73 81 4 0 16 0.88 0.0 0 2.2 16 130 M M 6 123 19 120
19 84 73 79 3 0 14 1.44 0.0 M 2.8 18 160 M M 8 1 21 150
20 87 74 81 5 0 16 0.01 0.0 M 3.2 10 180 M M 6 13 14 190
21 89 73 81 5 0 16 0.01 0.0 0 2.0 14 180 M M 5 123 18 180
22 91 68 80 4 0 15 0.32 0.0 0 2.0 18 10 M M 6 123 23 20
23 80 58 69 -7 0 4 0.00 0.0 0 3.7 16 10 M M 0 20 10
24 83 56 70 -5 0 5 0.00 0.0 0 3.5 10 20 M M 0 15 100
25 85 62 74 -1 0 9 0.00 0.0 M 2.4 9 20 M M 2 13 40
26 86 60 73 -2 0 8 0.00 0.0 M 1.2 8 360 M M 1 12 340
27 87 61 74 -1 0 9 0.00 0.0 M 1.8 8 110 M M 2 1 11 110
28 89 64 77 3 0 12 0.00 0.0 0 0.8 7 360 M M 1 1 10 230
29 89 66 78 4 0 13 0.00 0.0 0 0.8 7 40 M M 1 1 9 20
30 88 64 76 2 0 11 0.00 M 0 2.4 8 120 M M 1 1 12 60
================================================================================
SM 2642 2049 0 404 4.16 0.0 76.4 M 98
================================================================================
AV 88.1 68.3 2.5 FASTST M M 3 MAX(MPH)
MISC ----> 24 160 32 170
================================================================================
NOTES:
# LAST OF SEVERAL OCCURRENCES
COLUMN 17 PEAK WIND IN M.P.H.
PRELIMINARY LOCAL CLIMATOLOGICAL DATA (WS FORM: F-6) , PAGE 2
STATION: VALDOSTA
MONTH: SEPTEMBER
YEAR: 2021
LATITUDE: 30 46 N
LONGITUDE: 83 17 W
[TEMPERATURE DATA] [PRECIPITATION DATA] SYMBOLS USED IN COLUMN 16
AVERAGE MONTHLY: 78.2 TOTAL FOR MONTH: 4.16 1 = FOG OR MIST
DPTR FM NORMAL: 1.0 DPTR FM NORMAL: -0.06 2 = FOG REDUCING VISIBILITY
HIGHEST: 92 ON 7, 6 GRTST 24HR 1.81 ON 18-19 TO 1/4 MILE OR LESS
LOWEST: 56 ON 24 3 = THUNDER
SNOW, ICE PELLETS, HAIL 4 = ICE PELLETS
TOTAL MONTH: 0.0 INCH 5 = HAIL
GRTST 24HR 0.0 6 = FREEZING RAIN OR DRIZZLE
GRTST DEPTH: 0 7 = DUSTSTORM OR SANDSTORM:
VSBY 1/2 MILE OR LESS
8 = SMOKE OR HAZE
[NO. OF DAYS WITH] [WEATHER - DAYS WITH] 9 = BLOWING SNOW
X = TORNADO
MAX 32 OR BELOW: 0 0.01 INCH OR MORE: 8
MAX 90 OR ABOVE: 9 0.10 INCH OR MORE: 6
MIN 32 OR BELOW: 0 0.50 INCH OR MORE: 4
MIN 0 OR BELOW: 0 1.00 INCH OR MORE: 1
[HDD (BASE 65) ]
TOTAL THIS MO. 0 CLEAR (SCALE 0-3) 17
DPTR FM NORMAL -1 PTCLDY (SCALE 4-7) 12
TOTAL FM JUL 1 0 CLOUDY (SCALE 8-10) 1
DPTR FM NORMAL 0
[CDD (BASE 65) ]
TOTAL THIS MO. 404
DPTR FM NORMAL 39 [PRESSURE DATA]
TOTAL FM JAN 1 2431 HIGHEST SLP 30.30 ON 12
DPTR FM NORMAL 224 LOWEST SLP 29.69 ON 9
[REMARKS]
#FINAL-09-21#