000
CXUS51 KBTV 010800
CF6VSF
PRELIMINARY LOCAL CLIMATOLOGICAL DATA (WS FORM: F-6)
STATION: SPRINGFIELD VT
MONTH: NOVEMBER
YEAR: 2022
LATITUDE: 43 19 N
LONGITUDE: 72 31 W
TEMPERATURE IN F: :PCPN: SNOW: WIND :SUNSHINE: SKY :PK WND
================================================================================
1 2 3 4 5 6A 6B 7 8 9 10 11 12 13 14 15 16 17 18
12Z AVG MX 2MIN
DY MAX MIN AVG DEP HDD CDD WTR SNW DPTH SPD SPD DIR MIN PSBL S-S WX SPD DR
================================================================================
1 68 46 57 15 8 0 T M M 1.8 14 280 M M 8 19 280
2 68 34 51 9 14 0 0.00 M M 1.9 9 350 M M 0 1 14 320
3 67 29 48 7 17 0 0.00 M M 1.2 9 170 M M 0 12 12 150
4 68 31 50 9 15 0 0.00 M M 1.7 10 170 M M 0 13 170
5 78 42 60 19 5 0 0.00 M M 5.2 18 210 M M 5 30 180
6 74 64 69 29 0 4 T M M 7.0 17 190 M M 9 23 170
7 70 48 59 19 6 0 0.10 M M 8.9 23 280 M M 3 1 37 260
8 50 31 41 1 24 0 0.00 M M 6.6 18 310 M M 0 31 320
9 51 24 38 -1 27 0 0.00 M M 1.1 9 170 M M 0 12 170
10 68 25 47 8 18 0 0.00 M M 2.1 14 240 M M 0 20 230
11 63 34 49 10 16 0 0.53 M M 0.8 8 150 M M 6 1 11 170
12 68 48 58 20 7 0 0.13 M M 5.2 21 280 M M 9 1 28 270
13 48 36 42 4 23 0 0.04 M M 5.5 18 300 M M 10 28 320
14 39 25 32 -6 33 0 0.00 M M 6.9 17 300 M M 4 28 300
15 37 19 28 -9 37 0 0.05 M M 0.8 6 50 M M 2 1 8 130
16 40 30 35 -2 30 0 0.86 M M 1.6 10 280 M M 9 126 15 270
17 38 29 34 -2 31 0 T M M 3.2 20 260 M M 9 12 25 270
18 39 27 33 -3 32 0 T M M 4.4 16 230 M M 7 8 22 200
19 39 22 31 -5 34 0 0.00 M M 3.7 13 190 M M 3 16 180
20 32 22 27 -8 38 0 T M M 9.6 28 280 M M 5 38 270
21 41 14 28 -7 37 0 0.00 M M 5.5 15 170 M M 2 22 300
22 45 25 35 0 30 0 0.00 M M 3.6 22 270 M M 2 31 250
23 46 24 35 1 30 0 0.00 M M 2.0 14 280 M M 8 18 290
24 45 23 34 0 31 0 0.00 M M 1.7 8 150 M M 1 1 13 160
25 47 27 37 3 28 0 0.01 M M 3.9 20 300 M M 7 1 27 290
26 51 29 40 7 25 0 0.00 M M 6.0 17 320 M M 2 30 320
27 48 26 37 4 28 0 0.73 M M 0.6 6 330 M M 4 1 9 290
28 50 35 43 11 22 0 0.10 M M 5.7 18 300 M M 9 1 27 300
29 37 25 31 -1 34 0 0.00 M M 1.9 8 10 M M 7 13 30
30 51 25 38 6 27 0 0.72 M M 4.6 28 280 M M 9 1 42 250
================================================================================
SM 1566 919 707 4 3.27 M 114.7 M 140
================================================================================
AV 52.2 30.6 3.8 FASTST M M 5 MAX(MPH)
MISC ----> # 28 280 42 250
================================================================================
NOTES:
# LAST OF SEVERAL OCCURRENCES
COLUMN 17 PEAK WIND IN M.P.H.
PRELIMINARY LOCAL CLIMATOLOGICAL DATA (WS FORM: F-6) , PAGE 2
STATION: SPRINGFIELD VT
MONTH: NOVEMBER
YEAR: 2022
LATITUDE: 43 19 N
LONGITUDE: 72 31 W
[TEMPERATURE DATA] [PRECIPITATION DATA] SYMBOLS USED IN COLUMN 16
AVERAGE MONTHLY: 41.4 TOTAL FOR MONTH: 3.27 1 = FOG OR MIST
DPTR FM NORMAL: 4.4 DPTR FM NORMAL: -0.07 2 = FOG REDUCING VISIBILITY
HIGHEST: 78 ON 5 GRTST 24HR 0.91 ON 15-16 TO 1/4 MILE OR LESS
LOWEST: 14 ON 21 3 = THUNDER
SNOW, ICE PELLETS, HAIL 4 = ICE PELLETS
TOTAL MONTH: M 5 = HAIL
GRTST 24HR M ON M 6 = FREEZING RAIN OR DRIZZLE
GRTST DEPTH: M ON M 7 = DUSTSTORM OR SANDSTORM:
VSBY 1/2 MILE OR LESS
8 = SMOKE OR HAZE
[NO. OF DAYS WITH] [WEATHER - DAYS WITH] 9 = BLOWING SNOW
X = TORNADO
MAX 32 OR BELOW: 1 0.01 INCH OR MORE: 10
MAX 90 OR ABOVE: 0 0.10 INCH OR MORE: 7
MIN 32 OR BELOW: 21 0.50 INCH OR MORE: 4
MIN 0 OR BELOW: 0 1.00 INCH OR MORE: 0
[HDD (BASE 65) ]
TOTAL THIS MO. 707 CLEAR (SCALE 0-3) 12
DPTR FM NORMAL -133 PTCLDY (SCALE 4-7) 11
TOTAL FM JUL 1 1343 CLOUDY (SCALE 8-10) 7
DPTR FM NORMAL -272
[CDD (BASE 65) ]
TOTAL THIS MO. 4
DPTR FM NORMAL 4 [PRESSURE DATA]
TOTAL FM JAN 1 557 HIGHEST SLP 30.71 ON 9
DPTR FM NORMAL 180 LOWEST SLP 29.25 ON 28
[REMARKS]
#FINAL-11-22#