000
CXUS55 KLBF 011200
CF6VTN
PRELIMINARY LOCAL CLIMATOLOGICAL DATA (WS FORM: F-6)
STATION: VALENTINE
MONTH: FEBRUARY
YEAR: 2020
LATITUDE: 42 52 N
LONGITUDE: 100 33 W
TEMPERATURE IN F: :PCPN: SNOW: WIND :SUNSHINE: SKY :PK WND
================================================================================
1 2 3 4 5 6A 6B 7 8 9 10 11 12 13 14 15 16 17 18
12Z AVG MX 2MIN
DY MAX MIN AVG DEP HDD CDD WTR SNW DPTH SPD SPD DIR MIN PSBL S-S WX SPD DR
================================================================================
1 59 29 44 20 21 0 0.00 0.0 T 13.3 24 280 M M 1 33 270
2 53 32 43 18 22 0 0.00 0.0 T 10.3 25 270 M M 0 35 270
3 32 22 27 2 38 0 0.00 0.0 T 15.0 23 30 M M 9 32 20
4 33 18 26 1 39 0 0.00 0.0 T 6.1 13 30 M M 8 17 10
5 34 14 24 -1 41 0 0.00 0.0 T 9.2 20 220 M M 1 26 210
6 42 17 30 5 35 0 0.02 0.2 T 9.8 18 290 M M 7 18 25 320
7 29 19 24 -1 41 0 T T T 6.2 15 10 M M 10 18 20 350
8 46 12 29 3 36 0 T 0.0 T 9.8 28 140 M M 4 37 140
9 36 18 27 1 38 0 T T T 13.1 29 340 M M 8 18 42 340
10 43 18 31 5 34 0 0.00 0.0 T 11.7 25 320 M M 2 35 320
11 45 14 30 4 35 0 0.00 0.0 T 13.5 29 220 M M 0 39 220
12 38 -3 18 -8 47 0 T T T 13.9 37 360 M M 5 8 52 350
13 25 -10 8 -18 57 0 0.00 0.0 T 5.4 20 200 M M 0 30 190
14 57 16 37 10 28 0 0.00 0.0 0 16.1 32 200 M M 0 42 200
15 50 20 35 8 30 0 0.00 0.0 0 7.2 23 280 M M 3 31 290
16 54 20 37 10 28 0 0.00 0.0 0 6.6 18 190 M M 2 23 190
17 38 18 28 0 37 0 0.10 0.0 0 10.2 22 330 M M 6 18 29 330
18 41 12 27 -1 38 0 T T 0 9.4 22 20 M M 5 28 10
19 25 6 16 -12 49 0 0.01 T T 6.1 12 40 M M 7 8 15 40
20 44 1 23 -5 42 0 0.00 0.0 T 9.9 18 230 M M 0 27 220
21 60 16 38 9 27 0 0.00 0.0 T 8.6 21 260 M M 0 26 260
22 63 23 43 14 22 0 0.00 0.0 0 7.8 20 330 M M 0 27 330
23 53 23 38 9 27 0 0.00 0.0 0 8.3 16 10 M M 0 21 10
24 48 22 35 5 30 0 0.00 0.0 0 11.2 26 140 M M 8 1 35 150
25 31 24 28 -2 37 0 0.11 0.7 T 15.0 24 350 M M 10 18 33 350
26 37 5 21 -9 44 0 T T 1 8.3 16 250 M M 4 1 20 250
27 44 23 34 3 31 0 T T T 9.8 23 290 M M 5 33 280
28 54 22 38 7 27 0 0.00 0.0 0 10.4 21 290 M M 1 30 320
29 67 30 49 18 16 0 0.00 0.0 0 10.0 26 280 M M 0 34 240
================================================================================
SM 1281 481 997 0 0.24 0.9 292.2 M 106
================================================================================
AV 44.2 16.6 10.1 FASTST M M 4 MAX(MPH)
MISC ----> # 37 360 # 52 350
================================================================================
NOTES:
# LAST OF SEVERAL OCCURRENCES
COLUMN 17 PEAK WIND IN M.P.H.
PRELIMINARY LOCAL CLIMATOLOGICAL DATA (WS FORM: F-6) , PAGE 2
STATION: VALENTINE
MONTH: FEBRUARY
YEAR: 2020
LATITUDE: 42 52 N
LONGITUDE: 100 33 W
[TEMPERATURE DATA] [PRECIPITATION DATA] SYMBOLS USED IN COLUMN 16
AVERAGE MONTHLY: 30.4 TOTAL FOR MONTH: 0.24 1 = FOG OR MIST
DPTR FM NORMAL: 3.2 DPTR FM NORMAL: -0.24 2 = FOG REDUCING VISIBILITY
HIGHEST: 67 ON 29 GRTST 24HR 0.11 ON 25-25 TO 1/4 MILE OR LESS
LOWEST: -10 ON 13 3 = THUNDER
SNOW, ICE PELLETS, HAIL 4 = ICE PELLETS
TOTAL MONTH: 0.9 INCH 5 = HAIL
GRTST 24HR 0.7 ON 25-25 6 = FREEZING RAIN OR DRIZZLE
GRTST DEPTH: 1 ON 26 7 = DUSTSTORM OR SANDSTORM:
VSBY 1/2 MILE OR LESS
8 = SMOKE OR HAZE
[NO. OF DAYS WITH] [WEATHER - DAYS WITH] 9 = BLOWING SNOW
X = TORNADO
MAX 32 OR BELOW: 5 0.01 INCH OR MORE: 4
MAX 90 OR ABOVE: 0 0.10 INCH OR MORE: 2
MIN 32 OR BELOW: 29 0.50 INCH OR MORE: 0
MIN 0 OR BELOW: 2 1.00 INCH OR MORE: 0
[HDD (BASE 65) ]
TOTAL THIS MO. 997 CLEAR (SCALE 0-3) 15
DPTR FM NORMAL -61 PTCLDY (SCALE 4-7) 11
TOTAL FM JUL 1 4918 CLOUDY (SCALE 8-10) 3
DPTR FM NORMAL -352
[CDD (BASE 65) ]
TOTAL THIS MO. 0
DPTR FM NORMAL 0 [PRESSURE DATA]
TOTAL FM JAN 1 0 HIGHEST SLP 33.50 ON 13
DPTR FM NORMAL 0 LOWEST SLP 29.55 ON 6
[REMARKS]
#FINAL-02-20#