000
CXUS56 KLOX 011155
CF6WJF
PRELIMINARY LOCAL CLIMATOLOGICAL DATA (WS FORM: F-6)
STATION: LANCASTER FOX FIELD CA
MONTH: MAY
YEAR: 2022
LATITUDE: 34 43 N
LONGITUDE: 118 13 W
TEMPERATURE IN F: :PCPN: SNOW: WIND :SUNSHINE: SKY :PK WND
================================================================================
1 2 3 4 5 6A 6B 7 8 9 10 11 12 13 14 15 16 17 18
12Z AVG MX 2MIN
DY MAX MIN AVG DEP HDD CDD WTR SNW DPTH SPD SPD DIR MIN PSBL S-S WX SPD DR
================================================================================
1 79 55 67 4 0 2 0.00 M M 24.0 38 260 M M 0 44 260
2 84 40 62 -1 3 0 0.00 M M 15.1 35 270 M M 0 40 270
3 82 52 67 3 0 2 0.00 M M 13.3 33 280 M M 0 41 280
4 85 43 64 0 1 0 0.00 M M 6.7 17 60 M M 0 22 60
5 88 49 69 5 0 4 0.00 M M 14.3 29 270 M M 0 36 240
6 87 61 74 10 0 9 0.00 M M 26.2 37 270 M M 0 43 280
7 79 59 69 4 0 4 0.00 M M 26.1 38 270 M M 0 43 290
8 69 47 58 -7 7 0 0.00 M M 28.3 45 270 M M 0 8 51 260
9 66 41 54 -11 11 0 0.00 M M 20.1 36 270 M M 0 42 270
10 67 42 55 -11 10 0 0.00 M M 15.0 25 280 M M 0 32 290
11 62 41 52 -14 13 0 0.00 M M 18.9 32 300 M M 0 38 300
12 77 37 57 -9 8 0 0.00 M M 9.9 28 280 M M 0 33 280
13 86 53 70 3 0 5 0.00 M M 11.3 29 290 M M 0 34 290
14 94 47 71 4 0 6 0.00 M M 6.5 20 280 M M 0 23 290
15 92 49 71 4 0 6 0.00 M M 11.2 29 270 M M 0 37 230
16 90 65 78 10 0 13 0.00 M M 24.6 36 270 M M 0 42 280
17 88 61 75 7 0 10 0.00 M M 22.6 36 270 M M 0 8 41 270
18 97 64 81 13 0 16 0.00 M M 12.4 28 270 M M 0 32 280
19 94 70 82 14 0 17 0.00 M M 22.0 38 280 M M 0 45 280
20 79 57 68 -1 0 3 0.00 M M 23.4 47 270 M M 0 52 270
21 81 50 66 -3 0 1 0.00 M M 10.7 26 220 M M 0 33 240
22 88 52 70 1 0 5 0.00 M M 12.8 33 270 M M 0 40 270
23 93 65 79 9 0 14 0.00 M M 13.2 28 260 M M 0 34 280
24 96 57 77 7 0 12 0.00 M M 7.5 23 250 M M 0 27 240
25 98 57 78 8 0 13 0.00 M M 9.4 26 220 M M 0 8 35 220
26 93 66 80 10 0 15 0.00 M M 15.2 30 260 M M 0 37 260
27 85 61 73 2 0 8 0.00 M M 16.8 26 220 M M 0 33 240
28 82 60 71 0 0 6 0.00 M M 25.9 43 290 M M 0 49 290
29 74 55 65 -6 0 0 0.00 M M 29.6 44 300 M M 0 8 51 290
30 79 58 69 -3 0 4 0.00 M M 21.1 36 280 M M 0 44 280
31 86 57 72 0 0 7 0.00 M M 11.3 26 280 M M 0 33 280
================================================================================
SM 2600 1671 53 182 0.00 M 525.4 M 0
================================================================================
AV 83.9 53.9 16.9 FASTST M M 0 MAX(MPH)
MISC ----> 47 270 52 270
================================================================================
NOTES:
# LAST OF SEVERAL OCCURRENCES
COLUMN 17 PEAK WIND IN M.P.H.
PRELIMINARY LOCAL CLIMATOLOGICAL DATA (WS FORM: F-6) , PAGE 2
STATION: LANCASTER FOX FIELD CA
MONTH: MAY
YEAR: 2022
LATITUDE: 34 43 N
LONGITUDE: 118 13 W
[TEMPERATURE DATA] [PRECIPITATION DATA] SYMBOLS USED IN COLUMN 16
AVERAGE MONTHLY: 68.9 TOTAL FOR MONTH: 0.00 1 = FOG OR MIST
DPTR FM NORMAL: 1.4 DPTR FM NORMAL: -0.10 2 = FOG REDUCING VISIBILITY
HIGHEST: 98 ON 25 GRTST 24HR 0.00 ON 1- 1 TO 1/4 MILE OR LESS
LOWEST: 37 ON 12 3 = THUNDER
SNOW, ICE PELLETS, HAIL 4 = ICE PELLETS
TOTAL MONTH: M 5 = HAIL
GRTST 24HR M ON M 6 = FREEZING RAIN OR DRIZZLE
GRTST DEPTH: M ON M 7 = DUSTSTORM OR SANDSTORM:
VSBY 1/2 MILE OR LESS
8 = SMOKE OR HAZE
[NO. OF DAYS WITH] [WEATHER - DAYS WITH] 9 = BLOWING SNOW
X = TORNADO
MAX 32 OR BELOW: 0 0.01 INCH OR MORE: 0
MAX 90 OR ABOVE: 9 0.10 INCH OR MORE: 0
MIN 32 OR BELOW: 0 0.50 INCH OR MORE: 0
MIN 0 OR BELOW: 0 1.00 INCH OR MORE: 0
[HDD (BASE 65) ]
TOTAL THIS MO. 53 CLEAR (SCALE 0-3) 31
DPTR FM NORMAL -16 PTCLDY (SCALE 4-7) 0
TOTAL FM JUL 1 2694 CLOUDY (SCALE 8-10) 0
DPTR FM NORMAL -248
[CDD (BASE 65) ]
TOTAL THIS MO. 182
DPTR FM NORMAL 35 [PRESSURE DATA]
TOTAL FM JAN 1 202 HIGHEST SLP 30.28 ON 12
DPTR FM NORMAL 30 LOWEST SLP 29.63 ON 20
[REMARKS]
#FINAL-05-22#